000
CXUS56 KSGX 011727
CLMOKB


CLIMATE REPORT
NATIONAL WEATHER SERVICE SAN DIEGO, CA
1026 AM PDT SUN OCT 1 2017

...................................

...THE OCEANSIDE AIRPORT CA CLIMATE SUMMARY FOR THE MONTH OF SEPTEMBER 2017...

CLIMATE NORMAL PERIOD 1981 TO 2010
CLIMATE RECORD PERIOD 1999 TO 2017

WEATHER         OBSERVED          NORMAL  DEPART  LAST YEAR`S
                 VALUE   DATE(S)  VALUE   FROM    VALUE  DATE(S)
                                          NORMAL
................................................................
TEMPERATURE (F)
RECORD
 HIGH             105   09/27/2010
 LOW               45   09/28/2005
HIGHEST            92   09/03        MM      MM      104  09/26
                        09/02
LOWEST             47   09/26        MM      MM       49  09/16
AVG. MAXIMUM     79.3              76.5     2.8     78.6
AVG. MINIMUM     59.5              59.1     0.4     59.0
MEAN             69.4              67.8     1.6     68.8
DAYS MAX >= 90      3               0.3     2.7        4
DAYS MAX <= 32      0               0.0     0.0        0
DAYS MAX >= 100     0                                  1
DAYS MIN <= 32      0               0.0     0.0        0

PRECIPITATION (INCHES)
RECORD
 MAXIMUM         1.14   2015
 MINIMUM           MM   MM
TOTALS              T              0.24   -0.24     0.24
DAILY AVG.          T              0.01   -0.01     0.01
DAYS >= .01         0                MM      MM        2
DAYS >= .10         0                MM      MM        1
DAYS >= .50         0                MM      MM        0
DAYS >= 1.00        0                MM      MM        0
DAYS >= 1.50        0                                  0
DAYS >= 2.00        0                                  0
GREATEST
 24 HR. TOTAL       T   09/21 TO 09/21           09/20 TO 09/21
                        09/20 TO 09/20                    09/30 TO 09/30
                        09/17 TO 09/17                    09/30 TO 09/30
 STORM TOTAL       MM                                 MM
 (MM/DD(HH))            MM                    09/21(00) TO 09/21(00)
                                                 09/30(00) TO 09/30(00)0
                                                 09/30(00) TO 09/30(00)0

DEGREE_DAYS
HEATING TOTAL      10                10       0       12
 SINCE 7/1         10                15      -5       12
COOLING TOTAL     148                94      54      134
 SINCE 1/1        667               394     273      591

FREEZE DATES
RECORD
 EARLIEST     MM
 LATEST       MM
EARLIEST                        MM
LATEST                          MM
.................................................

WIND (MPH)
AVERAGE WIND SPEED              4.9
RESULTANT WIND SPEED/DIRECTION   3/253
HIGHEST WIND SPEED/DIRECTION    18/260    DATE  09/06
HIGHEST GUST SPEED/DIRECTION    29/210    DATE  09/21

SKY COVER
POSSIBLE SUNSHINE (PERCENT)   MM
AVERAGE SKY COVER           0.40
NUMBER OF DAYS FAIR           14
NUMBER OF DAYS PC             14
NUMBER OF DAYS CLOUDY          2

AVERAGE RH (PERCENT)     75

WEATHER CONDITIONS. NUMBER OF DAYS WITH
THUNDERSTORM              0     MIXED PRECIP               0
HEAVY RAIN                0     RAIN                       0
LIGHT RAIN                5     FREEZING RAIN              0
LT FREEZING RAIN          0     HAIL                       0
HEAVY SNOW                0     SNOW                       0
LIGHT SNOW                0     SLEET                      0
FOG                      17     FOG W/VIS <= 1/4 MILE      0
HAZE                     12

-  INDICATES NEGATIVE NUMBERS.
R  INDICATES RECORD WAS SET OR TIED.
MM INDICATES DATA IS MISSING.
T  INDICATES TRACE AMOUNT.

$$
