000
CXUS56 KSGX 011442
CLMOKB


CLIMATE REPORT
NATIONAL WEATHER SERVICE SAN DIEGO, CA
642 AM PST SUN FEB 1 2015

...................................

...THE OCEANSIDE AIRPORT CA CLIMATE SUMMARY FOR THE MONTH OF JANUARY 2015...

CLIMATE NORMAL PERIOD 1981 TO 2010
CLIMATE RECORD PERIOD 1999 TO 2015

WEATHER         OBSERVED          NORMAL  DEPART  LAST YEAR`S
                 VALUE   DATE(S)  VALUE   FROM    VALUE  DATE(S)
                                          NORMAL
................................................................
TEMPERATURE (F)
RECORD
 HIGH              89   01/15/2014
                        01/12/2009
                        09/27/2010
 LOW               25   01/15/2007
HIGHEST            83   01/24        MM      MM       89  01/15
                        01/06
LOWEST             29   01/01        MM      MM       32  01/01
AVG. MAXIMUM     69.6              65.8     3.8     71.9
AVG. MINIMUM     42.0              40.3     1.7     39.8
MEAN             55.8              53.0     2.8     55.9
DAYS MAX >= 90      0               0.0     0.0        0
DAYS MAX <= 32      0               0.0     0.0        0
DAYS MAX >= 100     0                                  0
DAYS MIN <= 32      3               2.4     0.6        1

PRECIPITATION (INCHES)
RECORD
 MAXIMUM         5.70   2005
 MINIMUM           MM   MM
TOTALS           0.49              2.65   -2.16     0.04
DAILY AVG.       0.02              0.09   -0.07     0.00
DAYS >= .01         3                MM      MM        2
DAYS >= .10         1                MM      MM        0
DAYS >= .50         0                MM      MM        0
DAYS >= 1.00        0                MM      MM        0
DAYS >= 1.50        0                                  0
DAYS >= 2.00        0                                  0
GREATEST
 24 HR. TOTAL    0.41   01/10 TO 01/11           01/30 TO 01/31
                                                          01/30 TO 01/30
                                                          01/30 TO 01/30
 STORM TOTAL       MM                                 MM
 (MM/DD(HH))            MM                    01/31(00) TO 01/31(00)
                                                 01/30(00) TO 01/30(00)0
                                                 01/30(00) TO 01/30(00)0

SNOWFALL (INCHES)
TOTALS            0.0                MM      MM      0.0
SINCE 7/1         0.0                MM      MM      0.0
SNOWDEPTH AVG.      0

DEGREE_DAYS
HEATING TOTAL     277               371     -94      275
 SINCE 7/1        686              1105    -419      925
COOLING TOTAL       0                 0       0        0
 SINCE 1/1          0                 0       0        0

FREEZE DATES
RECORD
 EARLIEST     MM
 LATEST       MM
EARLIEST                        MM
LATEST                          MM
.................................................

WIND (MPH)
AVERAGE WIND SPEED              2.9
RESULTANT WIND SPEED/DIRECTION   1/343
HIGHEST WIND SPEED/DIRECTION    18/300    DATE  01/15
HIGHEST GUST SPEED/DIRECTION    24/290    DATE  01/15

SKY COVER
POSSIBLE SUNSHINE (PERCENT)   MM
AVERAGE SKY COVER           0.20
NUMBER OF DAYS FAIR           22
NUMBER OF DAYS PC              6
NUMBER OF DAYS CLOUDY          3

AVERAGE RH (PERCENT)     66

WEATHER CONDITIONS. NUMBER OF DAYS WITH
THUNDERSTORM              0     MIXED PRECIP               0
HEAVY RAIN                0     RAIN                       2
LIGHT RAIN                3     FREEZING RAIN              0
LT FREEZING RAIN          0     HAIL                       0
HEAVY SNOW                0     SNOW                       0
LIGHT SNOW                0     SLEET                      0
FOG                      17     FOG W/VIS <= 1/4 MILE      6
HAZE                      7

-  INDICATES NEGATIVE NUMBERS.
R  INDICATES RECORD WAS SET OR TIED.
MM INDICATES DATA IS MISSING.
T  INDICATES TRACE AMOUNT.

$$
