000
CXUS56 KOTX 011236
CLMOMK


CLIMATE REPORT
NATIONAL WEATHER SERVICE SPOKANE, WA
435 AM PST THU DEC 1 2016

...................................

...THE OMAK WA AIRPORT CLIMATE SUMMARY FOR THE MONTH OF NOVEMBER 2016...

CLIMATE NORMAL PERIOD 1981 TO 2010
CLIMATE RECORD PERIOD 9999 TO 9999

WEATHER         OBSERVED          NORMAL  DEPART  LAST YEAR`S
                 VALUE   DATE(S)  VALUE   FROM    VALUE  DATE(S)
                                          NORMAL
................................................................
TEMPERATURE (F)
RECORD
 HIGH              70   11/24/1933
 LOW               -6   11/24/2010
HIGHEST            61   11/08        MM      MM       62  11/13
LOWEST             24   11/29        MM      MM       19  11/28
                        11/17                             11/21
AVG. MAXIMUM     50.1              43.9     6.2     43.4
AVG. MINIMUM     36.3              27.9     8.4     28.8
MEAN             43.2              35.9     7.3     36.1
DAYS MAX >= 90      0               0.0     0.0        0
DAYS MAX <= 32      0               2.7    -2.7        5
DAYS MIN <= 32      7              20.6   -13.6       22
DAYS MIN <= 0       0               0.1    -0.1        0

PRECIPITATION (INCHES)
RECORD
 MAXIMUM         3.76   1944
 MINIMUM            T   1976
TOTALS           2.01              1.61    0.40     0.91
DAILY AVG.       0.07              0.05    0.02     0.03
DAYS >= .01        15                MM      MM        8
DAYS >= .10         8                MM      MM        3
DAYS >= .50         0                MM      MM        0
DAYS >= 1.00        0                MM      MM        0
GREATEST
 24 HR. TOTAL    0.38   11/05 TO 11/06           11/14 TO 11/15
                                                          11/15 TO 11/15
                                                          11/15 TO 11/15

SNOWFALL (INCHES)
RECORDS
 TOTAL           19.5   1955
TOTALS             MM                MM      MM       MM
SINCE 7/1         0.0                MM      MM       MM
SNOWDEPTH AVG.     MM                MM      MM       MM
DAYS >= 1.0        MM                MM      MM       MM
GREATEST
 SNOW DEPTH        MM                                 MM  MM
 24 HR TOTAL       MM                                 MM

DEGREE_DAYS
HEATING TOTAL     646               873    -227      858
 SINCE 7/1       1238              1533    -295     1301
COOLING TOTAL       0                 0       0        0
 SINCE 1/1        637               665     -28     1001
......................................................

WIND (MPH)
AVERAGE WIND SPEED              4.4
HIGHEST WIND SPEED/DIRECTION    26/160    DATE  11/24
HIGHEST GUST SPEED/DIRECTION    34/160    DATE  11/24

SKY COVER
POSSIBLE SUNSHINE (PERCENT)   MM
AVERAGE SKY COVER           0.50
NUMBER OF DAYS FAIR            9
NUMBER OF DAYS PC             12
NUMBER OF DAYS CLOUDY          9

AVERAGE RH (PERCENT)     78

WEATHER CONDITIONS. NUMBER OF DAYS WITH
THUNDERSTORM              0     MIXED PRECIP               0
HEAVY RAIN                0     RAIN                       6
LIGHT RAIN               20     FREEZING RAIN              0
LT FREEZING RAIN          0     HAIL                       0
HEAVY SNOW                0     SNOW                       0
LIGHT SNOW                0     SLEET                      0
FOG                      18     FOG W/VIS <= 1/4 MILE      2
HAZE                      1

-  INDICATES NEGATIVE NUMBERS.
R  INDICATES RECORD WAS SET OR TIED.
MM INDICATES DATA IS MISSING.
T  INDICATES TRACE AMOUNT.

$$
