000
CXAK59 PAOT 031649
CLMOTZ

CLIMATE REPORT
NATIONAL WEATHER SERVICE KOTZEBUE, AK
749 AM AKST WED DEC 3 2014

...................................

...THE KOTZEBUE WSO AP CLIMATE SUMMARY FOR THE MONTH OF NOVEMBER 2014...

CLIMATE NORMAL PERIOD 1981 TO 2010
CLIMATE RECORD PERIOD 1897 TO 2014

WEATHER         OBSERVED          NORMAL  DEPART  LAST YEAR`S
                 VALUE   DATE(S)  VALUE   FROM    VALUE  DATE(S)
                                          NORMAL
................................................................
TEMPERATURE (F)
RECORD
 HIGH              40   11/05/2003
 LOW              -37   11/24/1935
HIGHEST            39   11/13        29      10      38  11/09
LOWEST             -4               -15      11     -15  11/19
AVG. MAXIMUM       23.2              14.2     9.0    17.7
AVG. MINIMUM       15.3               3.9    11.4     6.0
MEAN               19.3               9.1    10.2    11.9
DAYS MAX >= 90      0                 0.0     0.0     0
DAYS MAX <= 32     23                27.2    -4.2    28
DAYS MAX >= 80      0                 0.0     0.0     0
DAYS MAX >= 70      0                 0.0     0.0     0
DAYS MIN <= 32     27                28.8    -1.8    30
DAYS MIN <= 0       3                12.2    -9.2    13

PRECIPITATION (INCHES)
RECORD
 MAXIMUM            2.77   2003
 MINIMUM            0.00   1995
TOTALS              0.28              0.77   -0.49    1.22
DAILY AVG.          0.01              0.02   -0.01    0.04
DAYS >= .01         8                 8.6    -0.6    18
DAYS >= .10         1                 2.4    -1.4     5
DAYS >= .50         0                 0.1    -0.1     0
DAYS >= 1.0         0                 0.0    -0.0     0
GREATEST
 24 HR TOTAL        0.13   11/19                      0.28  11/13

SNOWFALL (INCHES)
RECORDS
 TOTAL             44.0   2003
 24 HR TOTAL        9.6   11-20-2003
 SNOW DEPTH       309     11-28-1931
TOTALS              1.1              10.5    -9.4    10.8
SINCE 7/1           4.7              14.6    -9.9    11.7
SNOWDEPTH AVG.      2                 5      -3       2
DAYS >= TRACE      10                15.1    -5.1    19
DAYS >= 1.0         0                 3.0    -3.0     5
DAYS >= 6.0         0                 0.2    -0.2     0
GREATEST
 SNOW DEPTH         4   11/11                         6  11/18
 24 HR TOTAL      0.5   11/30                       2.4  11/13

DEGREE_DAYS
HEATING TOTAL    1364              1677    -313    1584
 SINCE 7/1       3675              4359    -684    3878
COOLING TOTAL       0                 0       0       0
 SINCE 1/1         19                 0      19      13
................................................................

WIND (MPH)
AVERAGE WIND SPEED               14.2
HIGHEST WIND SPEED/DIRECTION     40/110    DATE    11/9
HIGHEST GUST SPEED/DIRECTION     49/110    DATE    11/9

SKY COVER
POSSIBLE SUNSHINE (PERCENT)   MM
AVERAGE SKY COVER             MM
NUMBER OF DAYS FAIR           MM
NUMBER OF DAYS PC             MM
NUMBER OF DAYS CLOUDY         MM

AVERAGE RH (PERCENT)     MM

WEATHER CONDITIONS. NUMBER OF DAYS WITH
THUNDERSTORM              0     ICE PELLETS                 0
RAIN                      6     GLAZE                       0
DRIZZLE                   0     HAIL                        0
SNOW                     11     HAZE                        0
FOG                       9     FOG W/VIS <= 1/4 MILE       0
BLOWING SNOW              2


-  INDICATES NEGATIVE NUMBERS.
R  INDICATES RECORD WAS SET OR TIED.
MM INDICATES DATA IS MISSING.
T  INDICATES TRACE AMOUNT.

&&
NOVEMBER 2014 WAS A WARMER MONTH THAN NORMAL FOR KOTZEBUE. DURING THE MONTH, THERE WERE MULTIPLE FRONTAL BOUNDARIES MOVING THROUGH THE AREA WITH AREAS OF LOW PRESSURE TROUGH AFFECTING OUR AREA WITH HAVE THE MONTH SEEING SOME PRECIPITATION. ALSO, STRONG RIDGES OF HIGH PRESSURE SET UP OVER THE NORTHERN INTERIOR ALASKA.

WHEN IT COMES TO THE TEMPERATURES, THE AVERAGE DAILY MAXIMUM TEMPERATURE
WAS ABOVE NORMAL ABOUT THREE WEEKS OUT OF THE MONTH. THE REST OF THE MONTH WAS AT OR BELOW NORMAL.FOR NOVEMBER BE MAINLY BE A WARMER MONTH, MAXIMUM TEMPERATURES WERE TIED FOUR TIMES AND MINUMUM TEMPERATURES FIVES TIMES IN THE MONTH.

THE DAILY HIGH MAXIMUM TEMPERATURE WAS TIED ON THE 11TH WITH 37, ON THE 12TH WITH 38, ON THE 13TH WITH 39, ON THE 18TH WITH 32 AND ON THE 19TH WITH 36 DEGREES. THE MINIMUM TEMPERATURE WAS TIED ON THE 10TH WITH 32, ON THE 11TH WITH 33, ON THE 12TH WITH 35 AND ON THE 13TH WITH 35 DEGREES.

NOVEMBER WAS A DRIER MONTH THAN NORMAL WITH A LOW PRECIPITATION TOTAL.
THE SNOWFALL WAS TOTALED AT 1.1 INCHES FOR THE MONTH.

$$
*** DEC 14
