000
CXUS53 KDDC 011618
CLMP28


CLIMATE REPORT
NATIONAL WEATHER SERVICE DODGE CITY KS
1117 AM CDT FRI APR 1 2016

...................................

...THE MEDICINE LODGE KS CLIMATE SUMMARY FOR THE MONTH OF MARCH 2016...

CLIMATE NORMAL PERIOD 1981 TO 2010
CLIMATE RECORD PERIOD 1893 TO 2016

WEATHER         OBSERVED          NORMAL  DEPART  LAST YEAR`S
                 VALUE   DATE(S)  VALUE   FROM    VALUE  DATE(S)
                                          NORMAL
................................................................
TEMPERATURE (F)
RECORD
 HIGH              98   03/19/1907
 LOW               -7   03/03/2014
                        03/03/1960
                        01/01/2000
HIGHEST            83   03/22        MM      MM       88  03/16
LOWEST             20   03/20        MM      MM       10  03/05
                        03/19
AVG. MAXIMUM     67.3              59.3     8.0     65.2
AVG. MINIMUM     36.3              34.2     2.1     34.6
MEAN             51.8              46.7     5.1     49.9
DAYS MAX >= 90      0               0.0     0.0        0
DAYS MAX <= 32      0               0.6    -0.6        1
DAYS MIN <= 32     10              12.6    -2.6        8
DAYS MIN <= 0       0               0.0     0.0        0

PRECIPITATION (INCHES)
RECORD
 MAXIMUM           MM   MM
 MINIMUM           MM   MM
TOTALS           0.67              2.26   -1.59     0.38
DAYS >= .01         5               7.3    -2.3        3
DAYS >= .10         2               4.3    -2.3        1
DAYS >= .50         0               2.0    -2.0        0
DAYS >= 1.00        0               0.8    -0.8        0
GREATEST
 24 HR. TOTAL    0.45   03/26 TO 03/27           03/19 TO 03/19
                                                          03/04 TO 03/04
                                                          03/04 TO 03/04

DEGREE_DAYS
HEATING TOTAL     411               568    -157      460
 SINCE 7/1       3300              4097    -797     4034
COOLING TOTAL      10                 2       8        0
 SINCE 1/1         10                 2       8        0
.....................................................

WIND (MPH)
AVERAGE WIND SPEED              11.0
HIGHEST WIND SPEED/DIRECTION    37/330    DATE  03/24
HIGHEST GUST SPEED/DIRECTION    51/190    DATE  03/23



-  INDICATES NEGATIVE NUMBERS.
R  INDICATES RECORD WAS SET OR TIED.
MM INDICATES DATA IS MISSING.
T  INDICATES TRACE AMOUNT.

$$
