000
CXUS54 KLZK 020252
CLMPBF


CLIMATE REPORT
NATIONAL WEATHER SERVICE LITTLE ROCK AR
848 PM CST MON JAN 1 2018

...................................

...THE PINE BLUFF CLIMATE SUMMARY FOR THE MONTH OF DECEMBER 2017...

CLIMATE NORMAL PERIOD 1981 TO 2010
CLIMATE RECORD PERIOD 1883 TO 2017

WEATHER         OBSERVED          NORMAL  DEPART  LAST YEAR`S
                 VALUE   DATE(S)  VALUE   FROM    VALUE  DATE(S)
                                          NORMAL
................................................................
TEMPERATURE (F)
RECORD
 HIGH              84   12/07/1939
 LOW               -2   12/24/1963
HIGHEST            74   12/03        54      20       77  12/26
LOWEST             20   12/31        34     -14       18  12/19
                        12/28
AVG. MAXIMUM     53.3              53.3     0.0     53.8
AVG. MINIMUM     33.6              34.9    -1.3     36.5
MEAN             43.5              44.1    -0.6     45.2
DAYS MAX >= 90      0               0.0     0.0        0
DAYS MAX <= 32      2               1.1     0.9        1
DAYS MIN <= 32     17              12.4     4.6       11
DAYS MIN <= 0       0               0.0     0.0        0

PRECIPITATION (INCHES)
RECORD
 MAXIMUM        15.02   1982
 MINIMUM         0.57   1896
TOTALS           8.28              5.44    2.84     4.58
DAILY AVG.       0.27              0.18    0.09     0.15
DAYS >= .01         8               8.9    -0.9       13
DAYS >= .10         6                                  7
DAYS >= .50         4                                  3
DAYS >= 1.00        3               1.6     1.4        2
GREATEST
 24 HR. TOTAL    3.12   12/19 TO 12/20

SNOWFALL (INCHES)
RECORDS
 TOTAL           12.2   1963
 24 HR TOTAL     12.0   12/22/1963 TO 12/22/1963
 SNOW DEPTH        12   12/23/1963
TOTALS              T               0.2    -0.2      0.0
 LIQUID EQUIV       T              0.00    0.00     0.00
SINCE 7/1           T               0.2    -0.2      0.0
 LIQUID 7/1        MM              0.00      MM     0.00
SNOWDEPTH AVG.      0
DAYS >= TRACE       1               0.1     0.9        0
DAYS >= 1.0         0                                  0
GREATEST
 SNOW DEPTH         0   MM
 24 HR TOTAL        T   12/27 TO 12/27

DEGREE_DAYS
HEATING TOTAL     659               649      10      611
 SINCE 7/1       1122              1153     -31      908
COOLING TOTAL       0                 1      -1        5
 SINCE 1/1       2094              2132     -38     2333

FREEZE DATES
RECORD
 EARLIEST     10/10/2000
 LATEST       04/25/1910
EARLIEST                        11/12
LATEST                          03/16
.................................................

WIND (MPH)
AVERAGE WIND SPEED              7.3
HIGHEST WIND SPEED/DIRECTION    25/340    DATE  12/12
HIGHEST GUST SPEED/DIRECTION    33/020    DATE  12/31

SKY COVER
POSSIBLE SUNSHINE (PERCENT)   MM
AVERAGE SKY COVER           0.40
NUMBER OF DAYS FAIR           15
NUMBER OF DAYS PC              8
NUMBER OF DAYS CLOUDY          8

AVERAGE RH (PERCENT)     69

WEATHER CONDITIONS. NUMBER OF DAYS WITH
THUNDERSTORM              0     MIXED PRECIP               0
HEAVY RAIN                6     RAIN                       8
LIGHT RAIN               10     FREEZING RAIN              0
LT FREEZING RAIN          0     HAIL                       0
HEAVY SNOW                0     SNOW                       0
LIGHT SNOW                0     SLEET                      1
FOG                      11     FOG W/VIS <= 1/4 MILE      2
HAZE                      1

-  INDICATES NEGATIVE NUMBERS.
R  INDICATES RECORD WAS SET OR TIED.
MM INDICATES DATA IS MISSING.
T  INDICATES TRACE AMOUNT.

&&

...Data for Pine Bluff for December 2017...

.Summary...
Up until a few days ago, temperatures for December 2017 were running
above average thanks to anomalously warm weather during the first
five days of the month and around mid-month. However, that all
changed in the last eight days of the month, when readings were as
much as 10 to near 20 degrees below average. As a result, the month
as a whole finished a little over half a degree below the 30-year
average.

What deficit existed during the fall months quickly diminished
around mid-month. In fact, nearly 90 percent of this month`s rain
fell during the eight-day period from the 16th through the 23rd.
This made it the wettest December in six years.

For the first time in four years, snow fell during the month of
December, but it was just a trace.

.Monthly Temperatures...
The average high temperature was the coolest since 2014. The average
low temperature was the coolest since 2010. The average monthly
temperature was the coolest since 2013.

.Daily Temperatures...
Daily temperatures were above average on 13 days, average on two
days, and below average on 16 days.

.Daily Record Temperatures Tied or Broken During the Month...
Date   Record Type                     New Record    Previous Record
28th   Coolest High Temperature        31 in 2017      31 in 1924

.Monthly Rainfall...
Rainfall was well above average for the month. It was the wettest
December since 2011, and the 21st wettest over all.

.Daily Rainfall Records Tied or Broken During the Month...
Date     New Record       Previous Record
19th    2.17 in 2017        2.10 in 1900

.Monthly Snowfall...
Snow fell for the first December since 2013.

$$

57
