000
CXUS52 KMFL 011515
CLMPBI


CLIMATE REPORT
NATIONAL WEATHER SERVICE MIAMI, FL
1012 AM EST WED FEB 1 2017

...................................

...THE WEST PALM BEACH CLIMATE SUMMARY FOR THE MONTH OF JANUARY 2017...

CLIMATE NORMAL PERIOD 1981 TO 2010
CLIMATE RECORD PERIOD 1888 TO 2017

WEATHER         OBSERVED          NORMAL  DEPART  LAST YEAR`S
                 VALUE   DATE(S)  VALUE   FROM    VALUE
                                          NORMAL
.............................................................
TEMPERATURE (F)
RECORD
 HIGH              89   01/04/1942
 LOW               26   01/26/1905
HIGHEST            86   01/22                         84
                        01/03
LOWEST             43   01/31                         40
AVG. MAXIMUM     77.4              74.6     2.8     73.5
AVG. MINIMUM     60.4              56.8     3.6     57.5
MEAN             68.9              65.7     3.2     65.5
DAYS MAX >= 90      0                                  0
DAYS MAX <= 32      0                                  0
DAYS MIN <= 32      0                                  0
DAYS MIN <= 0       0                                  0

PRECIPITATION (INCHES)
RECORD
 MAXIMUM        11.18   1998
 MINIMUM         0.11   2009
TOTALS           1.00              3.13   -2.13     9.90
DAILY AVG.       0.03              0.10   -0.07     0.32
DAYS >= .01         6                                 12
DAYS >= .10         3                                 10
DAYS >= .50         0                                  4
DAYS >= 1.00        0                                  2
GREATEST
 24 HR. TOTAL    0.45   01/29 TO 01/29              4.81

DEGREE_DAYS
HEATING TOTAL      43                86     -43       66
 SINCE 7/1         50               157    -107       66
COOLING TOTAL     171               108      63       91
 SINCE 1/1        171               106      65       91
..............................................................

WIND (MPH)
AVERAGE WIND SPEED              10.3
HIGHEST WIND SPEED/DIRECTION    37/270    DATE  01/07
HIGHEST GUST SPEED/DIRECTION    48/210    DATE  01/23

SKY COVER
POSSIBLE SUNSHINE (PERCENT)   MM
AVERAGE SKY COVER           0.50
NUMBER OF DAYS FAIR            2
NUMBER OF DAYS PC             16
NUMBER OF DAYS CLOUDY          0

AVERAGE RH (PERCENT)     68

WEATHER CONDITIONS. NUMBER OF DAYS WITH
THUNDERSTORM              2     MIXED PRECIP               0
HEAVY RAIN                2     RAIN                       0
LIGHT RAIN                8     FREEZING RAIN              0
LT FREEZING RAIN          0     HAIL                       0
HEAVY SNOW                0     SNOW                       0
LIGHT SNOW                0     SLEET                      0
FOG                       7     FOG W/VIS <= 1/4 MILE      0
HAZE                      1

-  INDICATES NEGATIVE NUMBERS.
R  INDICATES RECORD WAS SET OR TIED.
MM INDICATES DATA IS MISSING.
T  INDICATES TRACE AMOUNT.

$$
