000
CXUS52 KMFL 011354
CLMPBI

CLIMATE REPORT
NATIONAL WEATHER SERVICE MIAMI, FL
951 AM EDT FRI SEP 1 2017

...................................

...THE WEST PALM BEACH CLIMATE SUMMARY FOR THE MONTH OF AUGUST 2017...

CLIMATE NORMAL PERIOD 1981 TO 2010
CLIMATE RECORD PERIOD 1888 TO 2017

WEATHER         OBSERVED          NORMAL  DEPART  LAST YEAR`S
                 VALUE   DATE(S)  VALUE   FROM    VALUE
                                          NORMAL
.............................................................
TEMPERATURE (F)
RECORD
 HIGH              99   08/13/2006
                        08/25/1924
 LOW               65   08/24/1957
                        08/03/1920
HIGHEST            95   08/17                         95
LOWEST             73   08/02                         74
AVG. MAXIMUM     91.0              90.1     0.9     91.4
AVG. MINIMUM     78.4              75.9     2.5     78.6
MEAN             84.7              83.0     1.7     85.0
DAYS MAX >= 90     26                                 28
DAYS MAX <= 32      0                                  0
DAYS MIN <= 32      0                                  0
DAYS MIN <= 0       0                                  0

PRECIPITATION (INCHES)
RECORD
 MAXIMUM        22.66   2012
 MINIMUM         0.91   1938
TOTALS           5.72              7.95   -2.23     6.70
DAILY AVG.       0.18              0.26   -0.08     0.22
DAYS >= .01        16                                 19
DAYS >= .10         9                                 12
DAYS >= .50         4                                  3
DAYS >= 1.00        2                                  2
GREATEST
 24 HR. TOTAL    1.34   08/10 TO 08/10              2.03

DEGREE_DAYS
HEATING TOTAL       0                 0       0        0
 SINCE 7/1          0                 0       0        0
COOLING TOTAL     618               558      60      626
 SINCE 1/1       3061              2706     355     3121
..............................................................

WIND (MPH)
AVERAGE WIND SPEED              8.3
HIGHEST WIND SPEED/DIRECTION    30/260    DATE  08/27
HIGHEST GUST SPEED/DIRECTION    42/270    DATE  08/27

SKY COVER
POSSIBLE SUNSHINE (PERCENT)   MM
AVERAGE SKY COVER           0.50
NUMBER OF DAYS FAIR            1
NUMBER OF DAYS PC             28
NUMBER OF DAYS CLOUDY          2

AVERAGE RH (PERCENT)     74

WEATHER CONDITIONS. NUMBER OF DAYS WITH
THUNDERSTORM             14     MIXED PRECIP               0
HEAVY RAIN                9     RAIN                       7
LIGHT RAIN               14     FREEZING RAIN              0
LT FREEZING RAIN          0     HAIL                       0
HEAVY SNOW                0     SNOW                       0
LIGHT SNOW                0     SLEET                      0
FOG                       9     FOG W/VIS <= 1/4 MILE      0
HAZE                      2

-  INDICATES NEGATIVE NUMBERS.
R  INDICATES RECORD WAS SET OR TIED.
MM INDICATES DATA IS MISSING.
T  INDICATES TRACE AMOUNT.

$$
