000
CXUS56 KPDT 011717
CLMPDT

CLIMATE REPORT
NATIONAL WEATHER SERVICE PENDLETON OREGON
1012 AM PDT WED NOV 01 2017

....................................

...THE PENDLETON OR CLIMATE SUMMARY FOR THE MONTH OF OCTOBER 2017...

CLIMATE NORMAL PERIOD 1981 TO 2010
CLIMATE RECORD PERIOD 1934 TO 2017

WEATHER         OBSERVED          NORMAL  DEPART  LAST YEAR`S
                 VALUE   DATE(S)  VALUE   FROM    VALUE  DATE(S)
                                          NORMAL

................................................................

TEMPERATURE (F)
RECORD
 HIGH              92  10/ 5/1980
 LOW               11  10/30/1935
HIGHEST            76  10/ 6       80        -4            74  10/24
LOWEST             27  10/31       26         1            29  10/12
AVG. MAXIMUM     63.2            63.7      -0.5          61.8
AVG. MINUMUM     38.2            40.1      -1.9          43.6
MEAN             50.7            51.9      -1.2          52.7
DAYS MAX >= 90      0               0         0             0
DAYS MAX <= 32      0               0         0             0
DAYS MIN <= 32      4               4         0             2
DAYS MIN <= 0       0               0         0             2


PRECIPITATION (INCHES)
RECORD
 MAXIMUM          2.79   1947
 MINIMUM             T   1987
TOTALS            1.41            1.01      0.40          2.32
DAILY AVG.        0.05            0.03      0.02          0.07
DAYS >=  0.01        9               7         2            19
DAYS >=  0.10        3               3         0             8
DAYS >=  0.50        1               0         1             0
DAYS >=  1.00        0               0         0             0
GREATEST
 24 HR. TOTAL     0.65  10/21



SNOWFALL (INCHES)
RECORD
 MAXIMUM           3.2   1973
 MINIMUM           0.0   2014
TOTALS             0.0             0.1      -0.1           0.0
SINCE 7/1          0.0             0.1      -0.1           0.0
DAYS >=  TRACE                       0         0
DAYS >=  1.0         0               0         0             0
GREATEST
 24 HR. TOTAL      0.0  10/31


DEGREE DAYS
HEATING TOTAL      435             407        28           371
 SINCE 7/1         552             534        18           490
COOLING TOTAL        0               0         0             0
 SINCE 1/1         894             633       261           605

.............................................................

WIND (MPH)
AVERAGE WIND SPEED                     8.6
RESULTANT WIND SPEED/DIRECTION         6/180
HIGHEST WIND SPEED/DIRECTION          38/260      DATE          10/22
HIGHEST GUST SPEED/DIRECTION          49/260      DATE          10/22


WEATHER CONDITIONS. NUMBER OF DAYS WITH
THUNDERSTORM               2    MIXED PRECIP                        0
HEAVY RAIN                 1    RAIN                                3
LIGHT RAIN                12    FREEZING RAIN                       0
LT FREEZING RAIN           0    HAIL                                0
HEAVY SNOW                 0    SNOW                                0
LIGHT SNOW                 0    SLEET                               0
FOG                       10    FOG W/VIS <=1/4 MILE                1
HAZE                      10

-  INDICATES NEGATIVE NUMBERS.
R  INDICATES RECORD WAS SET OR TIED.
MM INDICATES DATA IS MISSING.
T  INDICATES TRACE AMOUNT.

$$
