000
CXUS56 KPDT 011351
CLMPDT

CLIMATE REPORT
NATIONAL WEATHER SERVICE PENDLETON OREGON
644 AM PDT WED JUL 01 2015

....................................

...THE PENDLETON OR CLIMATE SUMMARY FOR THE MONTH OF JUNE 2015...

CLIMATE NORMAL PERIOD 1981 TO 2010
CLIMATE RECORD PERIOD 1934 TO 2015

WEATHER         OBSERVED          NORMAL  DEPART  LAST YEAR`S
                 VALUE   DATE(S)  VALUE   FROM    VALUE  DATE(S)
                                          NORMAL

................................................................

TEMPERATURE (F)
RECORD
 HIGH             109   6/28/2015
 LOW               35   6/ 4/1991
HIGHEST           109   6/28       94        15            91   6/23
LOWEST             44   6/14       41         3            45   6/ 6
AVG. MAXIMUM     89.3            78.2      11.1          79.0
AVG. MINUMUM     56.3            51.5       4.8          51.6
MEAN             72.8            64.8       8.0          65.3
DAYS MAX >= 90     14               4        10             1
DAYS MAX <= 32      0               0         0             0
DAYS MIN <= 32      0               0         0             0
DAYS MIN <= 0       0               0         0             0


PRECIPITATION (INCHES)
RECORD
 MAXIMUM          2.70   1947
 MINIMUM             T   2003
TOTALS            0.06            0.98     -0.92          1.02
DAILY AVG.        0.00            0.03     -0.03          0.03
DAYS >=  0.01        3               6        -3             6
DAYS >=  0.10        0               3        -3             4
DAYS >=  0.50        0               0         0             0
DAYS >=  1.00        0               0         0             0
GREATEST
 24 HR. TOTAL     0.04   6/ 1



SNOWFALL (INCHES)
RECORD
 MAXIMUM           0.0   2012
 MINIMUM           0.0   2014
TOTALS             0.0             0.0       0.0           0.0
SINCE 7/1          7.2            15.2      -8.0          21.7
DAYS >=  TRACE                       0         0
DAYS >=  1.0         0               0         0             0
GREATEST
 24 HR. TOTAL      0.0   6/30


DEGREE DAYS
HEATING TOTAL       10              83       -73            43
 SINCE 7/1        4606            5271      -665          5486
COOLING TOTAL      253              79       174            60
 SINCE 1/1         280             101       179            82

.............................................................

WIND (MPH)
AVERAGE WIND SPEED                    10.5
RESULTANT WIND SPEED/DIRECTION         4/177
HIGHEST WIND SPEED/DIRECTION          38/190      DATE          06/28
HIGHEST GUST SPEED/DIRECTION          48/190      DATE          06/28


WEATHER CONDITIONS. NUMBER OF DAYS WITH
THUNDERSTORM               3    MIXED PRECIP                           0
HEAVY RAIN                 0    RAIN                                   0
LIGHT RAIN                 5    FREEZING RAIN                          0
LT FREEZING RAIN           0    HAIL                                   0
HEAVY SNOW                 0    SNOW                                   0
LIGHT SNOW                 0    SLEET                                  0
FOG                        0    FOG W/VIS <=1/4 MILE                   0
HAZE                       5

-  INDICATES NEGATIVE NUMBERS.
R  INDICATES RECORD WAS SET OR TIED.
MM INDICATES DATA IS MISSING.
T  INDICATES TRACE AMOUNT.

$$
