000
CXUS51 KPHI 010846
CLMPHL


CLIMATE REPORT
NATIONAL WEATHER SERVICE MOUNT HOLLY NJ
443 AM EDT TUE AUG 1 2017

...................................

...THE PHILADELPHIA CLIMATE SUMMARY FOR THE MONTH OF JULY 2017...

CLIMATE NORMAL PERIOD 1981 TO 2010
CLIMATE RECORD PERIOD 1872 TO 2017

WEATHER         OBSERVED          NORMAL  DEPART  LAST YEAR`S
                 VALUE   DATE(S)  VALUE   FROM    VALUE  DATE(S)
                                          NORMAL
................................................................
TEMPERATURE (F)
RECORD
 HIGH             104   07/03/1966
                        07/10/1936
 LOW               51   07/21/1966
HIGHEST            96                96       0       97
LOWEST             62                58       4       65
AVG. MAXIMUM     87.4              87.1     0.3     89.9
AVG. MINIMUM     71.2              69.2     2.0     72.5
MEAN             79.3              78.1     1.2     81.2
DAYS MAX >= 90     11              10.3     0.7       16
DAYS MAX <= 32      0               0.0     0.0        0
DAYS MIN <= 32      0               0.0     0.0        0
DAYS MIN <= 0       0               0.0     0.0        0

PRECIPITATION (INCHES)
RECORD
 MAXIMUM        13.24   2013
 MINIMUM         0.64   1957
TOTALS           5.35              4.35    1.00     3.88
DAILY AVG.       0.17              0.14    0.03     0.13
DAYS >= .01        13               9.9     3.1       11
DAYS >= .10         8               6.3     1.7        8
DAYS >= .50         3               2.6     0.4        2
DAYS >= 1.00        1               1.4    -0.4        1
GREATEST
 24 HR. TOTAL    2.46   07/24 TO 07/24              1.68

SNOWFALL (INCHES)
RECORDS
 TOTAL             MM   5
 24 HR TOTAL       MM
TOTALS            0.0               0.0     0.0      0.0
SINCE 7/1         0.0               0.0     0.0      0.0
SNOWDEPTH AVG.      0                MM      MM        0
DAYS >= 1.0         0               0.0     0.0        0
GREATEST
 SNOW DEPTH         0   MM                             0  MM
 24 HR TOTAL      0.0   07/31 TO 07/31               0.0

DEGREE_DAYS
HEATING TOTAL       0                 0       0        0
 SINCE 7/1          0                 0       0        0
COOLING TOTAL     450               408      42      511
 SINCE 1/1        865               757     108      907
.................................................................

WIND (MPH)
AVERAGE WIND SPEED              7.7
HIGHEST WIND SPEED/DIRECTION    33/300    DATE  07/07
HIGHEST GUST SPEED/DIRECTION    41/300    DATE  07/07

SKY COVER
POSSIBLE SUNSHINE (PERCENT)   MM
AVERAGE SKY COVER           0.70
NUMBER OF DAYS FAIR            4
NUMBER OF DAYS PC             11
NUMBER OF DAYS CLOUDY         16

AVERAGE RH (PERCENT)     67

WEATHER CONDITIONS. NUMBER OF DAYS WITH
THUNDERSTORM              0     MIXED PRECIP               0
HEAVY RAIN                5     RAIN                       9
LIGHT RAIN               14     FREEZING RAIN              0
LT FREEZING RAIN          0     HEAVY SNOW                 0
SNOW                      0     LIGHT SNOW                 0
SLEET                     0     FOG                       13
FOG W/VIS <= 1/4 MILE     0     HAZE                       2

-  INDICATES NEGATIVE NUMBERS.
R  INDICATES RECORD WAS SET OR TIED.
MM INDICATES DATA IS MISSING.
T  INDICATES TRACE AMOUNT.

$$
