000
CXUS53 KUNR 011602
CLMPHP


CLIMATE REPORT
NATIONAL WEATHER SERVICE RAPID CITY SD
901 AM MST SUN MAR 1 2015

...................................

...THE PHILIP SD CLIMATE SUMMARY FOR THE MONTH OF FEBRUARY 2015...

CLIMATE NORMAL PERIOD 1981 TO 2010
CLIMATE RECORD PERIOD 9999 TO 9999

WEATHER         OBSERVED          NORMAL  DEPART  LAST YEAR`S
                 VALUE   DATE(S)  VALUE   FROM    VALUE  DATE(S)
                                          NORMAL
................................................................
TEMPERATURE (F)
HIGHEST            74   02/07                         61  02/19
LOWEST            -12   02/27                        -22  02/07
AVG. MAXIMUM     40.4              38.6     1.8     30.0
AVG. MINIMUM     10.9              12.8    -1.9      4.2
MEAN             25.7              25.7     0.0     17.1
DAYS MAX >= 90      0                                  0
DAYS MAX <= 32      9                                 15
DAYS MIN <= 32     27                                 28
DAYS MIN <= 0       7                                 13

PRECIPITATION (INCHES)
TOTALS           0.09              0.48   -0.39     0.37
DAILY AVG.       0.00              0.02   -0.02     0.01
DAYS >= .01         4                                  9
DAYS >= .10         0                                  1
DAYS >= .50         0                                  0
DAYS >= 1.00        0                                  0
GREATEST
 24 HR. TOTAL    0.04   01/31 TO 02/01              0.13

DEGREE_DAYS
HEATING TOTAL    1094              1100      -6     1335
 SINCE 7/1       5140              5365    -225     5603
COOLING TOTAL       0                 0       0        0
 SINCE 1/1          0                 0       0        0
.................................................................

WIND (MPH)
AVERAGE WIND SPEED              10.1
HIGHEST WIND SPEED/DIRECTION    35/330    DATE  02/17
HIGHEST GUST SPEED/DIRECTION    43/330    DATE  02/17

AVERAGE RH (PERCENT)     62

WEATHER CONDITIONS. NUMBER OF DAYS WITH
THUNDERSTORM              0     MIXED PRECIP               0
HEAVY RAIN                0     RAIN                       0
LIGHT RAIN                1     FREEZING RAIN              0
LT FREEZING RAIN          0     HAIL                       0
HEAVY SNOW                0     SNOW                       0
LIGHT SNOW                7     SLEET                      0
FOG                       6     FOG W/VIS <= 1/4 MILE      1
HAZE                      3

-  INDICATES NEGATIVE NUMBERS.
R  INDICATES RECORD WAS SET OR TIED.
MM INDICATES DATA IS MISSING.
T  INDICATES TRACE AMOUNT.

$$
