000
CXUS51 KPBZ 011403
CLMPIT


CLIMATE REPORT
NATIONAL WEATHER SERVICE PITTSBURGH PA
900 AM EST MON FEB 1 2016

...................................

...THE PITTSBURGH CLIMATE SUMMARY FOR THE MONTH OF JANUARY 2016...

CLIMATE NORMAL PERIOD 1981 TO 2010
CLIMATE RECORD PERIOD 1871 TO 2016

WEATHER         OBSERVED          NORMAL  DEPART  LAST YEAR`S
                 VALUE   DATE(S)  VALUE   FROM    VALUE  DATE(S)
                                          NORMAL
................................................................
TEMPERATURE (F)
RECORD
 HIGH              75   01/25/1950
                        01/22/1906
 LOW              -22   01/19/1994
HIGHEST            61                        MM       61  01/04
LOWEST              3                        MM       -1  01/08
AVG. MAXIMUM     35.5              35.7    -0.2     32.8
AVG. MINIMUM     17.9              21.1    -3.2     17.9
MEAN             26.7              28.4    -1.7     25.3
DAYS MAX >= 90      0               0.0     0.0        0
DAYS MAX <= 32     13              12.0     1.0       15
DAYS MIN <= 32     28              25.4     2.6       30
DAYS MIN <= 0       0               1.4    -1.4        2

PRECIPITATION (INCHES)
RECORD
 MAXIMUM         7.15   1937
 MINIMUM         0.35   1851
TOTALS           1.79              2.70   -0.91
DAILY AVG.       0.06              0.09   -0.03     0.07
DAYS >= .01        14              16.2    -2.2       18
DAYS >= .10         6               6.5    -0.5        7
DAYS >= .50         0               1.5    -1.5        1
DAYS >= 1.00        0               0.3    -0.3        0
GREATEST
 24 HR. TOTAL    0.49   01/10 TO 01/10           01/03 TO 01/04
                                                          01/04 TO 01/04
                                                          01/04 TO 01/04

SNOWFALL (INCHES)
RECORDS
 TOTAL           40.2   1978
 24 HR TOTAL     16.5   MM
TOTALS           14.6              11.8     2.8     18.5
SINCE 7/1        14.9              22.5    -7.6     21.8
SNOWDEPTH AVG.      1                 3      -2        1
DAYS >= TRACE      20
DAYS >= 1.0         4               3.6     0.4        8
GREATEST
 24 HR TOTAL      4.7   MM                           4.3

DEGREE_DAYS
HEATING TOTAL    1178              1134      44     1222
 SINCE 7/1       2661              3309    -648     3369
COOLING TOTAL       0                 0       0        0
 SINCE 1/1          0                 0       0        0
.....................................................

WIND (MPH)
AVERAGE WIND SPEED              8.6
HIGHEST WIND SPEED/DIRECTION    36/280    DATE  01/10
HIGHEST GUST SPEED/DIRECTION    50/280    DATE  01/10

AVERAGE RH (PERCENT)     66

WEATHER CONDITIONS. NUMBER OF DAYS WITH
THUNDERSTORM              0     MIXED PRECIP               0
HEAVY RAIN                0     RAIN                       1
LIGHT RAIN                7     FREEZING RAIN              0
LT FREEZING RAIN          0     HAIL                       0
HEAVY SNOW                1     SNOW                       2
LIGHT SNOW               20     SLEET                      0
FOG                      16     FOG W/VIS <= 1/4 MILE      0
HAZE                      7

-  INDICATES NEGATIVE NUMBERS.
R  INDICATES RECORD WAS SET OR TIED.
MM INDICATES DATA IS MISSING.
T  INDICATES TRACE AMOUNT.

$$
