000
CXUS51 KPBZ 011259
CLMPIT


CLIMATE REPORT
NATIONAL WEATHER SERVICE PITTSBURGH PA
859 AM EDT WED OCT 1 2014

...................................

...THE PITTSBURGH CLIMATE SUMMARY FOR THE MONTH OF SEPTEMBER 2014...

CLIMATE NORMAL PERIOD 1981 TO 2010
CLIMATE RECORD PERIOD 1871 TO 2014

WEATHER         OBSERVED          NORMAL  DEPART  LAST YEAR`S
                 VALUE   DATE(S)  VALUE   FROM    VALUE  DATE(S)
                                          NORMAL
................................................................
TEMPERATURE (F)
RECORD
 HIGH             102   09/06/1881
 LOW               31   09/19/1959
HIGHEST            87                        MM       90  09/10
LOWEST             38                        MM       40  09/24
AVG. MAXIMUM     74.7              74.3     0.4     74.3
AVG. MINIMUM     53.5              54.0    -0.5     53.7
MEAN             64.1              64.1     0.0     64.0
DAYS MAX >= 90      0               0.3    -0.3        1
DAYS MAX <= 32      0               0.0     0.0        0
DAYS MIN <= 32      0               0.0     0.0        0
DAYS MIN <= 0       0               0.0     0.0        0

PRECIPITATION (INCHES)
RECORD
 MAXIMUM        10.08   1945
 MINIMUM         0.28   1985
TOTALS           0.97              3.11   -2.14
DAILY AVG.       0.03              0.10   -0.07     0.08
DAYS >= .01         7               9.8    -2.8        7
DAYS >= .10         3               6.2    -3.2        5
DAYS >= .50         0               2.1    -2.1        1
DAYS >= 1.00        0               0.4    -0.4        0
GREATEST
 24 HR. TOTAL    1.07   08/31 TO 09/01           09/21 TO 09/21
                                                          09/20 TO 09/21
                                                          09/21 TO 09/21

SNOWFALL (INCHES)
RECORDS
 TOTAL              T   MM
 24 HR TOTAL        T   09/30/2002 TO 09/30/2002
                        09/01/2001 TO 09/01/2001
TOTALS            0.0               0.0     0.0      0.0
SINCE 7/1         0.0               0.0     0.0      0.0
SNOWDEPTH AVG.      0                MM      MM        0
DAYS >= TRACE       0
DAYS >= 1.0         0               0.0     0.0        0
GREATEST
 24 HR TOTAL      0.0   09/30 TO 09/30               0.0

DEGREE_DAYS
HEATING TOTAL      92               101      -9       98
 SINCE 7/1        113               114      -1      109
COOLING TOTAL      75                76      -1       76
 SINCE 1/1        696               728     -32      795
..................................................

WIND (MPH)
AVERAGE WIND SPEED              5.8
HIGHEST WIND SPEED/DIRECTION    30/300    DATE  09/21
HIGHEST GUST SPEED/DIRECTION    37/300    DATE  09/21

AVERAGE RH (PERCENT)     69

WEATHER CONDITIONS. NUMBER OF DAYS WITH
THUNDERSTORM              0     MIXED PRECIP               0
HEAVY RAIN                0     RAIN                       2
LIGHT RAIN               10     FREEZING RAIN              0
LT FREEZING RAIN          0     HAIL                       0
HEAVY SNOW                0     SNOW                       0
LIGHT SNOW                0     SLEET                      0
FOG                      13     FOG W/VIS <= 1/4 MILE      2
HAZE                      4

-  INDICATES NEGATIVE NUMBERS.
R  INDICATES RECORD WAS SET OR TIED.
MM INDICATES DATA IS MISSING.
T  INDICATES TRACE AMOUNT.

$$
