000
CXUS54 KMOB 010701
CLMPNS


CLIMATE REPORT
NATIONAL WEATHER SERVICE MOBILE AL
156 AM CDT WED OCT 1 2014

...................................

...THE PENSACOLA CLIMATE SUMMARY FOR THE MONTH OF SEPTEMBER 2014...

CLIMATE NORMAL PERIOD 1981 TO 2010
CLIMATE RECORD PERIOD 1879 TO 2014

WEATHER         OBSERVED          NORMAL  DEPART  LAST YEAR`S
                 VALUE   DATE(S)  VALUE   FROM    VALUE  DATE(S)
                                          NORMAL
................................................................
TEMPERATURE (F)
RECORD
 HIGH             102   09/05/1925
 LOW               43   09/29/1967
HIGHEST            91   09/13                         93  09/13
                        09/07
                        09/06
LOWEST             60   09/23                         65  09/29
                                                          09/28
AVG. MAXIMUM     85.5              86.5    -1.0     88.3
AVG. MINIMUM     70.6              70.3     0.3     72.8
MEAN             78.1              78.4    -0.3     80.6
DAYS MAX >= 90      7               6.3     0.7       15
DAYS MAX <= 32      0               0.0     0.0        0
DAYS MIN <= 32      0               0.0     0.0        0
DAYS MIN <= 0       0               0.0     0.0        0

PRECIPITATION (INCHES)
TOTALS           5.28              5.98   -0.70     7.21
DAILY AVG.       0.18              0.20   -0.02     0.24
DAYS >= .01        12               8.8     3.2       12
DAYS >= .10         8               6.0     2.0        7
DAYS >= .50         5               3.1     1.9        4
DAYS >= 1.00        2               2.0     0.0        1
GREATEST
 24 HR. TOTAL    2.45   09/07 TO 09/08

DEGREE_DAYS
COOLING TOTAL     401               403      -2      476
 SINCE 1/1       2357              2370     -13     2458
.................................................................

WIND (MPH)
AVERAGE WIND SPEED              5.8
HIGHEST WIND SPEED/DIRECTION    25/320    DATE  09/13
HIGHEST GUST SPEED/DIRECTION    30/110    DATE  09/08

SKY COVER
POSSIBLE SUNSHINE (PERCENT)   MM
AVERAGE SKY COVER           0.30
NUMBER OF DAYS FAIR           23
NUMBER OF DAYS PC              6
NUMBER OF DAYS CLOUDY          1

AVERAGE RH (PERCENT)     79

WEATHER CONDITIONS. NUMBER OF DAYS WITH
THUNDERSTORM             11     MIXED PRECIP               0
HEAVY RAIN                7     RAIN                       3
LIGHT RAIN               12     FREEZING RAIN              0
LT FREEZING RAIN          0     HAIL                       0
HEAVY SNOW                0     SNOW                       0
LIGHT SNOW                0     SLEET                      0
FOG                       6     FOG W/VIS <= 1/4 MILE      0
HAZE                      1

-  INDICATES NEGATIVE NUMBERS.
R  INDICATES RECORD WAS SET OR TIED.
MM INDICATES DATA IS MISSING.
T  INDICATES TRACE AMOUNT.

$$
