000
CXUS54 KMOB 010723
CLMPNS


CLIMATE REPORT
NATIONAL WEATHER SERVICE MOBILE AL
209 AM CDT MON JUN 1 2015

...................................

...THE PENSACOLA CLIMATE SUMMARY FOR THE MONTH OF MAY 2015...

CLIMATE NORMAL PERIOD 1981 TO 2010
CLIMATE RECORD PERIOD 1879 TO 2015

WEATHER         OBSERVED          NORMAL  DEPART  LAST YEAR`S
                 VALUE   DATE(S)  VALUE   FROM    VALUE  DATE(S)
                                          NORMAL
................................................................
TEMPERATURE (F)
RECORD
 HIGH             102   05/27/1953
 LOW               44   05/04/1921
                        05/07/1898
HIGHEST            89   05/21                         91  05/25
                        05/13
LOWEST             53   05/02                         54  05/16
AVG. MAXIMUM     84.0              83.2     0.8     82.3
AVG. MINIMUM     67.8              66.0     1.8     66.4
MEAN             75.9              74.6     1.3     74.4
DAYS MAX >= 90      0               2.1    -2.1        1
DAYS MAX <= 32      0               0.0     0.0        0
DAYS MIN <= 32      0               0.0     0.0        0
DAYS MIN <= 0       0               0.0     0.0        0

PRECIPITATION (INCHES)

TOTALS           5.13              4.18    0.95     5.84
DAILY AVG.       0.17              0.13    0.04     0.19
DAYS >= .01         9               6.7     2.3        7
DAYS >= .10         8               4.7     3.3        4
DAYS >= .50         3               2.4     0.6        4
DAYS >= 1.00        2               1.3     0.7        2
GREATEST
 24 HR. TOTAL    2.36   05/26 TO 05/26


DEGREE_DAYS
COOLING TOTAL     345               300      45      302
 SINCE 1/1        653               448     205      451
.................................................................

WIND (MPH)
AVERAGE WIND SPEED              7.9
HIGHEST WIND SPEED/DIRECTION    25/130    DATE  05/24
HIGHEST GUST SPEED/DIRECTION    35/140    DATE  05/24

SKY COVER
POSSIBLE SUNSHINE (PERCENT)   MM
AVERAGE SKY COVER           0.20
NUMBER OF DAYS FAIR           23
NUMBER OF DAYS PC              6
NUMBER OF DAYS CLOUDY          2

AVERAGE RH (PERCENT)     75

WEATHER CONDITIONS. NUMBER OF DAYS WITH
THUNDERSTORM             10     MIXED PRECIP               0
HEAVY RAIN                3     RAIN                       2
LIGHT RAIN               11     FREEZING RAIN              0
LT FREEZING RAIN          0     HAIL                       0
HEAVY SNOW                0     SNOW                       0
LIGHT SNOW                0     SLEET                      0
FOG                       8     FOG W/VIS <= 1/4 MILE      0
HAZE                      1

-  INDICATES NEGATIVE NUMBERS.
R  INDICATES RECORD WAS SET OR TIED.
MM INDICATES DATA IS MISSING.
T  INDICATES TRACE AMOUNT.

$$
