000
CXZS50 NSTU 012148
CLMPPG

CLIMATE REPORT
NATIONAL WEATHER SERVICE PAGO PAGO AS
1045 AM SST FRI APR 1 2016

.....................................

...THE PAGO PAGO AIRPORT CLIMATE SUMMARY FOR THE MONTH OF MARCH 2016...

CLIMATE NORMAL PERIOD 1981 TO 2010
CLIMATE RECORD PERIOD 1956 TO 2016

WEATHER ITEM      OBSERVED    DATES       NORMAL      DEPARTURE   LAST YEAR
                  VALUE                   VALUE       FROM        VALUE DATE(S)
                                                      NORMAL
.............................................................................
TEMPERATURE (F)
RECORD
 HIGH             95          03/25/1998
 LOW              63          03/02/1965

HIGHEST           92          03/17        88         4           91 03/25
                                                                     03/02
LOWEST            77          03/15        78        -1           73 03/27

AVG. MAXIMUM      88.3                    88.1        0.2         88.2
AVG. MINIMUM      79.0                    77.5        1.5         78.3
MEAN              83.7                    82.8        0.9         83.3
DAYS MAX >= 90     8                       5.3        2.7          7
DAYS MAX <= 32     0                       0.0        0.0          0
DAYS MIN <= 32     0                       0.0        0.0          0
DAYS MIN <= 0      0                       0.0        0.0          0

PRECIPITATION (INCHES)
RECORD
 MAXIMUM          31.84      1968
 MINIMUM           4.01      1977
TOTALS            10.76                  11.66       -0.90         6.86
DAILY AVG.         0.35                   0.38       -0.03         0.22
DAYS >= .01       25                     23.8         1.2         24
DAYS >= .10       17                     16.8         0.2         14
DAYS >= .50        6                      6.9        -0.9          5
DAYS >= 1.00       5                      3.2         1.8          1
GREATEST
 24 HR. TOTAL      2.43      03/10 TO 11               1.29   03/26 TO 27

DEGREE DAYS
HEATING TOTAL     000                     00          00          00
SINCE 1/1         000                     00          00          00
COOLING TOTAL     586                    552          34         537
SINCE 1/1        1776                   1590         186        1618

WIND (MPH)
AVERAGE WIND SPEED 6.6
HIGHEST WIND SPEED/DIRECTION   21/130     DATE 03/08
HIGHEST GUST SPEED/DIRECTION   MM         DATE MM

SKY COVER
POSSIBLE SUNSHINE (PERCENT)    MM
AVERAGE SKY COVER               5.8
NUMBER OF DAYS FAIR            00
NUMBER OF DAYS PC              20
NUMBER OF DAYS CLOUDY          11

AVERAGE RH (PERCENT)           86

WEATHER CONDITIONS NUMBER OF DAYS WITH
THUNDERSTORM            02    MIXED PRECIP            00
HEAVY RAIN              14    RAIN                    01
LIGHT RAIN              27    FREEZING RAIN           00
LT FREEZING RAIN        00    HAIL                    00
HEAVY SNOW              00    SNOW                    00
LIGHT SNOW              00    SLEET                   00
FOG                     00    FOG W/VIS <= 1/4 MILE   00
HAZE                    00

- INDICATES NEGATIVE NUMBERS
R INDICATES RECORD WAS SET OR TIED
MM INDICATES DATA IS MISSING
T INDICATES TRACE AMOUNTTEMPERATURE (F)
