000
CXUS56 KPDT 011854
CLMPSC

CLIMATE REPORT
NATIONAL WEATHER SERVICE PENDLETON OREGON
1048 AM PST SUN FEB 01 2015

....................................

...THE PASCO WA CLIMATE SUMMARY FOR THE MONTH OF JANUARY 2015...

CLIMATE NORMAL PERIOD 1981 TO 2010
CLIMATE RECORD PERIOD 1942 TO 2015

WEATHER         OBSERVED          NORMAL  DEPART  LAST YEAR`S
                 VALUE   DATE(S)  VALUE   FROM    VALUE  DATE(S)
                                          NORMAL

................................................................

TEMPERATURE (F)
RECORD
 HIGH              67   1/ 7/2002
 LOW              -19   1/ 4/2004
HIGHEST            58   1/18       24        34            58   1/11
LOWEST             11   1/ 1        4         7            15   1/ 5
AVG. MAXIMUM     40.7            41.8      -1.1          41.5
AVG. MINUMUM     30.4            27.9       2.5          29.4
MEAN             35.6            34.8       0.8          35.5
DAYS MAX >= 90      0               0         0             0
DAYS MAX <= 32      4              20       -16             3
DAYS MIN <= 32     16              27       -11            27
DAYS MIN <= 0       0              19       -19            27


PRECIPITATION (INCHES)
RECORD
 MAXIMUM          1.73   2004
 MINIMUM          0.35   2002
TOTALS            0.69            1.22     -0.53          0.36
DAILY AVG.        0.02            0.04     -0.02          0.01
DAYS >=  0.01        6               4         2             4
DAYS >=  0.10        2               1         1             1
DAYS >=  0.50        0               0         0             0
DAYS >=  1.00        0               0         0             0
GREATEST
 24 HR. TOTAL     0.33   1/17



SNOWFALL (INCHES)
RECORD
 MAXIMUM           1.0   2011
 MINIMUM           0.0   2010
TOTALS             0.8             0.0       0.8             T
SINCE 7/1          0.9             0.0       0.9           0.0
DAYS >=  TRACE       1               0         0             7
DAYS >=  1.0         0               0         0             0
GREATEST
 24 HR. TOTAL      0.8   1/ 4


DEGREE DAYS
HEATING TOTAL      904             934       -30           908
 SINCE 7/1        2847            3144      -297          3410
COOLING TOTAL        0               0         0             0
 SINCE 1/1           0               0         0             0

.............................................................

WIND (MPH)
AVERAGE WIND SPEED                     4.3
RESULTANT WIND SPEED/DIRECTION         4/241
HIGHEST WIND SPEED/DIRECTION          33/230      DATE          01/05
HIGHEST GUST SPEED/DIRECTION          42/220      DATE          01/05


WEATHER CONDITIONS. NUMBER OF DAYS WITH
THUNDERSTORM               0    MIXED PRECIP                       0
HEAVY RAIN                 0    RAIN                               2
LIGHT RAIN                 9    FREEZING RAIN                      1
LT FREEZING RAIN           1    HAIL                               0
HEAVY SNOW                 0    SNOW                               0
LIGHT SNOW                 1    SLEET                              0
FOG                       19    FOG W/VIS <=1/4 MILE               2
HAZE                       0

-  INDICATES NEGATIVE NUMBERS.
R  INDICATES RECORD WAS SET OR TIED.
MM INDICATES DATA IS MISSING.
T  INDICATES TRACE AMOUNT.

$$
