000
CXUS51 KBOX 010807
CLMPVD


CLIMATE REPORT
NATIONAL WEATHER SERVICE TAUNTON MA
400 AM EDT FRI APR 1 2016

...................................

...THE PROVIDENCE RI CLIMATE SUMMARY FOR THE MONTH OF MARCH 2016...

CLIMATE NORMAL PERIOD 1981 TO 2010
CLIMATE RECORD PERIOD 1904 TO 2016

WEATHER         OBSERVED          NORMAL  DEPART  LAST YEAR`S
                 VALUE   DATE(S)  VALUE   FROM    VALUE
                                          NORMAL
.............................................................
TEMPERATURE (F)
RECORD
 HIGH              90   03/29/1945
 LOW                1   03/19/1967
                        03/04/1950
                        03/06/1948
HIGHEST            72   03/10
LOWEST             21   03/03
AVG. MAXIMUM     53.2              47.8     5.4
AVG. MINIMUM     34.6              30.0     4.6
MEAN             43.9              38.9     5.0
DAYS MAX >= 90      0               0.0     0.0
DAYS MAX <= 32      1               1.2    -0.2
DAYS MIN <= 32     14              18.1    -4.1
DAYS MIN <= 0       0               0.0     0.0

PRECIPITATION (INCHES)
RECORD
 MAXIMUM        16.34   2010
 MINIMUM         0.07   1915
TOTALS           2.68              5.01   -2.33
DAYS >= .01        10              11.9    -1.9
DAYS >= .10         5               7.7    -2.7
DAYS >= .50         2               3.0    -1.0
DAYS >= 1.00        1               1.3    -0.3
GREATEST
 24 HR. TOTAL    1.58   03/14 TO 03/15

SNOWFALL (INCHES)
RECORDS
 TOTAL           31.6   1956
 SNOW DEPTH        20   03/06/2015
TOTALS            2.6               5.5    -2.9
SINCE 7/1        22.0              33.2   -11.2
SNOWDEPTH AVG.      0
DAYS >= 1.0         1               1.6    -0.6
GREATEST
 SNOW DEPTH         0   MM
 24 HR TOTAL      2.6   03/21 TO 03/21

DEGREE_DAYS
HEATING TOTAL     647               809    -162
 SINCE 7/1       4018              4871    -853
COOLING TOTAL       0                 0       0
 SINCE 1/1          0                 0       0
..............................................................

WIND (MPH)
AVERAGE WIND SPEED              10.2
RESULTANT WIND SPEED/DIRECTION   3/301
HIGHEST WIND SPEED/DIRECTION    39/220    DATE  03/31
HIGHEST GUST SPEED/DIRECTION    54/220    DATE  03/31

SKY COVER
POSSIBLE SUNSHINE (PERCENT)   MM
AVERAGE SKY COVER           0.60
NUMBER OF DAYS FAIR            3
NUMBER OF DAYS PC             19
NUMBER OF DAYS CLOUDY          9

AVERAGE RH (PERCENT)     60

WEATHER CONDITIONS. NUMBER OF DAYS WITH
THUNDERSTORM              0     MIXED PRECIP               0
HEAVY RAIN                0     RAIN                       5
LIGHT RAIN               11     FREEZING RAIN              0
LT FREEZING RAIN          0     HAIL                       0
HEAVY SNOW                0     SNOW                       1
LIGHT SNOW                3     SLEET                      2
FOG                      12     FOG W/VIS <= 1/4 MILE      1
HAZE                      2

-  INDICATES NEGATIVE NUMBERS.
R  INDICATES RECORD WAS SET OR TIED.
MM INDICATES DATA IS MISSING.
T  INDICATES TRACE AMOUNT.

$$

SIPPRELL
