000
CXUS53 KLOT 011137
CLMPWK


CLIMATE REPORT
NATIONAL WEATHER SERVICE CHICAGO IL
627 AM CDT MON SEP 1 2014

...................................

...THE CHICAGO EXECUTIVE CLIMATE SUMMARY FOR THE MONTH OF AUGUST 2014...

CLIMATE NORMAL PERIOD 1981 TO 2010
CLIMATE RECORD PERIOD 1996 TO 2014

WEATHER         OBSERVED          NORMAL  DEPART  LAST YEAR`S
                 VALUE   DATE(S)  VALUE   FROM    VALUE
                                          NORMAL
.............................................................
TEMPERATURE (F)
RECORD
 HIGH              98   08/02/2006
 LOW               47   08/31/2009
HIGHEST            89   08/03
LOWEST             51   08/15
AVG. MAXIMUM     81.8              81.5     0.3     82.8
AVG. MINIMUM     65.0              63.1     1.9     62.9
MEAN             73.4              72.3     1.1     72.8

PRECIPITATION (INCHES)
RECORD
 MAXIMUM         9.91   2007
 MINIMUM            T   2002
TOTALS           6.96              3.66    3.30     1.37

DEGREE_DAYS
HEATING TOTAL       1                 6      -5
COOLING TOTAL     268               232      36
 SINCE 1/1        688               697      -9
..............................................................

WIND (MPH)
HIGHEST WIND SPEED/DIRECTION    30/310    DATE  08/23
HIGHEST GUST SPEED/DIRECTION    43/310    DATE  08/26



-  INDICATES NEGATIVE NUMBERS.
R  INDICATES RECORD WAS SET OR TIED.
MM INDICATES DATA IS MISSING.
T  INDICATES TRACE AMOUNT.

$$
