806
CXUS51 KGYX 030007
CLMPWM

PWMCLMPWM 000
TTAA00 KGYX 022210


CLIMATE REPORT
NATIONAL WEATHER SERVICE GRAY ME
807 PM EDT TUE AUG 2 2016

...................................

...THE PORTLAND ME CLIMATE SUMMARY FOR THE MONTH OF JULY 2016...

CLIMATE NORMAL PERIOD 1981 TO 2010
CLIMATE RECORD PERIOD 1941 TO 2016 /FOR TEMPERATURES/
CLIMATE RECORD PERIOD 1871 TO 2016 /FOR PRECIPITATION/
CLIMATE RECORD PERIOD 1882 TO 2016 /FOR SNOWFALL/

WEATHER         OBSERVED          NORMAL  DEPART  LAST YEAR`S
                 VALUE   DATE(S)  VALUE   FROM    VALUE  DATE(S)
                                          NORMAL
................................................................
TEMPERATURE (F)
RECORD
 HIGH             100   07/22/2011
 LOW               40   07/07/1965
                        07/03/1962
HIGHEST            95   07/22        91       4       90  07/12
LOWEST             54   07/03        50       4       51  07/17
AVG. MAXIMUM     81.3              78.8     2.5     78.5
AVG. MINIMUM     61.2              59.4     1.8     59.6
MEAN             71.2              69.1     2.1     69.1
DAYS MAX >= 90      3               1.5     1.5        1
DAYS MAX <= 32      0               0.0     0.0        0
DAYS MIN <= 32      0               0.0     0.0        0
DAYS MIN <= 0       0               0.0     0.0        0

PRECIPITATION (INCHES)
RECORD
 MAXIMUM        10.84   1915
 MINIMUM         0.61   1965
TOTALS           1.70              3.61   -1.91     1.26
DAILY AVG.       0.05              0.12   -0.07     0.04
DAYS >= .01         9              11.0    -2.0       10
DAYS >= .10         5               6.8    -1.8        4
DAYS >= .50         0               2.6    -2.6        1
DAYS >= 1.00        0               0.8    -0.8        0
GREATEST
 24 HR. TOTAL    0.53   07/09 TO 07/10

SNOWFALL (INCHES)
RECORDS
 TOTAL            0.0
TOTALS            0.0               0.0     0.0      0.0
SINCE 7/1         0.0               0.0     0.0      0.0
SNOWDEPTH AVG.      0
DAYS >= TRACE       0               0.0     0.0
DAYS >= 1.0         0               0.0     0.0
GREATEST
 SNOW DEPTH         0
 24 HR TOTAL      0.0

DEGREE_DAYS
HEATING TOTAL      13                17      -4       10
 SINCE 7/1         13                17      -4       10
COOLING TOTAL     216               144      72      143
 SINCE 1/1        264               208      56      226
.................................................................

WIND (MPH)
AVERAGE WIND SPEED              6.8
HIGHEST WIND SPEED/DIRECTION    46/340    DATE  07/23
HIGHEST GUST SPEED/DIRECTION    52/340    DATE  07/23

SKY COVER
AVERAGE SKY COVER           0.50

AVERAGE RH (PERCENT)     70

WEATHER CONDITIONS. NUMBER OF DAYS WITH
THUNDERSTORM              7     HEAVY RAIN                 3
RAIN                      0     LIGHT RAIN                10
FREEZING RAIN             0     LT FREEZING RAIN           0
HEAVY SNOW                0     SNOW                       0
LIGHT SNOW                0     FOG                       15
FOG W/VIS <= 1/4 MILE     3     HAZE                       1

-  INDICATES NEGATIVE NUMBERS.
R  INDICATES RECORD WAS SET OR TIED.
MM INDICATES DATA IS MISSING.
T  INDICATES TRACE AMOUNT.

&&

THE DROUGHT THAT BEGAN DEVELOPING EARLIER IN THE SUMMER PERSISTED
INTO JULY AS PORTLAND SAW YET ANOTHER MONTH WITH BELOW NORMAL
RAINFALL. THE MONTH BEGAN WITH WARM TEMPERATURES INCLUDING 86
DEGREES ON INDEPENDENCE DAY. BY THE SECOND WEEK OF THE MONTH A SHIFT
IN THE WEATHER PATTERN BROUGHT COOL, DAMP, ONSHORE WINDS AND
TEMPERATURES WELL BELOW NORMAL FOR MID JULY. THE HIGH TEMPERATURE ON
JULY 9 WAS ONLY 59 DEGREES, THE COLDEST JULY DAY SINCE 2009. AFTER
ENDURING 4 STRAIGHT DAYS WHERE THE TEMPERATURE DID NOT HIT 70
DEGREES, A WARM UP BEGAN. WARM TEMPERATURES WERE COMMON WITH
OCCASIONAL THUNDERSTORMS FOR THE LAST HALF OF THE MONTH. THE
TEMPERATURE REACHED 90 DEGREES FOR THE FIRST TIME THIS YEAR ON JULY
15, BUT THE HOTTEST TEMPERATURE WAS ON JULY 22 WHEN THE TEMPERATURE
REACHED 95 DEGREES. THIS WAS THE HOTTEST TEMPERATURE RECORDED IN
PORTLAND SINCE JULY 22, 2011 (THE TEMPERATURE HIT 100 THAT DAY). THE
MONTH ENDED WITH LESS THAN HALF THE NORMAL RAINFALL, PERPETUATING
THE DROUGHT CONDITIONS.

THE AVERAGE TEMPERATURE WAS 71.2 DEGREES WHICH WAS 2.1 DEGREES ABOVE
NORMAL AND THE 9TH WARMEST JULY ON RECORD. THE HIGH TEMPERATURE OF
59 DEGREES ON JULY 9 WAS THE COLDEST JULY HIGH TEMPERATURE SINCE
2009 AND TIED FOR THE 4TH COLDEST JULY HIGH ON RECORD. THE HIGH OF
95 DEGREES ON THE 22ND WAS THE HOTTEST TEMPERATURE RECORDED IN
EXACTLY 5 YEARS. THE WARMEST JULY ON RECORD WAS 2011 WHEN THE
AVERAGE TEMPERATURE WAS 72.7 DEGREES. THE COOLEST WAS ONLY 64.0
DEGREES IN 1962.

COLDEST HIGH TEMPERATURE IN JULY (1941-PRESENT)
RANK  HIGH  DATE
1      57   JULY 4, 1992
2      58   JULY 8, 2009
       58   JULY 6, 1956
4      59   JULY 9, 2016 <===
       59   JULY 2, 2009
       59   JULY 1, 2009
       59   JULY 3, 1987
       59   JULY 30, 1976
       59   JULY 16, 1961
       59   JULY 8, 1961

A TOTAL OF 1.70 INCHES OF RAIN FELL DURING THE MONTH WHICH WAS 1.91
INCHES BELOW NORMAL. THE TOTAL RAINFALL FOR THE YEAR SO FAR WAS AT
21.63 INCHES WHICH WAS 4.97 INCHES BELOW NORMAL. THE HEAVIEST
RAINFALL FELL DURING A THUNDERSTORM ON THE 14TH WHEN 0.43 INCHES WAS
MEASURED. THE DRIEST JULY ON RECORD WAS 1965 WHEN ONLY 0.61 INCHES
WAS RECORDED. THE WETTEST WAS 1915 WITH 10.84 INCHES.

THE FOLLOWING DAILY RECORDS WERE SET OR TIED IN JUNE 2016...
DATE RECORD                                  PREVIOUS
9    59 - COOLEST HIGH TEMPERATURE           64 IN 1946
9    58 - COLDEST AVERAGE TEMPERATURE        60 IN 1961 AND 1946
9    3  - SMALLEST DAILY TEMPERATURE RANGE   5 IN 1957

$$

KIMBLE
