772
CXUS53 KUNR 011602
CLMRAP


CLIMATE REPORT
NATIONAL WEATHER SERVICE RAPID CITY SD
1001 AM MDT SAT JUL 1 2017

...................................

...THE RAPID CITY AIRPORT SD CLIMATE SUMMARY FOR THE MONTH OF JUNE 2017...

CLIMATE NORMAL PERIOD 1981 TO 2010
CLIMATE RECORD PERIOD 1942 TO 2017

WEATHER         OBSERVED          NORMAL  DEPART  LAST YEAR`S
                 VALUE   DATE(S)  VALUE   FROM    VALUE  DATE(S)
                                          NORMAL
................................................................
TEMPERATURE (F)
RECORD
 HIGH             109   06/26/2012
                        06/29/2002
 LOW               31   06/02/1951
HIGHEST            99   06/09                        103  06/11
LOWEST             40   06/25                         38  06/01
AVG. MAXIMUM     83.4              77.8     5.6     87.1
AVG. MINIMUM     50.8              51.2    -0.4     54.2
MEAN             67.1              64.5     2.6     70.7
DAYS MAX >= 90      8                                  8
DAYS MAX <= 32      0                                  0
DAYS MIN <= 32      0                                  0
DAYS MIN <= 0       0                                  0

PRECIPITATION (INCHES)
RECORD
 MAXIMUM         7.12   2015
 MINIMUM         0.42   2002
TOTALS           1.75              2.53   -0.78     1.22
DAILY AVG.       0.06              0.08   -0.02     0.04
DAYS >= .01         8                                  3
DAYS >= .10         3                                  1
DAYS >= .50         1                                  1
DAYS >= 1.00        1                                  1
GREATEST
 24 HR. TOTAL    1.24   06/12 TO 06/12              1.18

SNOWFALL (INCHES)
RECORDS
 TOTAL            3.6   1951
TOTALS            0.0               0.0     0.0      0.0
SINCE 7/1        35.7              41.1    -5.4     36.3
SNOWDEPTH AVG.      0                MM      MM        0
DAYS >= 1.0         0               0.0     0.0        0
GREATEST
 SNOW DEPTH         0   MM                             0  MM
 24 HR TOTAL      0.0   06/29 TO 06/29               0.0

DEGREE_DAYS
HEATING TOTAL      33                99     -66       10
 SINCE 7/1       6755              7153    -398     6324
COOLING TOTAL     102                84      18      186
 SINCE 1/1        114                99      15      186
.................................................................

WIND (MPH)
AVERAGE WIND SPEED              10.9
HIGHEST WIND SPEED/DIRECTION    59/270    DATE  06/27
HIGHEST GUST SPEED/DIRECTION    75/270    DATE  06/27

AVERAGE RH (PERCENT)     51

WEATHER CONDITIONS. NUMBER OF DAYS WITH
THUNDERSTORM              0     MIXED PRECIP               0
HEAVY RAIN                2     RAIN                       3
LIGHT RAIN               14     FREEZING RAIN              0
LT FREEZING RAIN          0     HAIL                       0
HEAVY SNOW                0     SNOW                       0
LIGHT SNOW                0     SLEET                      0
FOG                       2     FOG W/VIS <= 1/4 MILE      0
HAZE                      1

-  INDICATES NEGATIVE NUMBERS.
R  INDICATES RECORD WAS SET OR TIED.
MM INDICATES DATA IS MISSING.
T  INDICATES TRACE AMOUNT.

$$
