000
CXUS51 KPHI 031233 CCA
CLMRDG

CLIMATE REPORT
NATIONAL WEATHER SERVICE MOUNT HOLLY NJ
723 AM EST TUE MAR 3 2015

...................................

...THE READING CLIMATE SUMMARY FOR THE MONTH OF FEBRUARY 2015...

CLIMATE NORMAL PERIOD 1981 TO 2010
CLIMATE RECORD PERIOD 1869 TO 2015

WEATHER         OBSERVED          NORMAL  DEPART  LAST YEAR`S
                 VALUE   DATE(S)  VALUE   FROM    VALUE  DATE(S)
                                          NORMAL
................................................................
TEMPERATURE (F)
RECORD
 HIGH              77   02/24/1985
                        02/25/1930
 LOW              -13   02/10/1899
HIGHEST            42                MM      MM       52
LOWEST             -3                MM      MM        0
AVG. MAXIMUM     29.5              41.3   -11.8     35.4
AVG. MINIMUM     11.6              23.2   -11.6     18.1
MEAN             20.5              32.3   -11.8     26.7
DAYS MAX >= 90      0               0.0     0.0        0
DAYS MAX <= 32     15               3.6    11.4       14
DAYS MIN <= 32     28              24.5     3.5       28
DAYS MIN <= 0       3               0.0     3.0        1

PRECIPITATION (INCHES)
RECORD
 MAXIMUM         6.72   1902
 MINIMUM         0.47   2009
TOTALS           1.43              2.48   -1.05     3.20
DAILY AVG.       0.05              0.09   -0.04     0.11
DAYS >= .01         8                MM      MM       12
DAYS >= .10         4                MM      MM        6
DAYS >= .50         1                MM      MM        3
DAYS >= 1.00        0                MM      MM        1
GREATEST
 24 HR. TOTAL    0.76   02/02 TO 02/02              1.15
                        02/01 TO 02/02
                        02/02 TO 02/02

SNOWFALL (INCHES)
RECORDS
 TOTAL             MM   5
 24 HR TOTAL       MM
TOTALS             MM                MM      MM       MM
SINCE 7/1          MM                MM      MM       MM
SNOWDEPTH AVG.     MM                MM      MM       MM
DAYS >= 1.0         0                MM      MM        0
GREATEST
 SNOW DEPTH        MM                                 MM  MM
 24 HR TOTAL       MM                                 MM

DEGREE_DAYS
HEATING TOTAL    1241               917     324     1064
 SINCE 7/1       4305              4042     263     4310
COOLING TOTAL       0                 0       0        0
 SINCE 1/1          0                 0       0        0
.................................................................

WIND (MPH)
AVERAGE WIND SPEED              7.8
HIGHEST WIND SPEED/DIRECTION    38/310    DATE  02/15
HIGHEST GUST SPEED/DIRECTION    49/290    DATE  02/14

SKY COVER
POSSIBLE SUNSHINE (PERCENT)   MM
AVERAGE SKY COVER           0.40
NUMBER OF DAYS FAIR           12
NUMBER OF DAYS PC             13
NUMBER OF DAYS CLOUDY          3

AVERAGE RH (PERCENT)     60

WEATHER CONDITIONS. NUMBER OF DAYS WITH
THUNDERSTORM              0     MIXED PRECIP               0
HEAVY RAIN                0     RAIN                       1
LIGHT RAIN                3     FREEZING RAIN              1
LT FREEZING RAIN          2     HEAVY SNOW                 2
SNOW                      4     LIGHT SNOW                15
SLEET                     0     FOG                       12
FOG W/VIS <= 1/4 MILE     1     HAZE                       5

-  INDICATES NEGATIVE NUMBERS.
R  INDICATES RECORD WAS SET OR TIED.
MM INDICATES DATA IS MISSING.
T  INDICATES TRACE AMOUNT.

$$
