000
CXUS52 KRAH 011343
CLMRDU


CLIMATE REPORT
NATIONAL WEATHER SERVICE RALEIGH NC
940 AM EDT WED JUL 1 2015

...................................

...THE RALEIGH-DURHAM INTL AIRPORT CLIMATE SUMMARY FOR THE MONTH OF JUNE 2015...

CLIMATE NORMAL PERIOD 1981 TO 2010
CLIMATE RECORD PERIOD 1887 TO 2015

WEATHER         OBSERVED          NORMAL  DEPART  LAST YEAR`S
                 VALUE   DATE(S)  VALUE   FROM    VALUE
                                          NORMAL
.............................................................
TEMPERATURE (F)
RECORD
 HIGH             105   06/30/2012
                        06/29/2012
                        06/27/1954
 LOW               38   06/08/1977
HIGHEST           100   06/16                         97
LOWEST             59   06/06                         52
AVG. MAXIMUM     90.1              87.1     3.0     88.8
AVG. MINIMUM     68.4              65.8     2.6     65.8
MEAN             79.3              76.4     2.9     77.3
DAYS MAX >= 90     18                                 14
DAYS MAX <= 32      0                                  0
DAYS MIN <= 32      0                                  0
DAYS MIN <= 0       0                                  0

PRECIPITATION (INCHES)
RECORD
 MAXIMUM        10.45   2006
TOTALS           6.35              3.52    2.83     3.31
DAYS >= .01        16
DAYS >= .10         9
DAYS >= .50         4
DAYS >= 1.00        2
GREATEST
 24 HR. TOTAL    2.25   06/17 TO 06/18

DEGREE_DAYS
HEATING TOTAL       0                 4      -4        0
 SINCE 7/1       3484              3247     237     3478
COOLING TOTAL     437               347      90      377
 SINCE 1/1        707               556     151
..............................................................

WIND (MPH)
AVERAGE WIND SPEED              5.7
HIGHEST WIND SPEED/DIRECTION    36/220    DATE  06/20
HIGHEST GUST SPEED/DIRECTION    51/220    DATE  06/20

SKY COVER
POSSIBLE SUNSHINE (PERCENT)   MM
AVERAGE SKY COVER           0.60
NUMBER OF DAYS FAIR            3
NUMBER OF DAYS PC             22
NUMBER OF DAYS CLOUDY          5

AVERAGE RH (PERCENT)     70

WEATHER CONDITIONS. NUMBER OF DAYS WITH
THUNDERSTORM             12     MIXED PRECIP               0
HEAVY RAIN                6     RAIN                       7
LIGHT RAIN               15     FREEZING RAIN              0
LT FREEZING RAIN          0     HAIL                       0
HEAVY SNOW                0     SNOW                       0
LIGHT SNOW                0     SLEET                      0
FOG                      18     FOG W/VIS <= 1/4 MILE      1
HAZE                      2

-  INDICATES NEGATIVE NUMBERS.
R  INDICATES RECORD WAS SET OR TIED.
MM INDICATES DATA IS MISSING.
T  INDICATES TRACE AMOUNT.

&&

THE MONTHLY AVERAGE TEMPERATURE AT THE RALEIGH-DURHAM INTERNATIONAL
AIRPORT FOR JUNE 2015 WAS 79.3 DEGREES. THIS MAKES JUNE 2015 THE 6TH
WARMEST JUNE ON RECORD FOR THE RALEIGH AREA.

THE MINIMUM TEMPERATURE AT THE RALEIGH-DURHAM INTERNATIONAL AIRPORT
ON JUNE 13TH WAS 74 DEGREES. THIS TIED THE PREVIOUS RECORD HIGH
MINIMUM TEMPERATURE...SET IN 2005.

A RECORD HIGH TEMPERATURE OF 98 DEGREES WAS SET AT RALEIGH-DURHAM
INTERNATIONAL AIRPORT ON JUNE 15TH. THIS BREAKS THE OLD RECORD OF 97
SET IN 1981.

A RECORD HIGH TEMPERATURE OF 100 DEGREES WAS SET AT RALEIGH-DURHAM
INTERNATIONAL AIRPORT ON JUNE 16TH. THIS BREAKS THE OLD RECORD OF 98
SET IN 1981.

A RECORD HIGH TEMPERATURE OF 98 DEGREES WAS SET AT RALEIGH-DURHAM
INTERNATIONAL AIRPORT ON JUNE 18TH. THIS TIES THE OLD RECORD...
PREVIOUSLY SET IN 1944.

A RECORD DAILY RAINFALL OF 0.99 INCH(ES) WAS SET AT RALEIGH-DURHAM
INTERNATIONAL AIRPORT NC FOR JUNE 27TH. THIS BREAKS THE OLD RECORD
OF 0.88 SET IN 2014.

$$
