000
CXUS55 KREV 012345
CLMRNO

CLIMATE REPORT
NATIONAL WEATHER SERVICE RENO NV
343 PM PST WED FEB 1 2017

...................................

...THE RENO TAHOE AIRPORT NV CLIMATE SUMMARY FOR THE MONTH OF JANUARY 2017...

THE AVERAGE TEMPERATURE FOR JANUARY 2017 AT THE RENO TAHOE
INTERNATIONAL AIRPORT WAS 33.2 DEGREES WHICH IS 2.4 DEGREES BELOW
NORMAL. THE HIGHEST TEMPERATURE FOR JANUARY WAS 53 DEGREES WHICH
OCCURRED ON THE 31ST. THE LOWEST TEMPERATURE FOR THE MONTH WAS
9 DEGREES WHICH WAS RECORDED ON THE 6TH.

FOR JANUARY 2017 5.57 INCHES OF PRECIPITATION WAS RECORDED AT THE
RENO TAHOE INTERNATIONAL AIRPORT. THIS IS 4.54 INCHES ABOVE NORMAL.
THIS MAKES JANUARY 2017 THE THIRD WETTEST JANUARY ON RECORD AT
RENO.

A TOTAL OF 18.9 INCHES OF SNOWFALL WAS REPORTED FOR JANUARY AT
RENO. THIS IS 13.3 INCHES ABOVE NORMAL. THIS MAKES JANUARY 2017 THE
11TH SNOWIEST JANUARY ON RECORD AT RENO.

THE AVERAGE WIND SPEED FOR THE MONTH WAS 5.7 MPH. THE PEAK WIND
GUST FOR THE MONTH WAS 49 MPH FROM THE SOUTH WHICH OCCURRED ON THE
10TH.

CLIMATE NORMAL PERIOD 1981 TO 2010
CLIMATE RECORD PERIOD 1888 TO 2017

WEATHER         OBSERVED          NORMAL  DEPART
                 VALUE   DATE(S)  VALUE   FROM
                                          NORMAL
................................................
TEMPERATURE (F)
RECORD
 HIGH              71   01/31/2003
 LOW              -19   01/08/1890
HIGHEST            53   01/31        70     -17
LOWEST              9   01/06       -16      25
AVG. MAXIMUM     40.9              45.7    -4.8
AVG. MINIMUM     25.5              25.4     0.1
MEAN             33.2              35.6    -2.4
DAYS MAX >= 90      0               0.0     0.0
DAYS MAX <= 32      3               1.7     1.3
DAYS MIN <= 32     27              25.1     1.9
DAYS MIN <= 0       0               0.0     0.0

PRECIPITATION (INCHES)
RECORD
 MAXIMUM         6.76   1916
 MINIMUM         0.00   1872
TOTALS           5.57              1.03    4.54
DAILY AVG.       0.18              0.03    0.15
DAYS >= .01        13               6.9     6.1
DAYS >= .10        11               2.7     8.3
DAYS >= .50         4               0.4     3.6
DAYS >= 1.00        2               0.1     1.9
GREATEST
 24 HR. TOTAL    1.44   01/08 TO 01/08
 STORM TOTAL       MM
 (MM/DD(HH))            MM

SNOWFALL (INCHES)
RECORDS
 TOTAL           65.7   5
                        0
 24 HR TOTAL       MM
TOTALS           18.9               5.6    13.3
 LIQUID EQUIV    1.89              0.60    1.29
SINCE 7/1        20.3              14.0     6.3
 LIQUID 7/1      2.03
DAYS >= TRACE      16               4.0    12.0
DAYS >= 1.0         6               1.9     4.1
GREATEST
 SNOW DEPTH         5   01/22
 24 HR TOTAL      7.6   MM
 STORM TOTAL       MM
 (MM/DD(HH))            MM

DEGREE_DAYS
HEATING TOTAL     977               913      64
 SINCE 7/1       2718              2937    -219
COOLING TOTAL       0                 0       0
 SINCE 1/1          0                 0       0

FREEZE DATES
RECORD
 EARLIEST     08/23/1973
 LATEST       06/27/1974
EARLIEST                        10/03
LATEST                          05/21
.................................................

WIND (MPH)
AVERAGE WIND SPEED              5.7
HIGHEST WIND SPEED/DIRECTION    40/160    DATE  01/10
HIGHEST GUST SPEED/DIRECTION    49/170    DATE  01/10

AVERAGE RH (PERCENT)     72

WEATHER CONDITIONS. NUMBER OF DAYS WITH
THUNDERSTORM              0     MIXED PRECIP               0
HEAVY RAIN                3     RAIN                       4
LIGHT RAIN               10     FREEZING RAIN              0
LT FREEZING RAIN          1     HAIL                       0
HEAVY SNOW                2     SNOW                       6
LIGHT SNOW               15     SLEET                      1
FOG                      11     FOG W/VIS <= 1/4 MILE      1
HAZE                      1

-  INDICATES NEGATIVE NUMBERS.
R  INDICATES RECORD WAS SET OR TIED.
MM INDICATES DATA IS MISSING.
T  INDICATES TRACE AMOUNT.

$$
