000
CXUS54 KEWX 011446
CLMSAT

SATCLMSAT 000
TTAA00 KEWX 011416

CLIMATE REPORT
NATIONAL WEATHER SERVICE AUSTIN/SAN ANTONIO, TX
945 AM CDT SAT NOV 1 2014

...................................

...THE SAN ANTONIO CLIMATE SUMMARY FOR THE MONTH OF OCTOBER 2014...

CLIMATE NORMAL PERIOD 1981 TO 2010
CLIMATE RECORD PERIOD 1886 TO 2014

WEATHER         OBSERVED          NORMAL  DEPART  LAST YEAR`S
                 VALUE   DATE(S)  VALUE   FROM    VALUE  DATE(S)
                                          NORMAL
................................................................
TEMPERATURE (F)
HIGHEST            95   10/02                         93  10/04
                                                          10/02
                                                          10/01
LOWEST             51   10/14                         46  10/20
AVG. MAXIMUM     87.3              82.2     5.1     83.9
AVG. MINIMUM     65.2              60.1     5.1     63.0
MEAN             76.3              71.2     5.1     73.5
DAYS MAX >= 90      8                                  7
DAYS MAX <= 32      0                                  0
DAYS MIN <= 32      0                                  0
DAYS MIN <= 0       0                                  0

PRECIPITATION (INCHES)
TOTALS           1.91              4.11   -2.20     2.81
DAILY AVG.       0.06              0.13   -0.07     0.09
DAYS >= .01         4                                  8
DAYS >= .10         2                                  6
DAYS >= .50         2                                  3
DAYS >= 1.00        1                                  0
GREATEST
 24 HR. TOTAL    1.27   10/31 TO 10/31
                        10/30 TO 10/31
                        10/31 TO 10/31

SNOWFALL (INCHES)
TOTALS            0.0               0.0     0.0      0.0
SINCE 7/1         0.0               0.0     0.0      0.0

DEGREE_DAYS
HEATING TOTAL       0                31     -31       11
 SINCE 7/1          0                33     -33       11
COOLING TOTAL     355               221     134      282
 SINCE 1/1       3471              3055     416     3433
.................................................................

WIND (MPH)
AVERAGE WIND SPEED              8.0
HIGHEST WIND SPEED/DIRECTION    29/320    DATE  10/13
HIGHEST GUST SPEED/DIRECTION    36/320    DATE  10/13

SKY COVER
POSSIBLE SUNSHINE (PERCENT)   MM
AVERAGE SKY COVER           0.40
NUMBER OF DAYS FAIR           12
NUMBER OF DAYS PC             17
NUMBER OF DAYS CLOUDY          2

AVERAGE RH (PERCENT)     61

WEATHER CONDITIONS. NUMBER OF DAYS WITH
THUNDERSTORM              0     MIXED PRECIP               0
HEAVY RAIN                2     RAIN                       2
LIGHT RAIN                5     FREEZING RAIN              0
LT FREEZING RAIN          0     HAIL                       0
HEAVY SNOW                0     SNOW                       0
LIGHT SNOW                0     SLEET                      0
FOG                       6     FOG W/VIS <= 1/4 MILE      0
HAZE                      5

-  INDICATES NEGATIVE NUMBERS.
R  INDICATES RECORD WAS SET OR TIED.
MM INDICATES DATA IS MISSING.
T  INDICATES TRACE AMOUNT.

&&
SEA LEVEL PRESSURE DATA:
HIGHEST  SLP 30.28 ON 31
LOWEST   SLP 29.67 ON 13


PRELIMINARY LOCAL CLIMATOLOGICAL DATA (WS FORM: F-6)

                                          STATION:   SAN ANTONIO
                                          MONTH:     OCTOBER
                                          YEAR:      2014
                                          LATITUDE:   29 31 N
                                          LONGITUDE:  98 28 W

  TEMPERATURE IN F:       :PCPN:    SNOW:  WIND      :SUNSHINE: SKY     :PK WND
================================================================================
1   2   3   4   5  6A  6B    7    8   9   10  11  12  13   14  15   16   17  18
                                     12Z  AVG MX 2MIN
DY MAX MIN AVG DEP HDD CDD  WTR  SNW DPTH SPD SPD DIR MIN PSBL S-S WX    SPD DR
================================================================================

 1  94  76  85  10   0  20 0.00  0.0    0  9.3 17 160   M    M   5        25 150
 2  95  79  87  12   0  22 0.00  0.0    0 11.1 21 200   M    M   7 8      29 200
 3  90  67  79   4   0  14 0.00  0.0    0  8.8 18  10   M    M   2        23  10
 4  84  62  73  -1   0   8 0.00  0.0    0  8.5 16 170   M    M   0        20 140
 5  89  64  77   3   0  12 0.00  0.0    0 11.3 22 140   M    M   3        27 150
 6  92  74  83   9   0  18    T  0.0    0  8.5 21 100   M    M   6        26 100
 7  94  75  85  11   0  20 0.00  0.0    0  8.8 21 160   M    M   5        25 150
 8  92  76  84  11   0  19 0.00  0.0    0 12.2 21 150   M    M   5        27 140
 9  94  76  85  12   0  20    T  0.0    0 14.5 22 160   M    M   6        27 150
10  94  77  86  13   0  21 0.00  0.0    0 14.9 23 170   M    M   6        30 150
11  79  64  72  -1   0   7 0.61  0.0    0  9.6 23 360   M    M   9 13     28 360
12  79  63  71  -1   0   6    T  0.0    0  6.0 20 150   M    M   9 1      26 150
13  82  59  71  -1   0   6 0.01  0.0    0 13.4 29 320   M    M   3        36 320
14  83  51  67  -5   0   2 0.00  0.0    0  7.5 18 310   M    M   0        24 320
15  88  52  70  -2   0   5 0.00  0.0    0  5.8 12 190   M    M   0 8      20 180
16  89  54  72   1   0   7 0.00  0.0    0  8.6 20 150   M    M   0        23 160
17  89  58  74   3   0   9 0.00  0.0    0  6.0 14 220   M    M   0        17 210
18  89  69  79   8   0  14 0.00  0.0    0  5.8 14  60   M    M   6        18  70
19  86  66  76   6   0  11 0.00  0.0    0  7.0 17 120   M    M   6        22 110
20  85  66  76   6   0  11 0.00  0.0    0  6.9 15 110   M    M   7 18     19 110
21  84  62  73   3   0   8 0.00  0.0    0  5.8 15 110   M    M   4        21 100
22  85  63  74   4   0   9 0.00  0.0    0  5.7 16 140   M    M   6        22 140
23  85  67  76   7   0  11 0.02  0.0    0  3.4 12 120   M    M   5 18     13 120
24  88  60  74   5   0   9 0.00  0.0    0  3.3 10 150   M    M   1        13 250
25  89  62  76   7   0  11 0.00  0.0    0  3.8 12 170   M    M   0        15 170
26  87  59  73   5   0   8 0.00  0.0    0  7.5 16 160   M    M   0        24 130
27  87  65  76   8   0  11 0.00  0.0    0 11.0 21 150   M    M   2        26 150
28  85  67  76   8   0  11 0.00  0.0    0  4.3 12 170   M    M   5        16 170
29  85  66  76   9   0  11 0.00  0.0    0  4.7 12  50   M    M   5        14  40
30  86  66  76   9   0  11 0.00  0.0    0  4.6  9 100   M    M   4 18     12 190
31  79  57  68   1   0   3 1.27  0.0    0  9.9 21 360   M    M   4 13     27  60
================================================================================
SM 2707 2022         0 355  1.91     0.0 248.5          M      121
================================================================================
AV 87.3 65.2                               8.0 FASTST   M    M   4    MAX(MPH)
                                 MISC ---->  # 29 320               # 36  320
================================================================================
NOTES:
# LAST OF SEVERAL OCCURRENCES

COLUMN 17 PEAK WIND IN M.P.H.

PRELIMINARY LOCAL CLIMATOLOGICAL DATA (WS FORM: F-6) , PAGE 2

                                          STATION:  SAN ANTONIO
                                          MONTH:    OCTOBER
                                          YEAR:     2014
                                          LATITUDE:   29 31 N
                                          LONGITUDE:  98 28 W

SYMBOLS USED IN COLUMN 16

1 = FOG OR MIST
2 = FOG REDUCING VISIBILITY
    TO 1/4 MILE OR LESS
3 = THUNDER
4 = ICE PELLETS
5 = HAIL
6 = FREEZING RAIN OR DRIZZLE
7 = DUSTSTORM OR SANDSTORM:
    VSBY 1/2 MILE OR LESS
8 = SMOKE OR HAZE
9 = BLOWING SNOW
X = TORNADO

$$
