000
CXUS54 KEWX 011826 CCA
CLMSAT

CLIMATE REPORT...CORRECTION FOR PRELIMINARY F-6 TABLE
NATIONAL WEATHER SERVICE AUSTIN/SAN ANTONIO, TX
1226 PM CST SUN MAR 1 2015

...................................

...THE SAN ANTONIO CLIMATE SUMMARY FOR THE MONTH OF FEBRUARY 2015...

CLIMATE NORMAL PERIOD 1981 TO 2010
CLIMATE RECORD PERIOD 1886 TO 2015

WEATHER         OBSERVED          NORMAL  DEPART  LAST YEAR`S
                 VALUE   DATE(S)  VALUE   FROM    VALUE  DATE(S)
                                          NORMAL
................................................................
TEMPERATURE (F)
HIGHEST            84   02/09                         92  02/14
LOWEST             32   02/24                         29  02/06
                        02/23
                        02/18
AVG. MAXIMUM     63.0              66.9    -3.9     68.9
AVG. MINIMUM     43.3              44.2    -0.9     46.0
MEAN             53.2              55.6    -2.4     57.4
DAYS MAX >= 90      0                                  1
DAYS MAX <= 32      0                                  0
DAYS MIN <= 32      3                                  3
DAYS MIN <= 0       0                                  0

PRECIPITATION (INCHES)
TOTALS           0.53              1.79   -1.26     0.42
DAILY AVG.       0.02              0.06   -0.04     0.01
DAYS >= .01         7                                  5
DAYS >= .10         2                                  2
DAYS >= .50         0                                  0
DAYS >= 1.00        0                                  0
GREATEST
 24 HR. TOTAL    0.30   02/03 TO 02/04

SNOWFALL (INCHES)
TOTALS              T                 T     0.0      0.3
SINCE 7/1           T               0.7    -0.7      0.4

DEGREE_DAYS
HEATING TOTAL     337               283      54      266
 SINCE 7/1       1315              1301      14     1334
COOLING TOTAL      13                19      -6       62
 SINCE 1/1         13                26     -13       65
.................................................................

WIND (MPH)
AVERAGE WIND SPEED              8.4
HIGHEST WIND SPEED/DIRECTION    30/350    DATE  02/16
HIGHEST GUST SPEED/DIRECTION    37/020    DATE  02/22

SKY COVER
POSSIBLE SUNSHINE (PERCENT)   MM
AVERAGE SKY COVER           0.60
NUMBER OF DAYS FAIR            7
NUMBER OF DAYS PC              8
NUMBER OF DAYS CLOUDY         13

AVERAGE RH (PERCENT)     66

WEATHER CONDITIONS. NUMBER OF DAYS WITH
THUNDERSTORM              0     MIXED PRECIP               0
HEAVY RAIN                0     RAIN                       0
LIGHT RAIN               13     FREEZING RAIN              0
LT FREEZING RAIN          2     HAIL                       0
HEAVY SNOW                0     SNOW                       0
LIGHT SNOW                0     SLEET                      1
FOG                      13     FOG W/VIS <= 1/4 MILE      2
HAZE                      8

-  INDICATES NEGATIVE NUMBERS.
R  INDICATES RECORD WAS SET OR TIED.
MM INDICATES DATA IS MISSING.
T  INDICATES TRACE AMOUNT.

&&

MONTHLY CLIMATE SUMMARY
FEBRUARY 2015 WAS 39TH COOLEST AND 31 DRIEST FEBRUARY SINCE RECORD
KEEPING BEGAN.

SEA LEVEL PRESSURE DATA
HIGHEST SLP 30.45 ON THE 23RD
LOWEST  SLP 29.73 ON THE 20TH

PRELIMINARY LOCAL CLIMATOLOGICAL DATA (WS FORM: F-6)

                                          STATION:   SAN ANTONIO
                                          MONTH:     FEBRUARY
                                          YEAR:      2015
                                          LATITUDE:   29 31 N
                                          LONGITUDE:  98 28 W

  TEMPERATURE IN F:       :PCPN:    SNOW:  WIND      :SUNSHINE: SKY     :PK WND
================================================================================
1   2   3   4   5  6A  6B    7    8   9   10  11  12  13   14  15   16   17  18
                                     12Z  AVG MX 2MIN
DY MAX MIN AVG DEP HDD CDD  WTR  SNW DPTH SPD SPD DIR MIN PSBL S-S WX    SPD DR
================================================================================

 1  77  48  63  10   2   0 0.00  0.0    0 10.4 26 360   M    M   8 12     36 360
 2  52  38  45  -8  20   0 0.00  0.0    0  8.8 22  20   M    M   7        31  10
 3  45  41  43 -10  22   0 0.28  0.0    0  3.5  9 160   M    M  10 18     10 110
 4  53  44  49  -5  16   0 0.02  0.0    0  4.0 10 230   M    M   8 18     14 220
 5  53  42  48  -6  17   0    T  0.0    0  9.7 21 360   M    M  10 1      27 340
 6  56  43  50  -4  15   0 0.00  0.0    0  3.8 12 210   M    M   8        16 200
 7  68  49  59   5   6   0 0.00  0.0    0  9.1 18 220   M    M   6        24 210
 8  74  52  63   9   2   0    T  0.0    0  8.6 16 230   M    M   6 128    20 230
 9  84  50  67  13   0   2 0.00  0.0    0  3.6 14  20   M    M   0        19  10
10  80  46  63   8   2   0 0.00  0.0    0  7.2 15 200   M    M   0        23 210
11  76  47  62   7   3   0 0.00  0.0    0  6.3 20 150   M    M   2        26 130
12  65  48  57   2   8   0 0.00  0.0    0 10.6 21  10   M    M   5        32  50
13  69  47  58   3   7   0 0.00  0.0    0  4.3 13 200   M    M   6        17 230
14  74  48  61   6   4   0 0.00  0.0    0  6.1 13 230   M    M   6 18     16 220
15  70  61  66  10   0   1 0.06  0.0    0  8.4 17 160   M    M   9 18     22 160
16  65  40  53  -3  12   0 0.02  0.0    0 11.9 30 350   M    M   9 1      37 350
17  56  36  46 -10  19   0    T    T    0  8.6 23 350   M    M   6 4      29 340
18  64  32  48  -8  17   0 0.00  0.0    0  7.3 17 180   M    M   0        23 180
19  70  38  54  -2  11   0 0.00  0.0    0 10.2 23 160   M    M   1        30 160
20  79  58  69  12   0   4 0.00  0.0    0 14.3 22 160   M    M   8        28 150
21  79  62  71  14   0   6 0.00  0.0    0  9.1 16 170   M    M   7        21 180
22  66  40  53  -4  12   0    T  0.0    0 11.4 28  20   M    M  10 18     37  20
23  41  32  37 -20  28   0    T  0.0    0 14.1 24  10   M    M  10 6      32  30
24  42  32  37 -21  28   0    T  0.0    0  6.8 12 110   M    M  10 168    14  10
25  67  36  52  -6  13   0 0.01  0.0    0  6.5 20 340   M    M   3 1      26 320
26  62  36  49  -9  16   0 0.00  0.0    0 10.3 23  20   M    M   3        29  50
27  38  33  36 -22  29   0 0.02  0.0    0 11.1 18  30   M    M  10 18     26  40
28  39  34  37 -21  28   0 0.12  0.0    0  9.1 14  10   M    M  10 1      19  60
================================================================================
SM 1764 1213       337  13  0.53    T    235.1          M      178
================================================================================
AV 63.0 43.3                               8.4 FASTST   M    M   6    MAX(MPH)
                                 MISC ---->  # 30 350               # 37  350
================================================================================
NOTES:
# LAST OF SEVERAL OCCURRENCES

COLUMN 17 PEAK WIND IN M.P.H.

SYMBOLS USED IN COLUMN 16

1 = FOG OR MIST
2 = FOG REDUCING VISIBILITY
    TO 1/4 MILE OR LESS
3 = THUNDER
4 = ICE PELLETS
5 = HAIL
6 = FREEZING RAIN OR DRIZZLE
7 = DUSTSTORM OR SANDSTORM:
    VSBY 1/2 MILE OR LESS
8 = SMOKE OR HAZE
9 = BLOWING SNOW
X = TORNADO

$$
