000
CXUS52 KCHS 012209
CLMSAV

CLIMATE REPORT
NATIONAL WEATHER SERVICE CHARLESTON SC
600 PM EDT TUE AUG 1 2017

...................................

...THE SAVANNAH GA CLIMATE SUMMARY FOR THE MONTH OF JULY 2017...

CLIMATE NORMAL PERIOD 1981 TO 2010
CLIMATE RECORD PERIOD 1871 TO 2017

WEATHER         OBSERVED          NORMAL  DEPART  LAST YEAR`S
                 VALUE   DATE(S)  VALUE   FROM    VALUE  DATE(S)
                                          NORMAL
................................................................
TEMPERATURE (F)
RECORD
 HIGH             105   07/20/1986
                        07/12/1879
 LOW               61   07/09/1972
                        07/23/1966
                        07/07/1964
HIGHEST            98   07/05                        100  07/30
                                                          07/29
LOWEST             68   07/31                         73  07/21
                                                          07/18
                                                          07/17
AVG. MAXIMUM     92.4              92.4     0.0     96.8
AVG. MINIMUM     74.2              72.8     1.4     75.5
MEAN             83.3              82.6     0.7     86.1
DAYS MAX >= 90     25              22.6     2.4       31
DAYS MAX <= 32      0               0.0     0.0        0
DAYS MIN <= 32      0               0.0     0.0        0
DAYS MIN <= 0       0               0.0     0.0        0

PRECIPITATION (INCHES)
RECORD
 MAXIMUM        20.10   1964
 MINIMUM         0.82   1888
TOTALS           6.21              5.60    0.61     1.21
DAYS >= .01        15              12.3     2.7        7
DAYS >= .10        13               8.2     4.8        4
DAYS >= .50         5               4.0     1.0        1
DAYS >= 1.00        1               1.7    -0.7        0
GREATEST
 24 HR. TOTAL    1.37   07/05

DEGREE_DAYS
HEATING TOTAL       0                 0       0        0
 SINCE 7/1          0                 0       0
COOLING TOTAL     573               546      27      661
 SINCE 1/1       1701              1395     306
.................................................................

WIND (MPH)
AVERAGE WIND SPEED              6.0
HIGHEST WIND SPEED/DIRECTION    44/250
HIGHEST GUST SPEED/DIRECTION    64/230


WEATHER CONDITIONS. NUMBER OF DAYS WITH
THUNDERSTORM             18     MIXED PRECIP               0
HEAVY RAIN               12     RAIN                      12
LIGHT RAIN               18     FREEZING RAIN              0
LT FREEZING RAIN          0     HAIL                       0
HEAVY SNOW                0     SNOW                       0
LIGHT SNOW                0     SLEET                      0
FOG                      15     FOG W/VIS <= 1/4 MILE      1
HAZE                      5

-  INDICATES NEGATIVE NUMBERS.
R  INDICATES RECORD WAS SET OR TIED.
MM INDICATES DATA IS MISSING.
T  INDICATES TRACE AMOUNT.

&&

NO RECORDS WERE ESTABLISHED AT THE SAVANNAH INTERNATIONAL AIRPORT
DURING THE MONTH.

$$
