000
CXUS52 KCHS 012017 CCA
CLMSAV

CLIMATE REPORT...CORRECTED
NATIONAL WEATHER SERVICE CHARLESTON SC
253 PM EST THU JAN 1 2015

...................................

...THE SAVANNAH GA CLIMATE SUMMARY FOR THE MONTH OF DECEMBER 2014...

CLIMATE NORMAL PERIOD 1981 TO 2010
CLIMATE RECORD PERIOD 1871 TO 2014

WEATHER         OBSERVED          NORMAL  DEPART  LAST YEAR`S
                 VALUE   DATE(S)  VALUE   FROM    VALUE  DATE(S)
                                          NORMAL
................................................................
TEMPERATURE (F)
RECORD
 HIGH              83   12/22/2013
                        12/06/2013
                        12/15/1971
 LOW                9   12/26/1983
                        12/13/1962
HIGHEST            80   12/28                         83  12/22
                                                          12/06
LOWEST             31   12/12                         32  12/19
                                                          12/13
AVG. MAXIMUM     66.4              62.5     3.9     68.3
AVG. MINIMUM     45.1              40.8     4.3     46.3
MEAN             55.8              51.7     4.1     57.3
DAYS MAX >= 90      0               0.0     0.0        0
DAYS MAX <= 32      0               0.1    -0.1        0
DAYS MIN <= 32      2               6.4    -4.4        2
DAYS MIN <= 0       0               0.0     0.0        0

PRECIPITATION (INCHES)
RECORD
 MAXIMUM        10.71   2009
 MINIMUM            T   1889
TOTALS           4.02              2.95    1.07     2.38
DAYS >= .01         7               8.4    -1.4        9
DAYS >= .10         5               5.1    -0.1        5
DAYS >= .50         3               1.7     1.3        2
DAYS >= 1.00        2               0.8     1.2        0
GREATEST
 24 HR. TOTAL    2.12   12/23 TO 12/24

SNOWFALL (INCHES)
TOTALS            0.0               0.2    -0.2
SINCE 7/1         0.0               0.2    -0.2

DEGREE_DAYS
HEATING TOTAL     284               423    -139
 SINCE 7/1        576               690    -114
COOLING TOTAL       6                 9      -3
 SINCE 1/1       2732              2458     274
.................................................................

WIND (MPH)
AVERAGE WIND SPEED              4.9
HIGHEST WIND SPEED/DIRECTION    24/190
HIGHEST GUST SPEED/DIRECTION    37/190


WEATHER CONDITIONS. NUMBER OF DAYS WITH
THUNDERSTORM              2     MIXED PRECIP               0
HEAVY RAIN                5     RAIN                       3
LIGHT RAIN               12     FREEZING RAIN              0
LT FREEZING RAIN          0     HAIL                       0
HEAVY SNOW                0     SNOW                       0
LIGHT SNOW                0     SLEET                      0
FOG                      19     FOG W/VIS <= 1/4 MILE      5
HAZE                      7

-  INDICATES NEGATIVE NUMBERS.
R  INDICATES RECORD WAS SET OR TIED.
MM INDICATES DATA IS MISSING.
T  INDICATES TRACE AMOUNT.

&&

RECORDS ESTABLISHED DURING THE MONTH:

*DECEMBER 28 - RECORD HIGH TEMPERATURE OF 80 DEGREES

$$
