000
CXUS46 KLOX 011734
CLMSBA


CLIMATE REPORT
NATIONAL WEATHER SERVICE LOS ANGELES/OXNARD CA
1034 AM PDT TUE SEP 1 2015

...................................

...THE SANTA BARBARA AIRPORT CA CLIMATE SUMMARY FOR THE MONTH OF AUGUST 2015...

CLIMATE NORMAL PERIOD 1981 TO 2010
CLIMATE RECORD PERIOD 1940 TO 2015

WEATHER         OBSERVED          NORMAL  DEPART  LAST YEAR`S
                 VALUE   DATE(S)  VALUE   FROM    VALUE
                                          NORMAL
.............................................................
TEMPERATURE (F)
HIGHEST            94   08/29
LOWEST             55   08/13
AVG. MAXIMUM     80.7              74.4     6.3
AVG. MINIMUM     61.4              57.6     3.8
MEAN             71.1              66.0     5.1
DAYS MAX >= 90      1
DAYS MAX <= 32      0
DAYS MIN <= 32      0
DAYS MIN <= 0       0

PRECIPITATION (INCHES)
TOTALS              T              0.12   -0.12
DAILY AVG.       0.00
DAYS >= .01         0
DAYS >= .10         0
DAYS >= .50         0
DAYS >= 1.00        0
GREATEST
 24 HR. TOTAL       T   08/18 TO 08/18

DEGREE_DAYS
HEATING TOTAL       0                24     -24        0
 SINCE 7/1          0                51     -51        0
COOLING TOTAL     196                55     141       92
 SINCE 1/1        378               127     251      331
..............................................................

WIND (MPH)
AVERAGE WIND SPEED              5.4
HIGHEST WIND SPEED/DIRECTION    17/300    DATE  08/29
HIGHEST GUST SPEED/DIRECTION    27/290    DATE  08/29

SKY COVER
POSSIBLE SUNSHINE (PERCENT)   MM
AVERAGE SKY COVER           0.20
NUMBER OF DAYS FAIR           25
NUMBER OF DAYS PC              6
NUMBER OF DAYS CLOUDY          0

AVERAGE RH (PERCENT)     72

WEATHER CONDITIONS. NUMBER OF DAYS WITH
THUNDERSTORM              0     MIXED PRECIP               0
HEAVY RAIN                0     RAIN                       0
LIGHT RAIN                1     FREEZING RAIN              0
LT FREEZING RAIN          0     HAIL                       0
HEAVY SNOW                0     SNOW                       0
LIGHT SNOW                0     SLEET                      0
FOG                       9     FOG W/VIS <= 1/4 MILE      1
HAZE                     11

-  INDICATES NEGATIVE NUMBERS.
R  INDICATES RECORD WAS SET OR TIED.
MM INDICATES DATA IS MISSING.
T  INDICATES TRACE AMOUNT.

$$
