000
CXUS53 KIWX 011901
CLMSBN

CLIMATE REPORT
NATIONAL WEATHER SERVICE NORTHERN INDIANA
200 PM EST THU FEB 1 2018

...................................

...THE SOUTH BEND CLIMATE SUMMARY FOR THE MONTH OF JANUARY 2018...

CLIMATE NORMAL PERIOD 1981 TO 2010
CLIMATE RECORD PERIOD 1893 TO 2018

WEATHER         OBSERVED          NORMAL  DEPART  LAST YEAR`S
                 VALUE   DATE(S)  VALUE   FROM    VALUE  DATE(S)
                                          NORMAL
................................................................
TEMPERATURE (F)
RECORD
 HIGH              68   01/25/1950
 LOW              -22   01/20/1943
                        01/25/1897
HIGHEST            58   01/11        MM      MM       61  01/21
LOWEST            -15   01/02        MM      MM       -4  01/07
AVG. MAXIMUM     31.0              31.3    -0.3     35.4
AVG. MINIMUM     16.5              17.6    -1.1     24.0
MEAN             23.7              24.4    -0.7
DAYS MAX >= 90      0               0.0     0.0        0
DAYS MAX <= 32     17              16.2     0.8       11
DAYS MIN <= 32     28              27.7     0.3       21
DAYS MIN <= 0       5               2.8     2.2        2

PRECIPITATION (INCHES)
RECORD
 MAXIMUM         5.34   2008
 MINIMUM         0.44   1945
TOTALS           1.93              2.29   -0.36     3.34
DAILY AVG.       0.06              0.07   -0.01     0.11
DAYS >= .01        20              15.7     4.3       19
DAYS >= .10         8               6.1     1.9       11
DAYS >= .50         0               0.9    -0.9        2
DAYS >= 1.00        0               0.3    -0.3        0
GREATEST
 24 HR. TOTAL    0.48   01/22 TO 01/22

SNOWFALL (INCHES)
RECORDS
 TOTAL           86.1   1978
TOTALS           22.0              20.6     1.4      9.1
SINCE 7/1        54.4              43.1    11.3     33.3
SNOWDEPTH AVG.      3                 4      -1        1
DAYS >= 1.0         8               6.2     1.8        3
GREATEST
 SNOW DEPTH        12   01/05
 24 HR TOTAL      4.3   01/03 TO 01/03

DEGREE_DAYS
HEATING TOTAL    1271              1257      14     1086
 SINCE 7/1       3675              3648      27     3208
COOLING TOTAL       0                 0       0        0
 SINCE 1/1          0                 0       0        0
.................................................................

WIND (MPH)
AVERAGE WIND SPEED              11.2
HIGHEST WIND SPEED/DIRECTION    35/360    DATE  01/12
HIGHEST GUST SPEED/DIRECTION    42/350    DATE  01/12

SKY COVER
POSSIBLE SUNSHINE (PERCENT)   MM
AVERAGE SKY COVER           0.70
NUMBER OF DAYS FAIR            7
NUMBER OF DAYS PC              7
NUMBER OF DAYS CLOUDY         17

AVERAGE RH (PERCENT)     80

WEATHER CONDITIONS. NUMBER OF DAYS WITH
THUNDERSTORM              0     MIXED PRECIP               0
HEAVY RAIN                2     RAIN                       2
LIGHT RAIN                6     FREEZING RAIN              1
LT FREEZING RAIN          3     HAIL                       0
HEAVY SNOW                1     SNOW                       6
LIGHT SNOW               18     SLEET                      0
FOG                      22     FOG W/VIS <= 1/4 MILE      4
HAZE                     14

-  INDICATES NEGATIVE NUMBERS.
R  INDICATES RECORD WAS SET OR TIED.
MM INDICATES DATA IS MISSING.
T  INDICATES TRACE AMOUNT.

&&

A NEAR NORMAL JANUARY...

JANUARY WAS A MONTH OF EXTREMES AND FLUCTUATIONS IN THE WEATHER
AS VERY COLD AND WARM TEMPERATURES WERE EXPERIENCED AT TIMES. THE
MONTH BEGAN WITH BITTERLY COLD ARCTIC AIR AND SUB ZERO TEMPERATURES
ACROSS THE REGION MAKING FOR ONE OF THE COLDEST NEW YEAR DAYS IN
HISTORY. THE COLD AIR SUBSIDED BRIEFLY BUT CAME BACK WITH MORE SUB
ZERO AIR DURING THE SECOND AND THIRD WEEKS OF THE MONTH.

THE DIFFERENCE BETWEEN THE WARMEST AND COLDEST TEMPERATURES WAS A
WHOPPING 73 DEGREES AND SEPARATED BY JUST 8 DAYS. THE LOWEST
TEMPERATURE OF THE MONTH WAS 15 DEGREES BELOW ZERO ON THE 2ND AND
THE WARMEST TEMPERATURE WAS 58 DEGREES ON THE 11TH. BOTH OF THESE
TEMPERATURES WERE DAILY RECORDS ON THEIR RESPECTIVE DATES.

DESPITE THE OVERALL FEELING THAT JANUARY WAS COLD, THERE WERE
ACTUALLY MORE DAYS WITH ABOVE NORMAL TEMPERATURES THAN BELOW NORMAL.
HOWEVER, MOST BELOW NORMAL DAYS WERE WELL BELOW NORMAL AND AS MUCH
AS 20 TO 30 DEGREES BELOW NORMAL. THIS WAS DUE TO BITTERLY COLD
ARCTIC AIR THAT INTRUDED DURING TWO SEPARATE PERIODS DURING THE
FIRST HALF OF THE MONTH.  THE PERIOD FROM JANUARY 19TH THROUGH THE
31ST DID NOT HAVE A DAY WITH A BELOW NORMAL AVERAGE TEMPERATURE.
THIS MILD END TO THE MONTH HELPED EVEN OUT THE COLD STRETCHES AND
LED TO A NEAR NORMAL AVERAGE MONTHLY TEMPERATURE.

THE AVERAGE MONTHLY TEMPERATURE WAS 23.7 DEGREES, 0.7 DEGREES BELOW
NORMAL. THIS RANKED AS JUST THE 46TH COLDEST JANUARY ON RECORD AND
TIED WITH 1903 AND 1917. THERE WERE 5 DAYS WITH TEMPERATURES BELOW
ZERO.

PRECIPITATION FOR THE MONTH WAS 1.93 INCHES WHICH WAS 0.36 INCHES
BELOW NORMAL. THIS RANKED AS THE 56TH DRIEST JANUARY ON RECORD.

DESPITE BELOW NORMAL PRECIPITATION, SNOWFALL WAS SLIGHTLY ABOVE
NORMAL. A TOTAL OF 22.0 INCHES FELL WHICH WAS 1.4 INCHES ABOVE
NORMAL. THIS RANKED AS THE 37TH SNOWIEST JANUARY ON RECORD.

$$
LASHLEY
