807
CXUS53 KIWX 012218
CLMSBN

CLIMATE REPORT
NATIONAL WEATHER SERVICE NORTHERN INDIANA
503 PM EST FRI DEC 1 2017

...................................

...THE SOUTH BEND CLIMATE SUMMARY FOR THE MONTH OF NOVEMBER 2017...

CLIMATE NORMAL PERIOD 1981 TO 2010
CLIMATE RECORD PERIOD 1893 TO 2017

WEATHER         OBSERVED          NORMAL  DEPART  LAST YEAR`S
                 VALUE   DATE(S)  VALUE   FROM    VALUE  DATE(S)
                                          NORMAL
................................................................
TEMPERATURE (F)
RECORD
 HIGH              82   11/01/1950
 LOW               -7   11/25/1950
HIGHEST            61   11/28        MM      MM       77  11/01
                        11/05
LOWEST             21   11/26        MM      MM       24  11/12
                        11/10
AVG. MAXIMUM     46.8              48.2    -1.4     54.6
AVG. MINIMUM     31.1              33.3    -2.2     36.9
MEAN             38.9              40.7    -1.8
DAYS MAX >= 90      0               0.0     0.0        0
DAYS MAX <= 32      1               1.9    -0.9        0
DAYS MIN <= 32     18              13.6     4.4        8
DAYS MIN <= 0       0               0.0     0.0        0

PRECIPITATION (INCHES)
RECORD
 MAXIMUM         6.72   1985
 MINIMUM         0.26   2012
TOTALS           3.40              3.27    0.13     2.98
DAILY AVG.       0.11              0.11    0.00     0.10
DAYS >= .01        11              13.4    -2.4        8
DAYS >= .10         8               7.0     1.0        5
DAYS >= .50         2               2.0     0.0        3
DAYS >= 1.00        1               0.6     0.4        0
GREATEST
 24 HR. TOTAL    1.03   11/18 TO 11/18

SNOWFALL (INCHES)
RECORDS
 TOTAL           30.3   1977
TOTALS              T               4.8    -4.8      0.5
SINCE 7/1           T               5.2    -5.2      0.5
SNOWDEPTH AVG.      0                MM      MM        0
DAYS >= 1.0         0               1.7    -1.7        0
GREATEST
 SNOW DEPTH         0   MM
 24 HR TOTAL        T   11/19 TO 11/19

DEGREE_DAYS
HEATING TOTAL     775               728      47      569
 SINCE 7/1       1183              1269     -86      901
COOLING TOTAL       0                 0       0        1
 SINCE 1/1        692               773     -81      950
.................................................................

WIND (MPH)
AVERAGE WIND SPEED              9.5
HIGHEST WIND SPEED/DIRECTION    30/360    DATE  11/18
HIGHEST GUST SPEED/DIRECTION    38/360    DATE  11/18

SKY COVER
POSSIBLE SUNSHINE (PERCENT)   MM
AVERAGE SKY COVER           0.50
NUMBER OF DAYS FAIR            8
NUMBER OF DAYS PC             13
NUMBER OF DAYS CLOUDY          9

AVERAGE RH (PERCENT)     76

WEATHER CONDITIONS. NUMBER OF DAYS WITH
THUNDERSTORM              0     MIXED PRECIP               0
HEAVY RAIN                2     RAIN                       6
LIGHT RAIN               13     FREEZING RAIN              0
LT FREEZING RAIN          0     HAIL                       0
HEAVY SNOW                0     SNOW                       0
LIGHT SNOW                3     SLEET                      0
FOG                      14     FOG W/VIS <= 1/4 MILE      3
HAZE                      1

-  INDICATES NEGATIVE NUMBERS.
R  INDICATES RECORD WAS SET OR TIED.
MM INDICATES DATA IS MISSING.
T  INDICATES TRACE AMOUNT.

&&

...NOVEMBER WAS COOL WITH NEAR NORMAL PRECIPITATION...

WHILE THE LAST WEEK OF NOVEMBER EXPERIENCED NEAR NORMAL TO ABOVE
NORMAL TEMPERATURES AND BELOW NORMAL PRECIPITATION...THE BEGINNING
TO MIDDLE PORTION OF THE MONTH WAS COLD AND GENERALLY WET. THE
COOLER TEMPERATURES WERE A REVERSAL FROM A VERY WARM BUT WET
OCTOBER. DESPITE BEING COOL AND WET, ONLY A TRACE OF SNOWFALL WAS
RECORDED DURING THE ENTIRE MONTH.

THE AVERAGE MONTHLY TEMPERATURE WAS 38.9 DEGREES, 1.8 DEGREES BELOW
NORMAL. THIS RANKED AS THE 39TH COOLEST NOVEMBER ON RECORD AT SOUTH
BEND. THE WARMEST TEMPERATURE WAS 61 ON THE 5TH AND 28TH. THE
COLDEST TEMPERATURE OF 21 OCCURRED ON THE 10TH AND 26TH.

TOTAL PRECIPITATION FOR THE MONTH WAS 3.40 INCHES WHICH WAS 0.13
INCHES ABOVE NORMAL. THIS RANKED AS THE 37TH WETTEST NOVEMBER ON
RECORD. NEARLY HALF OF THE TOTAL MONTHLY PRECIPITATION FELL ON JUST
TWO DAYS, THE 17TH AND 18TH WITH 1.56 INCHES BEING MEASURED. A TOTAL
OF 11 DAYS SAW MEASURABLE PRECIPITATION FALL.

THERE WAS ONLY A TRACE OF SNOWFALL RECORDED IN NOVEMBER. SINCE A
TRACE IS CONSIDERED NON-MEASURABLE, THIS TIED WITH 7 OTHER YEARS IN
WHICH NO MEASURABLE SNOWFALL OCCURRED IN NOVEMBER. FIVE OF THESE 8
YEARS WITH NO MEASURABLE SNOWFALL HAVE OCCURRED SINCE 2001.

$$
