000
CXUS51 KAKQ 021325
CLMSBY


CLIMATE REPORT
NATIONAL WEATHER SERVICE WAKEFIELD, VA
925 AM EDT SAT APR 2 2016

...................................

...THE SALISBURY MD CLIMATE SUMMARY FOR THE MONTH OF MARCH 2016...

CLIMATE NORMAL PERIOD 1981 TO 2010
CLIMATE RECORD PERIOD 1900 TO 2016

WEATHER         OBSERVED          NORMAL  DEPART  LAST YEAR`S
                 VALUE   DATE(S)  VALUE   FROM    VALUE  DATE(S)
                                          NORMAL
................................................................
TEMPERATURE (F)
RECORD
 HIGH              93   MM
 LOW               10   03/04/2014
HIGHEST            77   03/25        MM      MM       72  03/17
                        03/10
LOWEST             24   03/03        MM      MM       11  03/07
AVG. MAXIMUM     61.3              55.0     6.3     53.9
AVG. MINIMUM     39.8              34.5     5.3     32.5
MEAN             50.5              44.7     5.8     43.2
DAYS MAX >= 90      0               0.0     0.0        0
DAYS MAX <= 32      0               0.4    -0.4        1
DAYS MIN <= 32      9              13.5    -4.5       16
DAYS MIN <= 0       0               0.0     0.0        0

PRECIPITATION (INCHES)
RECORD
 MAXIMUM           MM   MM
 MINIMUM           MM   MM
TOTALS           1.78              4.42   -2.64     4.07
DAILY AVG.       0.06              0.14   -0.08     0.13
DAYS >= .01        14              11.0     3.0       13
DAYS >= .10         4               6.9    -2.9        9
DAYS >= .50         1               3.1    -2.1        4
DAYS >= 1.00        0               1.0    -1.0        0
GREATEST
 24 HR. TOTAL    0.58   03/20 TO 03/21

SNOWFALL (INCHES)
RECORDS
 TOTAL             MM   MM
TOTALS            5.8
SINCE 7/1        18.8               9.1     9.7     15.7
SNOWDEPTH AVG.      0                MM      MM        0
DAYS >= 1.0         2               0.4     1.6        1
GREATEST
 SNOW DEPTH         4   03/04                          4  03/06
 24 HR TOTAL      4.8   MM                       03/14 TO 03/14
                                                          03/14 TO 03/14
                                                          03/14 TO 03/14

DEGREE_DAYS
HEATING TOTAL     444               630    -186      669
 SINCE 7/1       3115              3935    -820     3882
COOLING TOTAL       3                 2       1        0
 SINCE 1/1          3                 2       1        0
.....................................................

WIND (MPH)
AVERAGE WIND SPEED              8.7
HIGHEST WIND SPEED/DIRECTION    32/330    DATE  03/02
HIGHEST GUST SPEED/DIRECTION    44/190    DATE  03/24

SKY COVER
POSSIBLE SUNSHINE (PERCENT)   MM
AVERAGE SKY COVER           0.40

AVERAGE RH (PERCENT)     68

WEATHER CONDITIONS. NUMBER OF DAYS WITH
THUNDERSTORM              1     MIXED PRECIP               0
HEAVY RAIN                3     RAIN                       5
LIGHT RAIN               13     FREEZING RAIN              0
LT FREEZING RAIN          0     HAIL                       0
HEAVY SNOW                0     SNOW                       0
LIGHT SNOW                3     SLEET                      0
FOG                      15     FOG W/VIS <= 1/4 MILE      3
HAZE                      2

-  INDICATES NEGATIVE NUMBERS.
R  INDICATES RECORD WAS SET OR TIED.
MM INDICATES DATA IS MISSING.
T  INDICATES TRACE AMOUNT.

$$
