000
CXUS46 KLOX 011605
CLMSDB


CLIMATE REPORT
NATIONAL WEATHER SERVICE LOS ANGELES/OXNARD CA
904 AM PDT TUE APR 1 2014

...................................

...THE SANDBERG CA CLIMATE SUMMARY FOR THE MONTH OF MARCH 2014...

CLIMATE NORMAL PERIOD 1981 TO 2010
CLIMATE RECORD PERIOD 1948 TO 2014

WEATHER         OBSERVED          NORMAL  DEPART  LAST YEAR`S
                 VALUE   DATE(S)  VALUE   FROM    VALUE
                                          NORMAL
.............................................................
TEMPERATURE (F)
HIGHEST            79   03/16
LOWEST             36   03/30
AVG. MAXIMUM     62.9              54.0     8.9
AVG. MINIMUM     44.6              39.3     5.3
MEAN             53.8              46.7     7.1
DAYS MAX >= 90      0
DAYS MAX <= 32      0
DAYS MIN <= 32      0
DAYS MIN <= 0       0

PRECIPITATION (INCHES)
TOTALS           0.31              1.73   -1.42
DAILY AVG.       0.01
DAYS >= .01         4
DAYS >= .10         1
DAYS >= .50         0
DAYS >= 1.00        0
GREATEST
 24 HR. TOTAL    0.23   03/01 TO 03/01

DEGREE_DAYS
HEATING TOTAL     342               570    -228      305
 SINCE 7/1       2127              3329   -1202     2669
COOLING TOTAL       3                 1       2       11
 SINCE 1/1         10                 1       9       11
..............................................................

WIND (MPH)
AVERAGE WIND SPEED              15.1
HIGHEST WIND SPEED/DIRECTION    56/340    DATE  03/17
HIGHEST GUST SPEED/DIRECTION    65/340    DATE  03/07

SKY COVER
POSSIBLE SUNSHINE (PERCENT)   MM
AVERAGE SKY COVER           0.20
NUMBER OF DAYS FAIR           18
NUMBER OF DAYS PC              2
NUMBER OF DAYS CLOUDY          2

AVERAGE RH (PERCENT)     56

WEATHER CONDITIONS. NUMBER OF DAYS WITH
THUNDERSTORM              0     MIXED PRECIP               0
HEAVY RAIN                0     RAIN                       1
LIGHT RAIN                6     FREEZING RAIN              0
LT FREEZING RAIN          0     HAIL                       0
HEAVY SNOW                0     SNOW                       0
LIGHT SNOW                1     SLEET                      0
FOG                      10     FOG W/VIS <= 1/4 MILE     10
HAZE                     11

-  INDICATES NEGATIVE NUMBERS.
R  INDICATES RECORD WAS SET OR TIED.
MM INDICATES DATA IS MISSING.
T  INDICATES TRACE AMOUNT.

$$
