000
CXUS53 KSGF 012152
CLMSGF


CLIMATE REPORT
NATIONAL WEATHER SERVICE SPRINGFIELD MO
452 PM CDT MON AUG 1 2016

...................................

...THE SPRINGFIELD MO CLIMATE SUMMARY FOR THE MONTH OF JULY 2016...

CLIMATE NORMAL PERIOD 1981 TO 2010
CLIMATE RECORD PERIOD 1888 TO 2016

WEATHER         OBSERVED          NORMAL  DEPART
                 VALUE   DATE(S)  VALUE   FROM
                                          NORMAL
................................................
TEMPERATURE (F)
RECORD
 HIGH             113   07/14/1954
 LOW               44   07/06/1972
                        07/21/1970
HIGHEST            98   07/24        90       8
                        07/23
LOWEST             63   07/15        67      -4
AVG. MAXIMUM     89.0              88.8     0.2
AVG. MINIMUM     71.2              67.6     3.6
MEAN             80.1              78.2     1.9
DAYS MAX >= 90     12              13.1    -1.1
DAYS MAX <= 32      0               0.0     0.0
DAYS MIN <= 32      0               0.0     0.0
DAYS MIN <= 0       0               0.0     0.0

PRECIPITATION (INCHES)
RECORD
 MAXIMUM        18.75   1958
 MINIMUM         0.32   2012
TOTALS           7.33              3.68    3.65
DAILY AVG.       0.24              0.12    0.12
DAYS >= .01        12               8.4     3.6
DAYS >= .10        11               5.8     5.2
DAYS >= .50         3               2.6     0.4
DAYS >= 1.00        3               1.1     1.9
GREATEST
 24 HR. TOTAL    2.08   07/25 TO 07/25
                        07/24 TO 07/25
                        07/25 TO 07/25

SNOWFALL (INCHES)
TOTALS            0.0
SINCE 7/1         0.0
DAYS >= TRACE       0

DEGREE_DAYS
HEATING TOTAL       0                 0       0
 SINCE 7/1          0                 0       0
COOLING TOTAL     476               410      66
 SINCE 1/1        992               788     204
.................................................

WIND (MPH)
AVERAGE WIND SPEED              8.0
HIGHEST WIND SPEED/DIRECTION    38/060    DATE  07/14
HIGHEST GUST SPEED/DIRECTION    50/050    DATE  07/14

SKY COVER
POSSIBLE SUNSHINE (PERCENT)   MM
AVERAGE SKY COVER           0.20
NUMBER OF DAYS FAIR           27
NUMBER OF DAYS PC              3
NUMBER OF DAYS CLOUDY          1

AVERAGE RH (PERCENT)     72

WEATHER CONDITIONS. NUMBER OF DAYS WITH
THUNDERSTORM              0     MIXED PRECIP               0
HEAVY RAIN                9     RAIN                       8
LIGHT RAIN               13     FREEZING RAIN              0
LT FREEZING RAIN          0     HAIL                       0
HEAVY SNOW                0     SNOW                       0
LIGHT SNOW                0     SLEET                      0
FOG                      14     FOG W/VIS <= 1/4 MILE      0
HAZE                      1

-  INDICATES NEGATIVE NUMBERS.
R  INDICATES RECORD WAS SET OR TIED.
MM INDICATES DATA IS MISSING.
T  INDICATES TRACE AMOUNT.

$$
