305
CXUS45 KSLC 032228 CCA
CLMSLC

SLCCLMSLC 000
TTAA00 KSLC 030146

CLIMATE REPORT...CORRECTED
NATIONAL WEATHER SERVICE SALT LAKE CITY UT
746 PM MDT SAT JUL 2 2016

...................................

...THE SALT LAKE CITY UT CLIMATE SUMMARY FOR THE MONTH OF JUNE 2016...

CLIMATE NORMAL PERIOD 1981 TO 2010
CLIMATE RECORD PERIOD 1874 TO 2016

WEATHER         OBSERVED          NORMAL  DEPART  LAST YEAR`S
                 VALUE   DATE(S)  VALUE   FROM    VALUE  DATE(S)
                                          NORMAL
................................................................
TEMPERATURE (F)
RECORD
 HIGH             105   06/29/2013
                        06/28/2013

 LOW               32   06/06/1914

HIGHEST           103   06/28                        104  06/29
LOWEST             55   06/16                         54  06/07
                        06/12
AVG. MAXIMUM     90.9              83.0     7.9     90.4
AVG. MINIMUM     64.0              56.4     7.6     64.5
MEAN             77.5              69.7     7.8     77.5
DAYS MAX >= 90     20               8.0    12.0       17
DAYS MAX <= 32      0               0.0     0.0        0
DAYS MIN <= 32      0               0.0     0.0        0
DAYS MIN <= 0       0               0.0     0.0        0

PRECIPITATION (INCHES)
TOTALS           0.52              0.98   -0.46     0.65
DAYS >= .01         3               5.6    -2.6        3
DAYS >= .10         2               2.7    -0.7        3
DAYS >= .50         0               0.4    -0.4        0
DAYS >= 1.00        0               0.1    -0.1        0

SNOWFALL (INCHES)
TOTALS            0.0               0.0     0.0      0.0
SINCE 7/1        34.3              56.2             15.4

DEGREE_DAYS
HEATING TOTAL       0                46     -46        0
 SINCE 7/1       4822              5607    -785     4363
COOLING TOTAL     380               187     193      380
 SINCE 1/1        427               237     190      411
.................................................................

WIND (MPH)
AVERAGE WIND SPEED              9.2
HIGHEST WIND SPEED/DIRECTION    38/200    DATE  06/15
HIGHEST GUST SPEED/DIRECTION    49/210    DATE  06/15


WEATHER CONDITIONS. NUMBER OF DAYS WITH
THUNDERSTORM              3     RAIN                       3
HAIL                      0     SNOW                       0
FOG                       2     FOG W/VIS <= 1/4 MILE      0
HAZE                      7

-  INDICATES NEGATIVE NUMBERS.
R  INDICATES RECORD WAS SET OR TIED.
MM INDICATES DATA IS MISSING.
T  INDICATES TRACE AMOUNT.

$$
