000
CXAK58 PASN 011328
CLMSNP

CLIMATE REPORT
NATIONAL WEATHER SERVICE ST PAUL, AK
528 AM AKDT TUE SEP 1 2015

...................................

...THE ST PAUL AIRPORT CLIMATE SUMMARY FOR THE MONTH OF AUGUST 2015...

CLIMATE NORMAL PERIOD 1981 TO 2010
CLIMATE RECORD PERIOD 1892 TO 2015

WEATHER         OBSERVED          NORMAL  DEPART  LAST YEAR`S
                 VALUE   DATE(S)  VALUE   FROM    VALUE  DATE(S)
                                          NORMAL
................................................................
TEMPERATURE (F)
RECORD
 HIGH              66   8/25/1987
 LOW               29   8/15/1981
HIGHEST            58   8/27         53       5      60  8/25
LOWEST             36   8/10         34       2      36  8/31
AVG. MAXIMUM       54.3              52.1     2.2    57.1
AVG. MINIMUM       47.3              45.6     1.7    48.5
MEAN               50.8              48.8     2.0    52.8
DAYS MAX >= 90      0                 0.0     0.0     0
DAYS MAX <= 32      0                 0.0     0.0     0
DAYS MAX >= 80      0                 0.0     0.0     0
DAYS MAX >= 70      0                 0.0     0.0     0
DAYS MIN <= 32      0                 0.1    -0.1     0
DAYS MIN <= 0       0                 0.0     0.0     0

PRECIPITATION (INCHES)
RECORD
 MAXIMUM            9.32   1953
 MINIMUM            0.17   1977
TOTALS              2.43              3.07   -0.64    4.12
DAILY AVG.          0.08              0.10   -0.02    0.13
DAYS >= .01        16                16.2    -0.2    19
DAYS >= .10         4                 7.6    -3.6    10
DAYS >= .50         1                 1.4    -0.4     3
DAYS >= 1.0         1                 0.3     0.7     0
GREATEST
 24 HR TOTAL        1.32   8/29                       0.98  8/23

SNOWFALL (INCHES)
RECORDS
 TOTAL              0.0   1949
 24 HR TOTAL        0.0   8-31-2015
 SNOW DEPTH         0     8-31-2015
TOTALS              0.0               0.0     0.0     0.0
SINCE 7/1           0.0               0.0     0.0     0.0
SNOWDEPTH AVG.      0                 0       0       0
DAYS >= TRACE       0                 0.0     0.0     0
DAYS >= 1.0         0                 0.0     0.0     0
DAYS >= 6.0         0                 0.0     0.0     0
GREATEST
 SNOW DEPTH         0   MM                            0  MM
 24 HR TOTAL      0.0   MM                          0.0  MM

DEGREE_DAYS
HEATING TOTAL     432               499     -67     372
 SINCE 7/1        910              1052    -142     818
COOLING TOTAL       0                 0       0       0
 SINCE 1/1          0                 0       0       0
................................................................

WIND (MPH)
AVERAGE WIND SPEED               11.4
HIGHEST WIND SPEED/DIRECTION     32/210    DATE   08/25
HIGHEST GUST SPEED/DIRECTION     42/210    DATE   08/25

SKY COVER
POSSIBLE SUNSHINE (PERCENT)   MM
AVERAGE SKY COVER             MM
NUMBER OF DAYS FAIR           MM
NUMBER OF DAYS PC             MM
NUMBER OF DAYS CLOUDY         MM

AVERAGE RH (PERCENT)     MM

WEATHER CONDITIONS. NUMBER OF DAYS WITH
THUNDERSTORM              0     ICE PELLETS                 0
RAIN                     20     GLAZE                       0
DRIZZLE                  10     HAIL                        0
SNOW                      0     HAZE                        2
FOG                      28     FOG W/VIS <= 1/4 MILE       7
BLOWING SNOW              0


-  INDICATES NEGATIVE NUMBERS.
R  INDICATES RECORD WAS SET OR TIED.
MM INDICATES DATA IS MISSING.
T  INDICATES TRACE AMOUNT.

&&
...A WARMER AND DRIER AUGUST FOR ST PAUL ALASKA...

AUGUST 2015 WAS A CONTINUATION OF WARMER TRENDS FOR ST PAUL. HIGH PRESSURE EARLY IN
THE MOTH KEPT THINGS RELATIVELY DRY. LOWS ON THE 7TH AND 13TH BROUGHT PERIODS OF
LIGHT SHOWERS THROUGH THE AREA. ANOTHER HIGH BUILT BACK OVER THE EASTERN BERING
BEFORE BEING ERODED AWAY BY THE 27TH...AND THE TRAILING FRONT BEHIND A LATE MONTH
LOW MOVING NORTH THROUGH ST.LAWRENCE ISLAND SPARKED VIGOROUS SHOWERS...INCLUDING
PERIODS OF HEAVY RAIN WHICH INCLUDED 0.15 INCHES OF RAINFALL IN ONLY 15 MINUTES AT
TIMES. IT WAS NOT ENOUGH TO MAKE UP FOR WHAT ENDED UP BEING A 0.64 INCH DEFICIT FOR
THE MONTH.

WITH RESPECT TO TEMPERATURES...THE AVERAGE DAILY MAXIMUM TEMPERATURE WAS THE FIFTH
WARMEST...THE AVERAGE DAILY MINIMUM TEMPERATURE WAS THE FIFTH WARMEST ON
RECORD...AND THE AVERAGE MEAN DAILY TEMPERATURE CAME IN FOURTH WARMEST ON RECORD.
FIVE HIGH MINIMUM TEMPERATURE RECORDS WERE SET OR TIED AS FOLLOWS:

8/17 50 TIED THE RECORD SET IN 2005.
8/25 51 BROKE THE RECORD OF 50 SET IN 2004.
8/26 51 BROKE THE RECORD OF 50 SET IN 2004.
8/27 49 TIED THE RECORD SET IN 1996.
8/28 50 BROKE THE RECORD OF 49 SET IN 2005.

AUGUST 2015 WAS BELOW NORMAL FOR PRECIPITATION. THE MONTHLY PRECIPITATION TOTAL
RANKED 21ST DRIEST ON RECORD. HOWEVER...A PRECIPITATION RECORD OF 1.32 INCHES WAS
SET ON THE 29TH...WHICH SUPPLANTED THE 0.83 INCHES SET IN 2006.

$$
WIW SEP 15
