000
CXUS55 KCYS 131919
CLMSNY


CLIMATE REPORT
NATIONAL WEATHER SERVICE CHEYENNE WY
118 PM MDT WED AUG 13 2014

...................................

...THE SIDNEY NE AIRPORT CLIMATE SUMMARY FOR THE MONTH OF JULY 2014...

CLIMATE NORMAL PERIOD 1981 TO 2010
CLIMATE RECORD PERIOD 1948 TO 2014

WEATHER         OBSERVED          NORMAL  DEPART  LAST YEAR`S
                 VALUE   DATE(S)  VALUE   FROM    VALUE
                                          NORMAL
.............................................................
TEMPERATURE (F)
RECORD
 HIGH             108   07/09/1989
 LOW               37   07/30/1971
                        07/08/1952
HIGHEST           104   07/24        MM      MM       98
LOWEST             47   07/02        MM      MM       50
AVG. MAXIMUM     88.5              90.5    -2.0     88.1
AVG. MINIMUM     57.3              59.9    -2.6     58.4
MEAN             72.9              75.2    -2.3     73.2
DAYS MAX >= 90     17              17.0               17
DAYS MAX <= 32      0               0.0                0
DAYS MIN <= 32      0               0.0                0
DAYS MIN <= 0       0               0.0                0

PRECIPITATION (INCHES)
RECORD
 MAXIMUM         7.94   1957
 MINIMUM         0.15   1959
TOTALS           0.35              2.96   -2.61     1.45
DAYS >= .01         7              10.7    -3.7       10
DAYS >= .10         2               5.7    -3.7        4
DAYS >= .50         0               2.0    -2.0        1
DAYS >= 1.00        0               0.7    -0.7        0
GREATEST
 24 HR. TOTAL    0.14   07/29 TO 07/30

DEGREE_DAYS
HEATING TOTAL       9                 3       6        8
 SINCE 7/1          9                 3       6        8
COOLING TOTAL     259               319     -60      270
 SINCE 1/1        343               478    -135      471
..............................................................

WIND (MPH)
AVERAGE WIND SPEED              9.6
HIGHEST WIND SPEED/DIRECTION    32/230    DATE  07/24
HIGHEST GUST SPEED/DIRECTION    44/210    DATE  07/24

SKY COVER
POSSIBLE SUNSHINE (PERCENT)   MM
AVERAGE SKY COVER           0.20
NUMBER OF DAYS FAIR           24
NUMBER OF DAYS PC              6
NUMBER OF DAYS CLOUDY          1

AVERAGE RH (PERCENT)     58

WEATHER CONDITIONS. NUMBER OF DAYS WITH
THUNDERSTORM              0     MIXED PRECIP               0
HEAVY RAIN                0     RAIN                       0
LIGHT RAIN               12     FREEZING RAIN              0
LT FREEZING RAIN          0     HAIL                       0
HEAVY SNOW                0     SNOW                       0
LIGHT SNOW                0     SLEET                      0
FOG                      11     FOG W/VIS <= 1/4 MILE      1
HAZE                      2

-  INDICATES NEGATIVE NUMBERS.
R  INDICATES RECORD WAS SET OR TIED.
MM INDICATES DATA IS MISSING.
T  INDICATES TRACE AMOUNT.

$$
