000
CXUS54 KOUN 011251
CLMSPS

CLIMATE REPORT
NATIONAL WEATHER SERVICE NORMAN OK
745 AM CDT FRI SEP 1 2017

...................................

...THE WICHITA FALLS CLIMATE SUMMARY FOR THE MONTH OF AUGUST 2017...

CLIMATE NORMAL PERIOD 1981 TO 2010
CLIMATE RECORD PERIOD 1897 TO 2017

WEATHER         OBSERVED          NORMAL  DEPART  LAST YEAR`S
                 VALUE   DATE(S)  VALUE   FROM    VALUE  DATE(S)
                                          NORMAL
................................................................
TEMPERATURE (F)
RECORD
 HIGH             113   08/06/1964
                        08/11/1936
 LOW               53   08/28/1992
HIGHEST           101               105      -4      104  08/07
                                                          08/03
LOWEST             60                62      -2       61  08/22
AVG. MAXIMUM     90.6              96.6    -6.0     95.3
AVG. MINIMUM     69.7              71.4    -1.7     71.2
MEAN             80.2              84.0    -3.8     83.2
DAYS MAX >= 90     17              26.1    -9.1       27
DAYS MAX <= 32      0               0.0     0.0        0
DAYS MIN <= 32      0               0.0     0.0        0
DAYS MIN <= 0       0               0.0     0.0        0

PRECIPITATION (INCHES)
RECORD
 MAXIMUM        11.05   1914
 MINIMUM         0.00   2000
                        1936
                        1913
TOTALS           4.16              2.50    1.66     0.78
DAILY AVG.       0.13              0.08    0.05     0.03
DAYS >= .01        12               6.2     5.8        6
DAYS >= .10         8               3.9     4.1        3
DAYS >= .50         3               1.6     1.4        0
DAYS >= 1.00        1               0.7     0.3        0
GREATEST
 24 HR. TOTAL    1.06   08/12 TO 08/12

DEGREE_DAYS
COOLING TOTAL     477               589    -112
 SINCE 1/1       1842              1945    -103
.................................................................

WIND (MPH)
AVERAGE WIND SPEED              8.4
HIGHEST WIND SPEED/DIRECTION    33/290    DATE  08/16
HIGHEST GUST SPEED/DIRECTION    41/300    DATE  08/16


WEATHER CONDITIONS. NUMBER OF DAYS WITH
THUNDERSTORM              0     MIXED PRECIP               0
HEAVY RAIN                4     RAIN                       6
LIGHT RAIN               13     FREEZING RAIN              0
LT FREEZING RAIN          0     HAIL                       0
HEAVY SNOW                0     SNOW                       0
LIGHT SNOW                0     SLEET                      0
FOG                      12     FOG W/VIS <= 1/4 MILE      0
HAZE                      4

-  INDICATES NEGATIVE NUMBERS.
R  INDICATES RECORD WAS SET OR TIED.
MM INDICATES DATA IS MISSING.
T  INDICATES TRACE AMOUNT.

................................................................
RECORD EVENTS/REMARKS

5TH COOLEST AUGUST ON RECORD.
THE JANUARY THROUGH AUGUST 2017 TOTAL PRECIPITATION IS 20.08 INCHES.

$$
