000
CXUS52 KTBW 011901
CLMSRQ


CLIMATE REPORT
NATIONAL WEATHER SERVICE TAMPA BAY FL
200 PM EST WED FEB 1 2017

...................................

...THE SARASOTA BRADENTON CLIMATE SUMMARY FOR THE MONTH OF JANUARY 2017...

CLIMATE NORMAL PERIOD 1981 TO 2010
CLIMATE RECORD PERIOD 1911 TO 2017

WEATHER         OBSERVED          NORMAL  DEPART  LAST YEAR`S
                 VALUE   DATE(S)  VALUE   FROM    VALUE  DATE(S)
                                          NORMAL
................................................................
TEMPERATURE (F)
ALL-TIME JANUARY RECORD
 HIGH              87   01/09/2013
                        01/23/1990
                        54/01/2206
 LOW               23   01/13/1981
                        01/21/1971
                        01/29/1940

JANUARY 2017
HIGHEST            83   01/02        MM      MM       80  01/09
                                                          01/01
LOWEST             36   01/08        MM      MM       34  01/25
AVG. MAXIMUM     74.4              70.9     3.5     68.9
AVG. MINIMUM     55.0              51.8     3.2     51.7
MEAN             64.7              61.4     3.3     60.3
DAYS MAX >= 90      0               0.0     0.0        0
DAYS MAX <= 32      0               0.0     0.0        0
DAYS MIN <= 32      0               0.6    -0.6        0
DAYS MIN <= 0       0               0.0     0.0        0

PRECIPITATION (INCHES)
ALL-TIME JANUARY RECORD
 MAXIMUM        10.26   1998
 MINIMUM         0.00   1950

JANUARY 2017
TOTALS           1.70              2.49   -0.79     4.41
DAILY AVG.       0.05              0.08   -0.03     0.14
DAYS >= .01         6                MM      MM       13
DAYS >= .10         3                MM      MM       10
DAYS >= .50         1                MM      MM        2
DAYS >= 1.00        1                MM      MM        0
GREATEST
 24 HR. TOTAL    1.30   01/06 TO 01/07

DEGREE_DAYS
HEATING TOTAL      87               165     -78      163
 SINCE 7/1        122               320    -198      174
COOLING TOTAL      86                52      34       25
 SINCE 1/1         86                62      24       25
.................................................................

WIND (MPH)
AVERAGE WIND SPEED              9.0
HIGHEST WIND SPEED/DIRECTION    40/310    DATE  01/23
HIGHEST GUST SPEED/DIRECTION    49/310    DATE  01/23

SKY COVER (DOES NOT INCLUDE ANY CLOUDS ABOVE 12000 FEET)
POSSIBLE SUNSHINE (PERCENT)   MM
AVERAGE SKY COVER           0.30
NUMBER OF DAYS FAIR           17
NUMBER OF DAYS PC             12
NUMBER OF DAYS CLOUDY          2

AVERAGE RH (PERCENT)     72

WEATHER CONDITIONS. NUMBER OF DAYS WITH
THUNDERSTORM              3     MIXED PRECIP               0
HEAVY RAIN                1     RAIN                       3
LIGHT RAIN                9     FREEZING RAIN              0
LT FREEZING RAIN          0     HAIL                       0
HEAVY SNOW                0     SNOW                       0
LIGHT SNOW                0     SLEET                      0
FOG                      13     FOG W/VIS <= 1/4 MILE      4
HAZE                      1
.................................................................

REMARKS
THE JANUARY 2017 MONTHLY AVERAGE TEMPERATURE OF 64.7 DEGREES
RANKS AS THE 18TH WARMEST JANUARY SINCE RECORDS BEGAN IN 1911.
THE WARMEST JANUARY HAD AN AVERAGE TEMPERATURE OF 72.0 DEGREES
WHICH OCCURRED IN 1937.

THE JANUARY 2017 MONTHLY RAINFALL TOTAL OF 1.70 INCHES RANKS AS
THE 63RD WETTEST/43RD DRIEST JANUARY SINCE RECORDS BEGAN IN 1911.


-  INDICATES NEGATIVE NUMBERS.
R  INDICATES RECORD WAS SET OR TIED.
MM INDICATES DATA IS MISSING.
T  INDICATES TRACE AMOUNT.

$$
