000
CXUS52 KTAE 020449
CLMTLH

CLIMATE REPORT
NATIONAL WEATHER SERVICE TALLAHASSEE FL
351 AM EST SUN MAR 1 2015

...................................

...THE TALLAHASSEE CLIMATE SUMMARY FOR THE MONTH OF FEBRUARY 2015...

CLIMATE NORMAL PERIOD 1981 TO 2010
CLIMATE RECORD PERIOD 1896 TO 2015

WEATHER         OBSERVED          NORMAL  DEPART  LAST YEAR`S
                 VALUE   DATE(S)  VALUE   FROM    VALUE  DATE(S)
                                          NORMAL
................................................................
TEMPERATURE (F)
RECORD
 HIGH              89   02/28/1948
 LOW               -2   02/13/1899
HIGHEST            76   02/22                         81  02/25
                                                          02/19
LOWEST             22   02/20                         27  02/28
AVG. MAXIMUM     63.2              67.5    -4.3     69.5
AVG. MINIMUM     39.4              41.9    -2.5     44.6
MEAN             51.3              54.7    -3.4     57.1
DAYS MAX >= 90      0               0.0     0.0        0
DAYS MAX <= 32      0               0.0     0.0        0
DAYS MIN <= 32      6               5.7     0.3        3
DAYS MIN <= 0       0               0.0     0.0        0

PRECIPITATION (INCHES)
RECORD
 MAXIMUM        12.36   2013
 MINIMUM         0.45   1911
TOTALS           4.43              4.85   -0.42     4.38
DAILY AVG.       0.16              0.17   -0.01     0.16
DAYS >= .01         8               8.4    -0.4        9
DAYS >= .10         6               5.6     0.4        7
DAYS >= .50         3               3.0     0.0        4
DAYS >= 1.00        1               1.5    -0.5        2
GREATEST
 24 HR. TOTAL    1.89   02/25

SNOWFALL (INCHES)
RECORDS
 TOTAL            2.8   1958
TOTALS            0.0
SINCE 7/1         0.0               0.1    -0.1        T
SNOWDEPTH AVG.      0
DAYS >= 1.0         0               0.0     0.0        0
GREATEST
 SNOW DEPTH         0
 24 HR TOTAL      0.0

DEGREE_DAYS
HEATING TOTAL     378               297      81      227
 SINCE 7/1       1366              1343      23     1143
COOLING TOTAL       0                 9      -9       10
 SINCE 1/1          7                14      -7       12
.................................................................

WIND (MPH)
AVERAGE WIND SPEED              6.9
HIGHEST WIND SPEED/DIRECTION    37/300    DATE  02/25
HIGHEST GUST SPEED/DIRECTION    46/290    DATE  02/25

SKY COVER
AVERAGE SKY COVER           0.50

AVERAGE RH (PERCENT)     64

WEATHER CONDITIONS. NUMBER OF DAYS WITH
THUNDERSTORM              0     MIXED PRECIP               0
HEAVY RAIN                6     RAIN                       7
LIGHT RAIN                9     FREEZING RAIN              0
LT FREEZING RAIN          0     HAIL                       0
HEAVY SNOW                0     SNOW                       0
LIGHT SNOW                0     SLEET                      0
FOG                      15     FOG W/VIS <= 1/4 MILE      4
HAZE                      6

-  INDICATES NEGATIVE NUMBERS.
R  INDICATES RECORD WAS SET OR TIED.
MM INDICATES DATA IS MISSING.
T  INDICATES TRACE AMOUNT.

$$
