000
CXUS52 KTBW 040243 CCA
CLMTPA

CLIMATE REPORT...CORRECTED NUMBER OF THUNDERSTORM DAYS
NATIONAL WEATHER SERVICE TAMPA BAY FL
1045 PM EDT MON AUG 3 2015

...................................

...THE TAMPA CLIMATE SUMMARY FOR THE MONTH OF JULY 2015...

CLIMATE NORMAL PERIOD 1981 TO 2010
CLIMATE RECORD PERIOD 1890 TO 2015

WEATHER         OBSERVED          NORMAL  DEPART  LAST YEAR`S
                 VALUE   DATE(S)  VALUE   FROM    VALUE  DATE(S)
                                          NORMAL
................................................................
TEMPERATURE (F)
ALL-TIME JULY RECORD
 HIGH              98   07/21/1942
                        07/20/1942
 LOW               62   07/14/1890

JULY 2015
HIGHEST            97   07/11        MM      MM       94  07/01
LOWEST             72   07/04        MM      MM       72  07/08
AVG. MAXIMUM     89.2              90.1    -0.9     89.5
AVG. MINIMUM     77.2              75.9     1.3     76.5
MEAN             83.2              83.0     0.2     83.0
DAYS MAX >= 90     14              17.0    -3.0       17
DAYS MAX <= 32      0               0.0     0.0        0
DAYS MIN <= 32      0               0.0     0.0        0
DAYS MIN <= 0       0               0.0     0.0        0

PRECIPITATION (INCHES)
ALL-TIME JULY RECORD
 MAXIMUM        20.59   1960
 MINIMUM         1.65   1981

JULY 2015
TOTALS          11.84              7.07    4.77    12.68
DAILY AVG.       0.38              0.23    0.15     0.41
DAYS >= .01        22              15.9     6.1       14
DAYS >= .10        13              10.6     2.4       11
DAYS >= .50         6               4.8     1.2        6
DAYS >= 1.00        5               2.1     2.9        4
GREATEST
 24 HR. TOTAL    3.22   07/24 TO 07/25

DEGREE_DAYS
HEATING TOTAL       0                 0       0        0
 SINCE 7/1          0                 0       0        0
COOLING TOTAL     573               558      15      564
 SINCE 1/1       2337              1951     386     1913
.................................................................

WIND (MPH)
AVERAGE WIND SPEED              6.2
HIGHEST WIND SPEED/DIRECTION    31/330    DATE  07/29
HIGHEST GUST SPEED/DIRECTION    40/330    DATE  07/29

SKY COVER
POSSIBLE SUNSHINE (PERCENT)   MM
AVERAGE SKY COVER           0.60
NUMBER OF DAYS FAIR            2
NUMBER OF DAYS PC             21
NUMBER OF DAYS CLOUDY          8

AVERAGE RH (PERCENT)     74

WEATHER CONDITIONS. NUMBER OF DAYS WITH
THUNDERSTORM             20     MIXED PRECIP               0
HEAVY RAIN                7     RAIN                      13
LIGHT RAIN               24     FREEZING RAIN              0
LT FREEZING RAIN          0     HAIL                       0
HEAVY SNOW                0     SNOW                       0
LIGHT SNOW                0     SLEET                      0
FOG                      15     FOG W/VIS <= 1/4 MILE      0
HAZE                     16

-  INDICATES NEGATIVE NUMBERS.
R  INDICATES RECORD WAS SET OR TIED.
MM INDICATES DATA IS MISSING.
T  INDICATES TRACE AMOUNT.

$$
