000
CXUS51 KPHI 031234 CCA
CLMTTN

CLIMATE REPORT
NATIONAL WEATHER SERVICE MOUNT HOLLY NJ
723 AM EST TUE MAR 3 2015

...................................

...THE TRENTON CLIMATE SUMMARY FOR THE MONTH OF FEBRUARY 2015...

CLIMATE NORMAL PERIOD 1981 TO 2010
CLIMATE RECORD PERIOD 1865 TO 2015

WEATHER         OBSERVED          NORMAL  DEPART  LAST YEAR`S
                 VALUE   DATE(S)  VALUE   FROM    VALUE  DATE(S)
                                          NORMAL
................................................................
TEMPERATURE (F)
RECORD
 HIGH              76   02/25/1930
 LOW              -14   02/09/1934
HIGHEST            43                MM      MM       54
LOWEST              0                MM      MM        3
AVG. MAXIMUM     31.8              42.2   -10.4     36.8
AVG. MINIMUM     13.6              25.8   -12.2     21.1
MEAN             22.7              34.0   -11.3     28.9
DAYS MAX >= 90      0               0.0     0.0        0
DAYS MAX <= 32     15               3.6    11.4       13
DAYS MIN <= 32     27              22.5     4.5       27
DAYS MIN <= 0       2               0.0     2.0        0

PRECIPITATION (INCHES)
RECORD
 MAXIMUM         6.25   1866
 MINIMUM         0.64   2009
TOTALS           2.25              2.31   -0.06     4.39
DAILY AVG.       0.08              0.08    0.00     0.16
DAYS >= .01         7                MM      MM       12
DAYS >= .10         5                MM      MM        7
DAYS >= .50         2                MM      MM        3
DAYS >= 1.00        1                MM      MM        3
GREATEST
 24 HR. TOTAL    1.19   02/02 TO 02/02              1.30
                        02/01 TO 02/02
                        02/02 TO 02/02

SNOWFALL (INCHES)
RECORDS
 TOTAL             MM   5
 24 HR TOTAL       MM
TOTALS             MM                MM      MM       MM
SINCE 7/1          MM                MM      MM       MM
SNOWDEPTH AVG.     MM                MM      MM       MM
DAYS >= 1.0         0                MM      MM        0
GREATEST
 SNOW DEPTH        MM                                 MM  MM
 24 HR TOTAL       MM                                 MM

DEGREE_DAYS
HEATING TOTAL    1178               868     310     1001
 SINCE 7/1       4083              3814     269     4086
COOLING TOTAL       0                 0       0        0
 SINCE 1/1          0                 0       0        0
.................................................................

WIND (MPH)
AVERAGE WIND SPEED              8.2
HIGHEST WIND SPEED/DIRECTION    29/330    DATE  02/15
HIGHEST GUST SPEED/DIRECTION    43/320    DATE  02/15

SKY COVER
POSSIBLE SUNSHINE (PERCENT)   MM
AVERAGE SKY COVER           0.40
NUMBER OF DAYS FAIR           11
NUMBER OF DAYS PC             15
NUMBER OF DAYS CLOUDY          2

AVERAGE RH (PERCENT)     57

WEATHER CONDITIONS. NUMBER OF DAYS WITH
THUNDERSTORM              0     MIXED PRECIP               0
HEAVY RAIN                1     RAIN                       1
LIGHT RAIN                3     FREEZING RAIN              1
LT FREEZING RAIN          3     HEAVY SNOW                 1
SNOW                      3     LIGHT SNOW                12
SLEET                     1     FOG                        9
FOG W/VIS <= 1/4 MILE     2     HAZE                       6

-  INDICATES NEGATIVE NUMBERS.
R  INDICATES RECORD WAS SET OR TIED.
MM INDICATES DATA IS MISSING.
T  INDICATES TRACE AMOUNT.

$$
