000
CXUS54 KMEG 011351
CLMTUP


CLIMATE REPORT
NATIONAL WEATHER SERVICE MEMPHIS TN
843 AM CDT MON JUN 1 2015

...................................

...THE TUPELO CLIMATE SUMMARY FOR THE MONTH OF MAY 2015...

CLIMATE NORMAL PERIOD 1981 TO 2010
CLIMATE RECORD PERIOD 1930 TO 2015

WEATHER         OBSERVED          NORMAL  DEPART  LAST YEAR`S
                 VALUE   DATE(S)  VALUE   FROM    VALUE  DATE(S)
                                          NORMAL
................................................................
TEMPERATURE (F)
RECORD
 HIGH              95   05/27/2012
                        05/31/2006
                        05/26/2012
 LOW               37   05/04/2013
HIGHEST            90   05/10        81       9       91  05/26
                                                          05/24
LOWEST             45   05/22        60     -15       44  05/01
                        05/02
AVG. MAXIMUM     82.4              81.8     0.6     82.4
AVG. MINIMUM     60.6              59.6     1.0     60.2
MEAN             71.5              70.7     0.8     71.3
DAYS MAX >= 90      1               2.8    -1.8        2
DAYS MAX <= 32      0               0.0     0.0        0
DAYS MIN <= 32      0               0.0     0.0        0
DAYS MIN <= 0       0               0.0     0.0        0

PRECIPITATION (INCHES)
RECORD
 MAXIMUM        17.96   1978
 MINIMUM         0.85   1941
TOTALS           9.09              5.56    3.53     4.40
DAILY AVG.       0.29              0.18    0.11     0.14
DAYS >= .01        11              10.6     0.4        9
DAYS >= .10        10               7.5     2.5        6
DAYS >= .50         5               3.5     1.5        4
DAYS >= 1.00        4               1.7     2.3        1
GREATEST
 24 HR. TOTAL    2.79   05/24 TO 05/25

SNOWFALL (INCHES)
RECORDS
 TOTAL             MM   MM
TOTALS            0.0               0.0     0.0      0.0
SINCE 7/1         7.4               2.1     5.3      0.5
SNOWDEPTH AVG.      0                MM      MM        0
DAYS >= 1.0         0               0.0     0.0        0
GREATEST
 SNOW DEPTH         0   MM                             0  MM
 24 HR TOTAL      0.0   05/31 TO 05/31

DEGREE_DAYS
HEATING TOTAL      21                24      -3       30
 SINCE 7/1       3153              2956     197     3465
COOLING TOTAL     229               201      28      232
 SINCE 1/1        305               277      28      274
.................................................................

WIND (MPH)
AVERAGE WIND SPEED              5.8
HIGHEST WIND SPEED/DIRECTION    23/290    DATE  05/30
HIGHEST GUST SPEED/DIRECTION    32/220    DATE  05/15

SKY COVER
POSSIBLE SUNSHINE (PERCENT)   MM
AVERAGE SKY COVER           0.30
NUMBER OF DAYS FAIR           19
NUMBER OF DAYS PC             10
NUMBER OF DAYS CLOUDY          2

AVERAGE RH (PERCENT)     69

WEATHER CONDITIONS. NUMBER OF DAYS WITH
THUNDERSTORM              0     MIXED PRECIP               0
HEAVY RAIN                8     RAIN                      10
LIGHT RAIN               11     FREEZING RAIN              0
LT FREEZING RAIN          0     HAIL                       0
HEAVY SNOW                0     SNOW                       0
LIGHT SNOW                0     SLEET                      0
FOG                      17     FOG W/VIS <= 1/4 MILE      0
HAZE                      1

-  INDICATES NEGATIVE NUMBERS.
R  INDICATES RECORD WAS SET OR TIED.
MM INDICATES DATA IS MISSING.
T  INDICATES TRACE AMOUNT.

$$
