000
CXUS55 KTWC 020122
CLMTUS

CLIMATE REPORT
NATIONAL WEATHER SERVICE TUCSON AZ
620 PM MST SUN FEB 1 2015

...................................

...THE TUCSON AZ CLIMATE SUMMARY FOR THE MONTH OF JANUARY 2015...

CLIMATE NORMAL PERIOD 1981 TO 2010
CLIMATE RECORD PERIOD 1895 TO 2015

WEATHER         OBSERVED          NORMAL  DEPART  LAST YEAR`S
                 VALUE   DATE(S)  VALUE   FROM    VALUE  DATE(S)
                                          NORMAL
................................................................
TEMPERATURE (F)
RECORD
 HIGH              88   01/04/1927
 LOW                6   01/07/1913
HIGHEST            79   01/07        78       1       81  01/30
LOWEST             29   01/03        28       1       32  01/06
AVG. MAXIMUM     67.0              65.5     1.5     72.4
AVG. MINIMUM     43.8              39.8     4.0     42.2
MEAN             55.4              52.6     2.8     57.3
DAYS MAX >= 90      0               0.0     0.0        0
DAYS MAX <= 32      0               0.0     0.0        0
DAYS MIN <= 32      4               3.8     0.2        1
DAYS MIN <= 0       0               0.0     0.0        0

PRECIPITATION (INCHES)
RECORD
 MAXIMUM         4.81   1993
 MINIMUM         0.00   1972
                        1928
                        1924
TOTALS           2.54              0.94    1.60        T
DAILY AVG.       0.08              0.03    0.05        T
DAYS >= .01         6               4.9     1.1        0
DAYS >= .10         3               2.5     0.5        0
DAYS >= .50         2               0.5     1.5        0
DAYS >= 1.00        1               0.1     0.9        0
GREATEST
 24 HR. TOTAL    1.91   01/30 TO 01/31           01/25 TO 01/25
                                                          01/24 TO 01/25
                                                          01/25 TO 01/25

DEGREE_DAYS
HEATING TOTAL     290               383     -93      230
 SINCE 7/1        758               994    -236      695
......................................................

WIND (MPH)
AVERAGE WIND SPEED              7.6
HIGHEST WIND SPEED/DIRECTION    30/120    DATE  01/07
HIGHEST GUST SPEED/DIRECTION    36/120    DATE  01/07

AVERAGE RH (PERCENT)     51

WEATHER CONDITIONS. NUMBER OF DAYS WITH
THUNDERSTORM              0     MIXED PRECIP               0
HEAVY RAIN                2     RAIN                       4
LIGHT RAIN                8     FREEZING RAIN              0
LT FREEZING RAIN          0     HAIL                       0
HEAVY SNOW                0     SNOW                       0
LIGHT SNOW                1     SLEET                      0
FOG                       5     FOG W/VIS <= 1/4 MILE      2
HAZE                      1

-  INDICATES NEGATIVE NUMBERS.
R  INDICATES RECORD WAS SET OR TIED.
MM INDICATES DATA IS MISSING.
T  INDICATES TRACE AMOUNT.

$$
