000
CXUS53 KAPX 010536
CLMTVC


CLIMATE REPORT
NATIONAL WEATHER SERVICE GAYLORD MI
1236 AM EST SUN JAN 1 2017

...................................

...THE TRAVERSE CITY MI CLIMATE SUMMARY FOR THE YEAR OF 2016...

CLIMATE NORMAL PERIOD 1981 TO 2010
CLIMATE RECORD PERIOD 1896 TO 2016

WEATHER         OBSERVED          NORMAL  DEPART  LAST YEAR`S
                 VALUE   DATE(S)  VALUE   FROM    VALUE  DATE(S)
                                          NORMAL
................................................................
TEMPERATURE (F)
RECORD
 HIGH             105   07/07/1936
 LOW              -37   02/17/1979
HIGHEST            94   08/04        MM      MM       MM  MM
                        07/12
LOWEST              0   02/13        MM      MM       MM  MM
                        01/04
AVG. MAXIMUM     58.2              54.7     3.5       MM
AVG. MINIMUM     40.8              36.2     4.6       MM
MEAN             49.5              45.4     4.1       MM
DAYS MAX >= 90     17               5.4    11.6       MM
DAYS MAX <= 32     52              61.9    -9.9       MM
DAYS MIN <= 32    125             155.1   -30.1       MM
DAYS MIN <= 0       2               8.1    -6.1       MM

PRECIPITATION (INCHES)
RECORD
 MAXIMUM        29.52   2008
 MINIMUM        21.51   2009
TOTALS          26.40             33.05   -6.65       MM
DAILY AVG.       0.07              0.09   -0.02       MM
DAYS >= .01       152             147.4     4.6       MM
DAYS >= .10        70              73.9    -3.9       MM
DAYS >= .50        10              18.0    -8.0       MM
DAYS >= 1.00        2               5.3    -3.3       MM
GREATEST
 24 HR. TOTAL    1.40   MM                            MM
 STORM TOTAL       MM                                 MM
 (MM/DD(HH))            MM                                MM

SNOWFALL (INCHES)
RECORDS
 TOTAL             MM   MM
TOTALS             MM             101.4      MM       MM
SINCE 7/1          MM              35.9      MM       MM
SNOWDEPTH AVG.     10                MM      MM       MM
DAYS >= TRACE       0              58.6   -58.6       MM
DAYS >= 1.0         0              32.2   -32.2       MM
GREATEST
 SNOW DEPTH        10   02/10                         MM  MM
 24 HR TOTAL       MM                                 MM

DEGREE_DAYS
HEATING TOTAL    6310              7550   -1240
 SINCE 7/1         MM              2808      MM

FREEZE DATES
RECORD
 EARLIEST     MM
 LATEST       MM
EARLIEST                        MM
LATEST                          MM
.................................................................

WIND (MPH)
AVERAGE WIND SPEED              6.3
HIGHEST WIND SPEED/DIRECTION    39/290    DATE  02/29
HIGHEST GUST SPEED/DIRECTION    53/280    DATE  02/29

SKY COVER
POSSIBLE SUNSHINE (PERCENT)   MM
AVERAGE SKY COVER           0.70
NUMBER OF DAYS FAIR           64
NUMBER OF DAYS PC            153
NUMBER OF DAYS CLOUDY        149

AVERAGE RH (PERCENT)     69

WEATHER CONDITIONS. NUMBER OF DAYS WITH
THUNDERSTORM              0     MIXED PRECIP               1
HEAVY RAIN               20     RAIN                      37
LIGHT RAIN              132     FREEZING RAIN              2
LT FREEZING RAIN          5     HAIL                       1
HEAVY SNOW               10     SNOW                      32
LIGHT SNOW              100     SLEET                      3
FOG                     159     FOG W/VIS <= 1/4 MILE     12
HAZE                     79

-  INDICATES NEGATIVE NUMBERS.
R  INDICATES RECORD WAS SET OR TIED.
MM INDICATES DATA IS MISSING.
T  INDICATES TRACE AMOUNT.

$$
