000
CXUS53 KAPX 010739
CLMTVC


CLIMATE REPORT
NATIONAL WEATHER SERVICE GAYLORD MI
338 AM EDT WED JUL 1 2015

...................................

...THE TRAVERSE CITY MI CLIMATE SUMMARY FOR THE MONTH OF JUNE 2015...

CLIMATE NORMAL PERIOD 1981 TO 2010
CLIMATE RECORD PERIOD 1896 TO 2015

WEATHER         OBSERVED          NORMAL  DEPART  LAST YEAR`S
                 VALUE   DATE(S)  VALUE   FROM    VALUE  DATE(S)
                                          NORMAL
................................................................
TEMPERATURE (F)
RECORD
 HIGH             104   06/01/1934
 LOW               28   06/03/1965
HIGHEST            84   06/29        MM      MM       90  06/28
                                                          06/01
LOWEST             37   06/01        MM      MM       39  06/14
AVG. MAXIMUM     74.3              75.6    -1.3     76.4
AVG. MINIMUM     51.0              52.3    -1.3     55.5
MEAN             62.7              63.9    -1.2     66.0
DAYS MAX >= 90      0               1.4    -1.4        2
DAYS MAX <= 32      0               0.0     0.0        0
DAYS MIN <= 32      0               0.1    -0.1        0
DAYS MIN <= 0       0               0.0     0.0        0

PRECIPITATION (INCHES)
RECORD
 MAXIMUM           MM   MM
 MINIMUM           MM   MM
TOTALS           2.02              3.16   -1.14     2.67
DAILY AVG.       0.07              0.11   -0.04     0.09
DAYS >= .01        10               9.9     0.1       13
DAYS >= .10         6               5.4     0.6        7
DAYS >= .50         1               2.0    -1.0        1
DAYS >= 1.00        0               0.8    -0.8        0
GREATEST
 24 HR. TOTAL    0.75   06/11 TO 06/12
 STORM TOTAL       MM
 (MM/DD(HH))            MM

DEGREE_DAYS
COOLING TOTAL      24                81     -57
 SINCE 1/1         59               101     -42

FREEZE DATES
RECORD
 EARLIEST     MM
 LATEST       MM
EARLIEST      10/19             MM
LATEST        05/22             MM
.................................................................

WIND (MPH)
AVERAGE WIND SPEED              4.5
HIGHEST WIND SPEED/DIRECTION    23/290    DATE  06/23
HIGHEST GUST SPEED/DIRECTION    28/300    DATE  06/23

SKY COVER
POSSIBLE SUNSHINE (PERCENT)   MM
AVERAGE SKY COVER           0.60
NUMBER OF DAYS FAIR            7
NUMBER OF DAYS PC             18
NUMBER OF DAYS CLOUDY          5

AVERAGE RH (PERCENT)     71

WEATHER CONDITIONS. NUMBER OF DAYS WITH
THUNDERSTORM              0     MIXED PRECIP               0
HEAVY RAIN                3     RAIN                       3
LIGHT RAIN               11     FREEZING RAIN              0
LT FREEZING RAIN          0     HAIL                       0
HEAVY SNOW                0     SNOW                       0
LIGHT SNOW                0     SLEET                      0
FOG                      13     FOG W/VIS <= 1/4 MILE      4
HAZE                      4

-  INDICATES NEGATIVE NUMBERS.
R  INDICATES RECORD WAS SET OR TIED.
MM INDICATES DATA IS MISSING.
T  INDICATES TRACE AMOUNT.

$$
