000
CXUS54 KMRX 021448
CLMTYS


CLIMATE REPORT
NATIONAL WEATHER SERVICE MORRISTOWN TN
1048 AM EDT SAT APR 2 2016

...................................

...THE KNOXVILLE    ASOS CLIMATE SUMMARY FOR THE MONTH OF MARCH 2016...

CLIMATE NORMAL PERIOD 1981 TO 2010
CLIMATE RECORD PERIOD 1871 TO 2016

WEATHER         OBSERVED          NORMAL  DEPART
                 VALUE   DATE(S)  VALUE   FROM
                                          NORMAL
................................................
TEMPERATURE (F)
HIGHEST            82   03/12
LOWEST             28   03/03
                        03/02
AVG. MAXIMUM     66.9              61.4     5.5
AVG. MINIMUM     43.7              39.2     4.5
MEAN             55.3              50.3     5.0
DAYS MAX >= 90      0
DAYS MAX <= 32      0
DAYS MIN <= 32      6
DAYS MIN <= 0       0

PRECIPITATION (INCHES)
RECORD
 MAXIMUM        13.35   1917
 MINIMUM         0.72   1910
TOTALS           2.94              4.34   -1.40
DAYS >= .01        10
DAYS >= .10         6
DAYS >= .50         1
DAYS >= 1.00        1
GREATEST
 24 HR. TOTAL    1.13   03/13 TO 03/13

SNOWFALL (INCHES)
TOTALS            0.0               0.9    -0.9
SINCE 7/1         5.2
SNOWDEPTH AVG.      0
DAYS >= TRACE       0
GREATEST
 SNOW DEPTH         0   MM

DEGREE_DAYS
HEATING TOTAL     306               461    -155
 SINCE 7/1       2739              3357    -618
COOLING TOTAL      15                 5      10
 SINCE 1/1         15                 5      10
.................................................



-  INDICATES NEGATIVE NUMBERS.
R  INDICATES RECORD WAS SET OR TIED.
MM INDICATES DATA IS MISSING.
T  INDICATES TRACE AMOUNT.

$$
