000
CXUS56 KPQR 011534
CLMUAO


CLIMATE REPORT
NATIONAL WEATHER SERVICE PORTLAND OREGON
834 AM PDT WED OCT 1 2014

...................................

...THE AURORA STATE OR CLIMATE SUMMARY FOR THE MONTH OF SEPTEMBER 2014...

CLIMATE NORMAL PERIOD 1981 TO 2010
CLIMATE RECORD PERIOD 9999 TO 9999

WEATHER         OBSERVED          NORMAL  DEPART  LAST YEAR`S
                 VALUE   DATE(S)  VALUE   FROM    VALUE  DATE(S)
                                          NORMAL
................................................................
TEMPERATURE (F)
HIGHEST            97                                 93  09/11
LOWEST             46                                 43  09/27
AVG. MAXIMUM     79.1              75.6     3.5     72.3
AVG. MINIMUM     53.6              50.8     2.8     54.3
MEAN             66.4              63.2     3.2     63.3
DAYS MAX >= 90      5               1.5     3.5        2
DAYS MAX <= 32      0               0.0     0.0        0
DAYS MIN <= 32      0               0.0     0.0        0
DAYS MIN <= 0       0               0.0     0.0        0

PRECIPITATION (INCHES)
RECORD
 MAXIMUM           MM   MM
 MINIMUM           MM   MM
TOTALS           1.07              1.73   -0.66     7.39
DAYS >= .01         5                MM      MM       19
DAYS >= .10         2                MM      MM       11
DAYS >= .50         1                MM      MM        6
DAYS >= 1.00        0                MM      MM        3
GREATEST
 24 HR. TOTAL    0.86   09/23 TO 09/24

DEGREE_DAYS
HEATING TOTAL      33                99     -66      109
 SINCE 7/1         39               146    -107      119
COOLING TOTAL      81                44      37       64
 SINCE 1/1        525               334     191      426
.................................................................

WIND (MPH)
AVERAGE WIND SPEED              5.0
RESULTANT WIND SPEED/DIRECTION   2/033
HIGHEST WIND SPEED/DIRECTION    25/050    DATE  09/11
HIGHEST GUST SPEED/DIRECTION    39/070    DATE  09/11

SKY COVER
POSSIBLE SUNSHINE (PERCENT)   MM
AVERAGE SKY COVER           0.30

AVERAGE RH (PERCENT)     62

WEATHER CONDITIONS. NUMBER OF DAYS WITH
THUNDERSTORM              0     MIXED PRECIP               0
HEAVY RAIN                1     RAIN                       3
LIGHT RAIN                5     FREEZING RAIN              0
LT FREEZING RAIN          0     HAIL                       0
HEAVY SNOW                0     SNOW                       0
LIGHT SNOW                0     SLEET                      0
FOG                       7     FOG W/VIS <= 1/4 MILE      1
HAZE                      3

-  INDICATES NEGATIVE NUMBERS.
R  INDICATES RECORD WAS SET OR TIED.
MM INDICATES DATA IS MISSING.
T  INDICATES TRACE AMOUNT.

$$
