000
CXUS53 KLOT 011153
CLMUGN


CLIMATE REPORT
NATIONAL WEATHER SERVICE CHICAGO IL
630 AM CDT WED JUL 1 2015

...................................

...THE WAUKEGAN   CLIMATE SUMMARY FOR THE MONTH OF JUNE 2015...

CLIMATE NORMAL PERIOD 1981 TO 2010
CLIMATE RECORD PERIOD 2000 TO 2015

WEATHER         OBSERVED          NORMAL  DEPART  LAST YEAR`S
                 VALUE   DATE(S)  VALUE   FROM    VALUE
                                          NORMAL
.............................................................
TEMPERATURE (F)
RECORD
 HIGH              99   06/28/2012
 LOW               37   06/03/2009
                        06/02/2003

HIGHEST            87   06/10                         87
LOWEST             38   06/02                         47

AVG. MAXIMUM     73.3              75.7    -2.4     74.5
AVG. MINIMUM     52.9              55.6    -2.7     55.7
MEAN             63.1              65.7    -2.6     65.1

PRECIPITATION (INCHES)
RECORD
 MAXIMUM         7.25   2014
 MINIMUM         0.37   2012
TOTALS           4.26              3.88    0.38     7.25

DEGREE_DAYS
HEATING TOTAL     101                86      15       73
 SINCE 7/1       7485              6837     648     8016
COOLING TOTAL      54               105     -51       83
 SINCE 1/1         79               130     -51      106
..............................................................

WIND (MPH)
AVERAGE WIND SPEED              6.3
HIGHEST WIND SPEED/DIRECTION    30/190    DATE  06/22
HIGHEST GUST SPEED/DIRECTION    39/210    DATE  06/22

AVERAGE RH (PERCENT)     78


-  INDICATES NEGATIVE NUMBERS.
R  INDICATES RECORD WAS SET OR TIED.
MM INDICATES DATA IS MISSING.
T  INDICATES TRACE AMOUNT.

$$
