748
CXUS53 KLOT 011505
CLMUGN


CLIMATE REPORT
NATIONAL WEATHER SERVICE CHICAGO IL
856 AM CST THU FEB 1 2018

...................................

...THE WAUKEGAN   CLIMATE SUMMARY FOR THE MONTH OF JANUARY 2018...

CLIMATE NORMAL PERIOD 1981 TO 2010
CLIMATE RECORD PERIOD 2000 TO 2018

WEATHER         OBSERVED          NORMAL  DEPART  LAST YEAR`S
                 VALUE   DATE(S)  VALUE   FROM    VALUE
                                          NORMAL
.............................................................
TEMPERATURE (F)
RECORD
 HIGH              64   01/07/2008
 LOW              -19   01/16/2009
HIGHEST            55   01/10        MM      MM       58
LOWEST             -8   01/01        MM      MM       -1
AVG. MAXIMUM     31.3              30.5     0.8     33.6
AVG. MINIMUM     16.0              15.5     0.5     21.4
MEAN             23.7              23.0     0.7     27.5

PRECIPITATION (INCHES)
RECORD
 MAXIMUM         5.24   2003
 MINIMUM         0.26   1999
TOTALS           1.45              1.39    0.06     2.50

DEGREE_DAYS
HEATING TOTAL    1146              1302    -156     1156
 SINCE 7/1       3606              3851    -245     3279
COOLING TOTAL       0                 0       0        0
 SINCE 1/1          0                 0       0        0
..............................................................

WIND (MPH)
AVERAGE WIND SPEED              9.4
HIGHEST WIND SPEED/DIRECTION    35/210    DATE  01/26
HIGHEST GUST SPEED/DIRECTION    43/210    DATE  01/26

AVERAGE RH (PERCENT)     71


-  INDICATES NEGATIVE NUMBERS.
R  INDICATES RECORD WAS SET OR TIED.
MM INDICATES DATA IS MISSING.
T  INDICATES TRACE AMOUNT.

$$
