000
CXUS54 KCRP 021555 CCA
CLMVCT

CLIMATE REPORT...CORRECTED
NATIONAL WEATHER SERVICE CORPUS CHRISTI TX
1055 AM CDT FRI SEP 2 2016

...................................

...THE VICTORIA CLIMATE SUMMARY FOR THE MONTH OF AUGUST 2016...

CLIMATE NORMAL PERIOD 1981 TO 2010
CLIMATE RECORD PERIOD 1893 TO 2016

WEATHER         OBSERVED          NORMAL  DEPART  LAST YEAR`S
                 VALUE   DATE(S)  VALUE   FROM    VALUE  DATE(S)
                                          NORMAL
................................................................
TEMPERATURE (F)
RECORD
 HIGH             109   08/28/2011
 LOW               61   08/31/1915
HIGHEST           101   08/11        94       7      104  08/12
                        08/10                             08/11
                        08/08
LOWEST             70   08/28        75      -5       65  08/28
                        08/27                             08/27
AVG. MAXIMUM     93.9              95.0    -1.1     95.8
AVG. MINIMUM     73.6              73.7    -0.1     73.1
MEAN             83.8              84.3    -0.5     84.5
DAYS MAX >= 90     26              28.6    -2.6       28
DAYS MAX <= 32      0               0.0     0.0        0
DAYS MIN <= 32      0               0.0     0.0        0
DAYS MIN <= 0       0               0.0     0.0        0

PRECIPITATION (INCHES)
RECORD
 MAXIMUM        10.88   1914
 MINIMUM         0.00   1902
TOTALS           5.52              2.85    2.67     2.48
DAILY AVG.       0.18              0.09    0.09     0.08
DAYS >= .01        10               8.1     1.9        6
DAYS >= .10         8               4.9     3.1        4
DAYS >= .50         6               2.0     4.0        3
DAYS >= 1.00        1               0.7     0.3        1
GREATEST
 24 HR. TOTAL    1.26   08/17 TO 08/17           08/13 TO 08/13

SNOWFALL (INCHES)
RECORDS
 TOTAL            0.0   MM
 24 HR TOTAL      0.0   MM
TOTALS            0.0               0.0     0.0      0.0
SINCE 7/1         0.0               0.0     0.0      0.0
SNOWDEPTH AVG.      0                MM      MM        0
DAYS >= 1.0         0               0.0     0.0        0
GREATEST
 SNOW DEPTH         0   MM                             0
 24 HR TOTAL      0.0   MM                           0.0

DEGREE_DAYS
HEATING TOTAL       0                 0       0        0
 SINCE 7/1          0                 0       0        0
COOLING TOTAL     590               600     -10      611
 SINCE 1/1       2487              2353     134     2422
....................................................

WIND (MPH)
AVERAGE WIND SPEED              7.6
HIGHEST WIND SPEED/DIRECTION    36/120    DATE  08/31
HIGHEST GUST SPEED/DIRECTION    49/110    DATE  08/31

SKY COVER
AVERAGE SKY COVER           0.30

AVERAGE RH (PERCENT)     75

WEATHER CONDITIONS. NUMBER OF DAYS WITH
THUNDERSTORM             12     MIXED PRECIP               0
HEAVY RAIN                7     RAIN                       8
LIGHT RAIN               13     FREEZING RAIN              0
LT FREEZING RAIN          0     HAIL                       0
HEAVY SNOW                0     SNOW                       0
LIGHT SNOW                0     SLEET                      0
FOG                      27     FOG W/VIS <= 1/4 MILE      0
HAZE                      7

-  INDICATES NEGATIVE NUMBERS.
R  INDICATES RECORD WAS SET OR TIED.
MM INDICATES DATA IS MISSING.
T  INDICATES TRACE AMOUNT.

$$

ANM...CORRECTED FOR RECORD PRECIP AND THUNDERSTORM DAYS.
