000
CXUS53 KGRB 012041
CLSAUW

CLIMATE REPORT
NATIONAL WEATHER SERVICE GREEN BAY
240 PM CST TUE MAR 1 2016

...3RD WARMEST AND 2ND WETTEST WINTER ON RECORD AT WAUSAU...

...THE WAUSAU WI WINTER CLIMATE SUMMARY FROM 12/1/2015 TO 2/29/2016...

CLIMATE NORMAL PERIOD 1981 TO 2010
CLIMATE RECORD PERIOD 1896 TO 2016

WEATHER         OBSERVED          NORMAL  DEPART  LAST YEAR`S
                 VALUE   DATE(S)  VALUE   FROM    VALUE  DATE(S)
                                          NORMAL
................................................................
TEMPERATURE (F)
RECORD
 HIGH              61   12/05/2001
                        12/02/1982
 LOW              -40   01/30/1951
                        01/18/1948
                        02/10/1899
HIGHEST            55   02/27        49       6       43  12/15
LOWEST            -14   02/14       -22       8      -19  01/13
                        01/18
                        01/17
AVG. MAXIMUM     30.5              25.9     4.6     21.7
AVG. MINIMUM     17.2               9.1     8.1      7.3
MEAN             23.9              17.5     6.4     14.5
DAYS MAX >= 90      0               0.0     0.0        0
DAYS MAX <= 32     48              63.0   -15.0       74
DAYS MIN <= 32     81              87.8    -6.8       87
DAYS MIN <= 0      12              24.1   -12.1       33

PRECIPITATION (INCHES)
RECORD
 MAXIMUM         6.60   1937
 MINIMUM         1.07   1963
TOTALS           6.37              3.30    3.07     2.15
DAILY AVG.       0.07              0.04    0.03     0.03
DAYS >= .01        31              27.5     3.5       22
DAYS >= .10        12               9.9     2.1        8
DAYS >= .50         3               1.0     2.0        0
DAYS >= 1.00        2               0.2     1.8        0

SNOWFALL (INCHES)
RECORDS
 TOTAL           64.5   2014
 24 HR TOTAL       MM
TOTALS           24.1              37.0   -12.9     23.8
SINCE 7/1        24.3              45.3   -21.0     44.0
DAYS >= TRACE      45              27.7    17.3       48
DAYS >= 1.0         6              12.0    -6.0       10
GREATEST
 SNOW DEPTH        11   02/17                         11  02/25
                        02/15                             02/23
                        02/16                             02/24
 24 HR TOTAL      6.2   12/28

DEGREE_DAYS
HEATING TOTAL    3717              4278    -561     4497
 SINCE 7/1       5123              6177   -1054     6580
COOLING TOTAL       0                 0       0        0
 SINCE 1/1          0                 0       0        0

FREEZE DATES
RECORD
 EARLIEST     08/30/1915
 LATEST       06/12/1903
EARLIEST                        10/02
LATEST                          05/05
.................................................................

WIND (MPH)
AVERAGE WIND SPEED              8.2
HIGHEST WIND SPEED/DIRECTION    33/270    DATE  12/24
HIGHEST GUST SPEED/DIRECTION    47/360    DATE  02/29

SKY COVER
POSSIBLE SUNSHINE (PERCENT)   MM
AVERAGE SKY COVER           0.60
NUMBER OF DAYS FAIR           22
NUMBER OF DAYS PC             21
NUMBER OF DAYS CLOUDY         48

AVERAGE RH (PERCENT)     76

WEATHER CONDITIONS. NUMBER OF DAYS WITH
THUNDERSTORM              1     MIXED PRECIP               0
HEAVY RAIN                2     RAIN                       5
LIGHT RAIN               13     FREEZING RAIN              0
LT FREEZING RAIN          1     HAIL                       0
HEAVY SNOW                2     SNOW                       3
LIGHT SNOW               45     SLEET                      0
FOG                      52     FOG W/VIS <= 1/4 MILE      6
HAZE                     16

-  INDICATES NEGATIVE NUMBERS.
R  INDICATES RECORD WAS SET OR TIED.
MM INDICATES DATA IS MISSING.
T  INDICATES TRACE AMOUNT.

$$
