000
CXUS51 KBGM 032108
CLSAVP


CLIMATE REPORT
NATIONAL WEATHER SERVICE BINGHAMTON NY
357 PM EST FRI MAR 3 2017

...................................

...THE AVOCA PA CLIMATE SUMMARY FOR THE SEASON, FROM
12/1/2016 TO 2/28/2017...

CLIMATE NORMAL PERIOD 1981 TO 2010
CLIMATE RECORD PERIOD 1901 TO 2017

WEATHER         OBSERVED          NORMAL  DEPART  LAST YEAR`S
                 VALUE   DATE(S)  VALUE   FROM    VALUE  DATE(S)
                                          NORMAL
................................................................
TEMPERATURE (F)
RECORD
 HIGH              76   02/24/2017
 LOW              -21   01/21/1994
HIGHEST            76R  02/24        34      42       68  12/24
LOWEST              8   01/09        20     -12       -6  02/14
                        12/16
AVG. MAXIMUM     41.4              35.8     5.6     42.9
AVG. MINIMUM     27.4              21.0     6.4     27.3
MEAN             34.4              28.4     6.0     35.1
DAYS MAX >= 90      0               0.0     0.0        0
DAYS MAX <= 32     18              32.2   -14.2       20
DAYS MIN <= 32     63              76.6   -13.6       59
DAYS MIN <= 0       0               2.9    -2.9        1

PRECIPITATION (INCHES)
RECORD
 MAXIMUM        12.47   2008
 MINIMUM         2.78   1979
TOTALS           8.29              7.08    1.21     8.35
DAILY AVG.       0.09              0.08    0.01     0.09
DAYS >= .01        40              34.5     5.5       31
DAYS >= .10        20              16.7     3.3       20
DAYS >= .50         6               4.0     2.0        3
DAYS >= 1.00        1               1.0     0.0        3
GREATEST
 24 HR. TOTAL    1.44   02/25 TO 02/25

SNOWFALL (INCHES)
RECORDS
 TOTAL           64.5   1993
 24 HR TOTAL     18.3   01/13/1964 TO 01/13/1964
TOTALS           18.4              30.9   -12.5     11.5
SINCE 7/1        24.1              33.9    -9.8     11.5
DAYS >= TRACE      38              24.1    13.9       33
DAYS >= 1.0         5               8.7    -3.7        5
GREATEST
 24 HR TOTAL      7.5   02/09 TO 02/09

DEGREE_DAYS
HEATING TOTAL    2737              3293    -556     2662
 SINCE 7/1       3755              4606    -851     3570
COOLING TOTAL       0                 0       0        0
 SINCE 1/1          0                 0       0        0

FREEZE DATES
RECORD
 EARLIEST     09/21/1956
 LATEST       05/25/1956
EARLIEST                        10/15
LATEST                          04/26
.................................................

WIND (MPH)
AVERAGE WIND SPEED              7.3
RESULTANT WIND SPEED/DIRECTION   4/268
HIGHEST WIND SPEED/DIRECTION    30/320    DATE  02/09
HIGHEST GUST SPEED/DIRECTION    43/310    DATE  12/15

SKY COVER
POSSIBLE SUNSHINE (PERCENT)   MM
AVERAGE SKY COVER           0.60
NUMBER OF DAYS FAIR           16
NUMBER OF DAYS PC             39
NUMBER OF DAYS CLOUDY         35

AVERAGE RH (PERCENT)     68

WEATHER CONDITIONS. NUMBER OF DAYS WITH
THUNDERSTORM              4     MIXED PRECIP               0
HEAVY RAIN                5     RAIN                      12
LIGHT RAIN               33     FREEZING RAIN              4
LT FREEZING RAIN          5     HAIL                       0
HEAVY SNOW                3     SNOW                       6
LIGHT SNOW               35     SLEET                      1
FOG                      49     FOG W/VIS <= 1/4 MILE      9
HAZE                     29

-  INDICATES NEGATIVE NUMBERS.
R  INDICATES RECORD WAS SET OR TIED.
MM INDICATES DATA IS MISSING.
T  INDICATES TRACE AMOUNT.

&&

4TH WARMEST DECEMBER TO FEBRUARY  WARMEST 36.1 IN 1932

$$
