925
CXUS51 KCTP 011323
CLSBFD

CLIMATE REPORT
NATIONAL WEATHER SERVICE STATE COLLEGE PA
846 AM EDT THU SEP 1 2016

...................................

...THE BRADFORD CLIMATE SUMMARY FOR THE SEASON, FROM
6/1/2016 TO 8/31/2016...

CLIMATE NORMAL PERIOD 1981 TO 2010
CLIMATE RECORD PERIOD 1957 TO 2016

WEATHER         OBSERVED          NORMAL  DEPART  LAST YEAR`S
                 VALUE   DATE(S)  VALUE   FROM    VALUE  DATE(S)
                                          NORMAL
................................................................
TEMPERATURE (F)
RECORD
 HIGH              97   07/22/2011
                        07/16/1988
 LOW               25   08/29/1986
                        06/11/1972
HIGHEST            87   07/23        MM      MM       86  07/28
LOWEST             36   06/10        MM      MM       36  06/07
                        06/09
AVG. MAXIMUM     78.5              75.5     3.0     75.4
AVG. MINIMUM     54.7              51.6     3.1     52.5
MEAN             66.6              63.6     3.0     63.9
DAYS MAX >= 90      0                MM      MM        0
DAYS MAX <= 32      0                MM      MM        0
DAYS MIN <= 32      0                MM      MM        0
DAYS MIN <= 0       0                MM      MM        0

PRECIPITATION (INCHES)
RECORD
 MAXIMUM        21.21   1994
 MINIMUM         5.77   1966
TOTALS          14.57             13.21    1.36    11.41
DAILY AVG.       0.16              0.14    0.02     0.13
DAYS >= .01        37                MM      MM       43
DAYS >= .10        27                MM      MM       22
DAYS >= .50         7                MM      MM        8
DAYS >= 1.00        5                MM      MM        2
GREATEST
 24 HR. TOTAL    2.48

DEGREE_DAYS
HEATING TOTAL     135               298    -163      233
 SINCE 7/1         43               153    -110      126
COOLING TOTAL     306               167     139      164
 SINCE 1/1        325               177     148      208

FREEZE DATES
RECORD
 EARLIEST     08/05/1972
 LATEST       06/30/1961
..................................................

WIND (MPH)
AVERAGE WIND SPEED              5.2
RESULTANT WIND SPEED/DIRECTION   2/276
HIGHEST WIND SPEED/DIRECTION    31/200    DATE  08/14
HIGHEST GUST SPEED/DIRECTION    42/300    DATE  06/05

SKY COVER
POSSIBLE SUNSHINE (PERCENT)   MM
AVERAGE SKY COVER           0.40
NUMBER OF DAYS FAIR           51
NUMBER OF DAYS PC             31
NUMBER OF DAYS CLOUDY         10

AVERAGE RH (PERCENT)     71

WEATHER CONDITIONS. NUMBER OF DAYS WITH
THUNDERSTORM             21     MIXED PRECIP               0
HEAVY RAIN               23     RAIN                      24
LIGHT RAIN               41     FREEZING RAIN              0
LT FREEZING RAIN          0     HAIL                       0
HEAVY SNOW                0     SNOW                       0
LIGHT SNOW                0     SLEET                      0
FOG                      67     FOG W/VIS <= 1/4 MILE     16
HAZE                      6

-  INDICATES NEGATIVE NUMBERS.
R  INDICATES RECORD WAS SET OR TIED.
MM INDICATES DATA IS MISSING.
T  INDICATES TRACE AMOUNT.

$$
