000
CXUS53 KDVN 011020
CLSCID


CLIMATE REPORT
NATIONAL WEATHER SERVICE QUAD CITIES IA IL
515 AM CDT FRI SEP 1 2017

...................................

...THE CEDAR RAPIDS IA CLIMATE SUMMARY FOR THE SEASON, FROM
6/1/2017 TO 8/31/2017...

CLIMATE NORMAL PERIOD 1981 TO 2010
CLIMATE RECORD PERIOD 1891 TO 2017

WEATHER         OBSERVED          NORMAL  DEPART
                 VALUE   DATE(S)  VALUE   FROM
                                          NORMAL
................................................
TEMPERATURE (F)
RECORD
 HIGH             110   07/05/1911
 LOW               36   06/04/1945
HIGHEST            93   06/13        84       9
LOWEST             45   06/27        55     -10
                        06/25
AVG. MAXIMUM     82.1              81.8     0.3
AVG. MINIMUM     59.0              60.6    -1.6
MEAN             70.5              71.2    -0.7
DAYS MAX >= 90     10
DAYS MAX <= 32      0
DAYS MIN <= 32      0
DAYS MIN <= 0       0

PRECIPITATION (INCHES)
TOTALS           7.64             13.86   -6.22
DAILY AVG.       0.08              0.15   -0.07
DAYS >= .01        29
DAYS >= .10        16
DAYS >= .50         5
DAYS >= 1.00        0
GREATEST
 24 HR. TOTAL    1.05   07/20 TO 07/21

DEGREE_DAYS
HEATING TOTAL      33                49     -16
 SINCE 7/1         11                19      -8
COOLING TOTAL     561               620     -59
 SINCE 1/1        599               668     -69
.................................................

WIND (MPH)
AVERAGE WIND SPEED              7.7
HIGHEST WIND SPEED/DIRECTION    33/300    DATE  06/14
HIGHEST GUST SPEED/DIRECTION    41/290    DATE  06/14

SKY COVER
POSSIBLE SUNSHINE (PERCENT)   MM
AVERAGE SKY COVER           0.20
NUMBER OF DAYS FAIR           72
NUMBER OF DAYS PC             17
NUMBER OF DAYS CLOUDY          1

AVERAGE RH (PERCENT)     76

WEATHER CONDITIONS. NUMBER OF DAYS WITH
THUNDERSTORM             22     HAIL                       0
SLEET                     0     FOG                       45
FOG W/VIS <= 1/4 MILE     8     HAZE                       8

-  INDICATES NEGATIVE NUMBERS.
R  INDICATES RECORD WAS SET OR TIED.
MM INDICATES DATA IS MISSING.
T  INDICATES TRACE AMOUNT.

$$
