000
CXUS53 KDVN 011630
CLSCID


CLIMATE REPORT
NATIONAL WEATHER SERVICE QUAD CITIES IA IL
1130 AM CDT SUN JUN 1 2014

...................................

...THE CEDAR RAPIDS IA CLIMATE SUMMARY FOR THE SEASON, FROM
3/1/2014 TO 5/31/2014...

CLIMATE NORMAL PERIOD 1981 TO 2010
CLIMATE RECORD PERIOD 1891 TO 2014

WEATHER         OBSERVED          NORMAL  DEPART
                 VALUE   DATE(S)  VALUE   FROM
                                          NORMAL
................................................
TEMPERATURE (F)
RECORD
 HIGH             104   05/31/1934
 LOW              -20   03/01/1962
HIGHEST            88   05/31        78      10
LOWEST            -15   03/03        21     -36
AVG. MAXIMUM     57.1              59.5    -2.4
AVG. MINIMUM     35.5              37.8    -2.3
MEAN             46.3              48.6    -2.3
DAYS MAX >= 90      0
DAYS MAX <= 32      9
DAYS MIN <= 32     39
DAYS MIN <= 0       2

PRECIPITATION (INCHES)
TOTALS           9.49              9.30    0.19
DAILY AVG.       0.10              0.10    0.00
DAYS >= .01        30
DAYS >= .10        16
DAYS >= .50         7
DAYS >= 1.00        1
GREATEST
 24 HR. TOTAL    3.74   04/12 TO 04/13

DEGREE_DAYS
HEATING TOTAL    1776              1554     222
 SINCE 7/1       7815              6837     978
COOLING TOTAL      80                50      30
 SINCE 1/1         80                49      31
.................................................

WIND (MPH)
AVERAGE WIND SPEED              12.0
HIGHEST WIND SPEED/DIRECTION    44/210    DATE  04/27
HIGHEST GUST SPEED/DIRECTION    58/300    DATE  05/20

SKY COVER
POSSIBLE SUNSHINE (PERCENT)   MM
AVERAGE SKY COVER           0.40
NUMBER OF DAYS FAIR           52
NUMBER OF DAYS PC             24
NUMBER OF DAYS CLOUDY         16

AVERAGE RH (PERCENT)     65

WEATHER CONDITIONS. NUMBER OF DAYS WITH
THUNDERSTORM             18     HAIL                       0
SLEET                     0     FOG                       39
FOG W/VIS <= 1/4 MILE     3     HAZE                      24

-  INDICATES NEGATIVE NUMBERS.
R  INDICATES RECORD WAS SET OR TIED.
MM INDICATES DATA IS MISSING.
T  INDICATES TRACE AMOUNT.

$$
