000
CXUS51 KGYX 110750
CLSCON

PWMCLMCON 000
TTAA00 KGYX 090914


CLIMATE REPORT
NATIONAL WEATHER SERVICE GRAY ME
350 AM EDT THU JUN 11 2015

...................................

...THE CONCORD NH CLIMATE SUMMARY FOR THE SPRING SEASON, FROM
3/1/2015 TO 5/31/2015...

CLIMATE NORMAL PERIOD 1981 TO 2010
CLIMATE RECORD PERIOD 1868 TO 2015

WEATHER         OBSERVED          NORMAL  DEPART  LAST YEAR`S
                 VALUE   DATE(S)  VALUE   FROM    VALUE  DATE(S)
                                          NORMAL
................................................................
TEMPERATURE (F)
RECORD
 HIGH              98   05/22/1911
 LOW              -20   03/06/1869
HIGHEST            92   05/27        90       2       86  05/12
LOWEST             -8   03/01         1      -9       -9  03/06
AVG. MAXIMUM     57.8              56.7     1.1     54.2
AVG. MINIMUM     31.5              32.6    -1.1     29.8
MEAN             44.7              44.7     0.0     42.0
DAYS MAX >= 90      3               1.0     2.0        0
DAYS MAX <= 32      8               4.4     3.6        9
DAYS MIN <= 32     46              46.2    -0.2       47
DAYS MIN <= 0       3               1.0     2.0        5

PRECIPITATION (INCHES)
RECORD
 MAXIMUM        18.14   1983
 MINIMUM         3.61   1915
TOTALS           4.39             10.34   -5.95    10.42
DAILY AVG.       0.05              0.34   -0.29     0.12
DAYS >= .01        29              35.7    -6.7       40
DAYS >= .10        10              20.9   -10.9       24
DAYS >= .50         2               6.6    -4.6        6
DAYS >= 1.00        0               2.1    -2.1        1
GREATEST
 24 HR. TOTAL    1.25   04/20 TO 04/21

SNOWFALL (INCHES)
RECORDS
 TOTAL           48.2   1956
TOTALS            7.9              13.9    -6.0     10.4
SINCE 7/1        92.2              61.4    30.8     80.2
SNOWDEPTH AVG.      5
DAYS >= TRACE      14               6.8     7.2       12
DAYS >= 1.0         4               3.8     0.2        5
GREATEST
 SNOW DEPTH        25   03/02
                        03/01
 24 HR TOTAL      3.0   03/01 TO 03/01

DEGREE_DAYS
HEATING TOTAL    1913              1891      22     2099
 SINCE 7/1       7367              7150     217     7568
COOLING TOTAL      66                18      48        2
 SINCE 1/1         66                18      48        2
.................................................................

WIND (MPH)
AVERAGE WIND SPEED              7.2
HIGHEST WIND SPEED/DIRECTION    40/320    DATE  03/17
HIGHEST GUST SPEED/DIRECTION    51/310    DATE  03/17

SKY COVER
AVERAGE SKY COVER           0.40

AVERAGE RH (PERCENT)     59

WEATHER CONDITIONS. NUMBER OF DAYS WITH
THUNDERSTORM              0     HEAVY RAIN                 2
RAIN                      6     LIGHT RAIN                28
FREEZING RAIN             0     LT FREEZING RAIN           2
HEAVY SNOW                0     SNOW                       3
LIGHT SNOW               11     FOG                       28
FOG W/VIS <= 1/4 MILE     6     HAZE                       8

-  INDICATES NEGATIVE NUMBERS.
R  INDICATES RECORD WAS SET OR TIED.
MM INDICATES DATA IS MISSING.
T  INDICATES TRACE AMOUNT.

&&

AFTER A COLD AND SNOWY LATE WINTER, THE WEATHER PATTERN FINALLY
BEGAN TO SHIFT. THE WINTER COLD CONTINUED THROUGH MARCH, BUT THE
PERSISTENT HEAVY SNOWS CAME TO AN END. THE WEATHER BEGAN TO FINALLY
TURN THE CORNER TOWARD SPRING-LIKE TEMPERATURES IN APRIL. ONE FINAL
SNOWSTORM BROUGHT 2.1 INCHES OF SNOW ON APRIL 8 AND 9, BUT BY THE
MORNING OF THE 12 IT WAS ALL GONE AND WARMER TEMPERATURES WERE HERE
TO STAY. TEN OF THE NEXT 11 DAYS ROSE INTO THE 60S OR HIGHER. THE
HEAVIEST RAIN OF THE WHOLE SPRING SEASON FELL ON APRIL 20 AND 21
WHEN 1.25 INCHES OF RAIN FELL. IT ENDED UP BEING ONE OF THE DRIEST
SPRINGS ON RECORD AS MAY CONTINUED THE DRY SPELL. THE WARMING TREND
ACCELERATED IN MAY ALSO, ENDING UP AS THE SECOND WARMEST ON RECORD
WITH NEARLY HALF THE MONTH SEEING TEMPERATURES IN THE 80S. THE FIRST
90 DEGREE DAY OF THE YEAR ARRIVED ON MAY 10 WITH TWO MORE 90 DEGREE
DAYS TO FOLLOW LATER IN THE MONTH.

THE AVERAGE TEMPERATURE FOR THE SPRING WAS 44.7 DEGREES WHICH WAS
RIGHT AT THE NORMAL VALUE. THE COLD MARCH BALANCED WITH THE VERY
WARM MAY TO YIELD A NORMAL SPRING AVERAGE TEMPERATURE. 100 DEGREES
SEPARATED THE HOTTEST AND COLDEST TEMPERATURES OF THE SEASON. THE
HOTTEST TEMPERATURE WAS 92 DEGREES ON MAY 27 AND THE COLDEST WAS 8
DEGREES BELOW ZERO ON MARCH 1. THE WARMEST SPRING ON RECORD WAS IN
2012 WHEN THE AVERAGE TEMPERATURE WAS 49.7 DEGREES. THE COLDEST WAS
IN 1956 AT 38.7 DEGREES.

ANOTHER ILLUSTRATION OF THE VERY WARM MAY WAS THAT 30 OF THE 31 DAYS
IN THE MONTH SAW A TEMPERATURE OF 60 DEGREES OR HIGHER, SOMETHING
THAT HAD NOT OCCURRED SINCE 1999. A TOTAL OF 27 DAYS IN MAY SAW 70
DEGREES OR HIGHER, 14 DAYS TOPPED 80 DEGREES, AND 3 TOPPED 90. THE
FIRST 90 DEGREE READING OCCURRED ON MAY 10, ABOUT THREE WEEKS
EARLIER THAN NORMAL.

THE LAST FREEZE OF THE SEASON OCCURRED ON MAY 14 WHICH IS VERY
CLOSE TO THE NORMAL DATE OF MAY 15.

A TOTAL OF 4.39 INCHES OF RAIN FELL THIS SPRING WHICH WAS 5.95
INCHES BELOW NORMAL AND THE 4TH DRIEST ON RECORD. THE HEAVIEST RAIN
FELL ON APRIL 20 AND 21 WHEN 1.25 INCHES WAS MEASURED. THE DRIEST
SPRING WAS 1915 WITH ONLY 3.61 INCHES. THE WETTEST WAS 1983 WITH
18.14 INCHES. THE FOLLOWING TABLE LISTS THE TOP 10 DRIEST SPRINGS ON
RECORD AT CONCORD.

DRIEST SPRINGS (SINCE 1868)
RANK  RAIN  YEAR
1     3.61  1915
2     4.02  1965
3     4.24  1941
4     4.39  2015 <===
5     4.70  1927
6     4.73  1957
7     5.27  1926
8     5.51  1966
9     5.52  1963
10    5.60  1885

ONLY 10 DAYS THIS SPRING RECORDED 0.10 INCH OF PRECIPITATION OR
MORE, THE FEWEST SUCH DAYS SINCE 1915 WHEN ONLY 7 WERE OBSERVED.
ONLY TWO DAYS RECORDED 0.50 OR MORE OF PRECIPITATION, THE FEWEST
SINCE 1966 WHEN ONLY 1 DAY REACHED THAT LEVEL.

A TOTAL OF 7.9 INCHES OF SNOW WAS OBSERVED THIS SPRING WHICH WAS 6.0
INCHES BELOW NORMAL AND THE LEAST SPRING SNOW SINCE 2010. THE
HEAVIEST SNOW FELL ON MARCH 1 WHEN 3.0 INCHES WAS MEASURED. THE
SNOWIEST SPRING WAS 1956 WHEN A TOTAL OF 48.2 INCHES OF SNOW FELL.
THE LEAST SNOWY WAS 2010 WHEN ONLY A TRACE OF SNOWFALL WAS OBSERVED.

THERE WERE NO DAILY RECORDS SET OR TIED IN SPRING 2015.

$$

KIMBLE
