000
CXUS55 KPUB 020553 RRA
CLSCOS

CLIMATE REPORT
NATIONAL WEATHER SERVICE PUEBLO
1053 PM MST TUE MAR 1 2016

...................................

...THE COLORADO SPRINGS CO CLIMATE SUMMARY FOR THE SEASON, FROM
12/1/2015 TO 2/29/2016...

CLIMATE NORMAL PERIOD 1981 TO 2010
CLIMATE RECORD PERIOD 1872 TO 2016

WEATHER         OBSERVED          NORMAL  DEPART  LAST YEAR`S
                 VALUE   DATE(S)  VALUE   FROM    VALUE  DATE(S)
                                          NORMAL
................................................................
TEMPERATURE (F)
RECORD
 HIGH              77   12/23/1955
 LOW              -27   02/01/1951
                        12/09/1919
HIGHEST            73   02/18                         74  02/07
LOWEST              0   02/03                        -11  12/31
AVG. MAXIMUM     47.1              43.4     3.7     45.1
AVG. MINIMUM     20.9              18.2     2.7     20.1
MEAN             34.0              30.8     3.2     32.6
DAYS MAX >= 90      0               0.0     0.0
DAYS MAX <= 32     14              16.8    -2.8
DAYS MIN <= 32     86              85.8     0.2
DAYS MIN <= 0       1               4.5    -3.5

PRECIPITATION (INCHES)
RECORD
 MAXIMUM         4.05   1934
 MINIMUM         0.16   1928

TOTALS           1.79              1.00    0.79     2.48
DAILY AVG.       0.02              0.01    0.01
DAYS >= .01        11              12.8    -1.8
DAYS >= .10         5               2.8     2.2
DAYS >= .50         1               0.2     0.8
DAYS >= 1.00        0               0.0     0.0
GREATEST
 24 HR. TOTAL    0.87   02/01 TO 02/01

SNOWFALL (INCHES)
RECORDS
 MAXIMUM         56.3   1987
 MINIMUM          2.6   1952

TOTALS           20.4              16.2     4.2     33.8
SINCE 7/1        26.2              24.0     2.2     40.9
SNOWDEPTH AVG.      1
DAYS >= 1.0         7               5.3     1.7
GREATEST
 SNOW DEPTH        10   02/02                          8
                        02/03
 24 HR TOTAL      7.4   01/31 TO 02/01               6.5

DEGREE_DAYS
HEATING TOTAL    2800              3082    -282     2896
 SINCE 7/1       3903              4593    -690     4221
COOLING TOTAL       0                 0       0        0
 SINCE 1/1          0                 0       0        0
.................................................................

WIND (MPH)
AVERAGE WIND SPEED              8.8
HIGHEST WIND SPEED/DIRECTION    46/290    DATE  12/23
HIGHEST GUST SPEED/DIRECTION    58/300    DATE  12/23

SKY COVER
POSSIBLE SUNSHINE (PERCENT)   MM
AVERAGE SKY COVER           0.50
NUMBER OF DAYS FAIR           21
NUMBER OF DAYS PC             60
NUMBER OF DAYS CLOUDY         10

AVERAGE RH (PERCENT)     49

WEATHER CONDITIONS. NUMBER OF DAYS WITH
THUNDERSTORM              0     MIXED PRECIP               2
HEAVY RAIN                0     RAIN                       0
LIGHT RAIN                2     FREEZING RAIN              0
LT FREEZING RAIN          1     HAIL                       0
HEAVY SNOW                2     SNOW                       9
LIGHT SNOW               24     SLEET                      0
FOG                      19     FOG W/VIS <= 1/4 MILE      6
HAZE                      7

-  INDICATES NEGATIVE NUMBERS.
R  INDICATES RECORD WAS SET OR TIED.
MM INDICATES DATA IS MISSING.
T  INDICATES TRACE AMOUNT.

$$
