001
CXUS53 KDVN 011430
CLSDBQ


CLIMATE REPORT
NATIONAL WEATHER SERVICE QUAD CITIES IA IL
930 AM CDT WED JUN 1 2016

...................................

...THE DUBUQUE CLIMATE SUMMARY FOR THE SEASON, FROM
3/1/2016 TO 5/31/2016...

CLIMATE NORMAL PERIOD 1981 TO 2010
CLIMATE RECORD PERIOD 1873 TO 2016

WEATHER         OBSERVED          NORMAL  DEPART
                 VALUE   DATE(S)  VALUE   FROM
                                          NORMAL
................................................
TEMPERATURE (F)
RECORD
 HIGH             104   05/31/1934
 LOW              -20   03/01/1962
HIGHEST            85   05/06        74      11
LOWEST              5   03/02        21     -16
AVG. MAXIMUM     59.1              57.3     1.8
AVG. MINIMUM     39.2              37.6     1.6
MEAN             49.1              47.4     1.7
DAYS MAX >= 90      0               0.1    -0.1
DAYS MAX <= 32      2               4.7    -2.7
DAYS MIN <= 32     28              29.8    -1.8
DAYS MIN <= 0       0               0.2    -0.2

PRECIPITATION (INCHES)
TOTALS           9.87             10.26   -0.39
DAILY AVG.       0.11              0.11    0.00
DAYS >= .01        39              34.9     4.1
DAYS >= .10        27
DAYS >= .50         7
DAYS >= 1.00        3               2.0     1.0
GREATEST
 24 HR. TOTAL    1.27   05/09 TO 05/10

SNOWFALL (INCHES)
TOTALS            3.3               8.3    -5.0
SINCE 7/1        34.8              41.9    -7.1
SNOWDEPTH AVG.      0
DAYS >= TRACE      10               5.7     4.3
DAYS >= 1.0         0               2.6    -2.6
GREATEST
 SNOW DEPTH         1   03/20
                        03/02
                        03/03
 24 HR TOTAL      1.5   02/29 TO 03/01

DEGREE_DAYS
HEATING TOTAL    1490              1654    -164
 SINCE 7/1       5967              7046   -1079
COOLING TOTAL      51                37      14
 SINCE 1/1         51                37      14
.................................................

WIND (MPH)
AVERAGE WIND SPEED              10.9
HIGHEST WIND SPEED/DIRECTION    44/330    DATE  04/02
HIGHEST GUST SPEED/DIRECTION    56/300    DATE  04/02

SKY COVER
POSSIBLE SUNSHINE (PERCENT)   MM
AVERAGE SKY COVER           0.50
NUMBER OF DAYS FAIR           42
NUMBER OF DAYS PC             25
NUMBER OF DAYS CLOUDY         25

AVERAGE RH (PERCENT)     70

WEATHER CONDITIONS. NUMBER OF DAYS WITH
THUNDERSTORM             18     HAIL                       1
SLEET                     0     FOG                       48
FOG W/VIS <= 1/4 MILE     9     HAZE                      21

-  INDICATES NEGATIVE NUMBERS.
R  INDICATES RECORD WAS SET OR TIED.
MM INDICATES DATA IS MISSING.
T  INDICATES TRACE AMOUNT.

$$
