000
CXUS53 KEAX 032239
CLSDMO

CLIMATE REPORT
NATIONAL WEATHER SERVICE KANSAS CITY/PLEASANT HILL MO
527 PM CDT WED JUN 3 2015

...................................

...THE SEDALIA CLIMATE SUMMARY FOR THE SEASON, FROM
3/1/2015 TO 5/31/2015...

CLIMATE NORMAL PERIOD 1981 TO 2010
CLIMATE RECORD PERIOD 9999 TO 9999

WEATHER         OBSERVED          NORMAL  DEPART  LAST YEAR`S
                 VALUE   DATE(S)  VALUE   FROM    VALUE  DATE(S)
                                          NORMAL
................................................................
TEMPERATURE (F)
HIGHEST            84   04/08        87      -3       90  05/06
LOWEST             13   03/05        15      -2       -1  03/03
                        03/02
AVG. MAXIMUM     67.8              66.6     1.2     66.6
AVG. MINIMUM     47.3              45.8     1.5     43.7
MEAN             57.5              56.2     1.3     55.2
DAYS MAX >= 90      0               0.4    -0.4        1
DAYS MAX <= 32      2               0.9     1.1        2
DAYS MIN <= 32      7              21.6   -14.6       20
DAYS MIN <= 0       0               0.0     0.0        1

PRECIPITATION (INCHES)
TOTALS          11.35             11.55   -0.20    10.43
DAILY AVG.       0.13              0.13    0.00     0.12
DAYS >= .01        43              31.5    11.5       29
DAYS >= .10        25              20.0     5.0       13
DAYS >= .50         7               7.9    -0.9        8
DAYS >= 1.00        2               3.0    -1.0        2
GREATEST
 24 HR. TOTAL    1.42   MM

DEGREE_DAYS
HEATING TOTAL     792               948    -156     1082
COOLING TOTAL     127               140     -13      195
.................................................................

WIND (MPH)
AVERAGE WIND SPEED              9.2
HIGHEST WIND SPEED/DIRECTION    36/150    DATE  04/12
HIGHEST GUST SPEED/DIRECTION    52/210    DATE  05/08

SKY COVER
POSSIBLE SUNSHINE (PERCENT)    0
AVERAGE SKY COVER           0.40
NUMBER OF DAYS FAIR           49
NUMBER OF DAYS PC             29
NUMBER OF DAYS CLOUDY         14

AVERAGE RH (PERCENT)     64

WEATHER CONDITIONS. NUMBER OF DAYS WITH
THUNDERSTORM              0     MIXED PRECIP               0
HEAVY RAIN               14     RAIN                      15
LIGHT RAIN               44     FREEZING RAIN              0
LT FREEZING RAIN          0     HAIL                       0
HEAVY SNOW                0     SNOW                       1
LIGHT SNOW                6     SLEET                      0
FOG                      41     FOG W/VIS <= 1/4 MILE      5
HAZE                     17

-  INDICATES NEGATIVE NUMBERS.
R  INDICATES RECORD WAS SET OR TIED.
MM INDICATES DATA IS MISSING.
T  INDICATES TRACE AMOUNT.

$$
